000
CDUS43 KGLD 160740
CLIMCK

CLIMATE REPORT
NATIONAL WEATHER SERVICE GOODLAND
137 AM MDT WED JUL 16 2014

...................................

...THE MCCOOK NE CLIMATE SUMMARY FOR JULY 15 2014...

CLIMATE NORMAL PERIOD 1981 TO 2010
CLIMATE RECORD PERIOD 1896 TO 2014

WEATHER ITEM   OBSERVED TIME   RECORD YEAR NORMAL DEPARTURE LAST
                VALUE   (LST)  VALUE       VALUE  FROM      YEAR
                                                  NORMAL
..................................................................
TEMPERATURE (F)
 YESTERDAY
  MAXIMUM         78    459 PM 112    1925  90    -12       88
  MINIMUM         47R   510 AM  50    1990  62    -15       63
  AVERAGE         63                        76    -13       76

PRECIPITATION (IN)
  YESTERDAY        0.00                      0.10  -0.10     0.00
  MONTH TO DATE    0.97                      1.60  -0.63     1.31
  SINCE JUN 1      9.02                      4.98   4.04     2.41
  SINCE JAN 1     13.98                     12.92   1.06     7.30

..................................................................

THE MCCOOK NE CLIMATE NORMALS FOR TODAY
                         NORMAL    RECORD    YEAR
 MAXIMUM TEMPERATURE (F)   90       110      2006
 MINIMUM TEMPERATURE (F)   62        50      1917

-  INDICATES NEGATIVE NUMBERS.
R  INDICATES RECORD WAS SET OR TIED.
MM INDICATES DATA IS MISSING.
T  INDICATES TRACE AMOUNT.

$$
