000
CDUS43 KGLD 150739 RRA
CLIMCK

CLIMATE REPORT
NATIONAL WEATHER SERVICE GOODLAND
136 AM MDT SAT AUG 15 2015

...................................

...THE MCCOOK NE CLIMATE SUMMARY FOR AUGUST 14 2015...

CLIMATE NORMAL PERIOD 1981 TO 2010
CLIMATE RECORD PERIOD 1896 TO 2015


WEATHER ITEM   OBSERVED TIME   RECORD YEAR NORMAL DEPARTURE LAST
                VALUE   (LST)  VALUE       VALUE  FROM      YEAR
                                                  NORMAL
..................................................................
TEMPERATURE (F)
 YESTERDAY
  MAXIMUM         91    332 PM 106    1937  88      3       93
  MINIMUM         66    619 AM  44    1920  61      5       66
  AVERAGE         79                        74      5       80

PRECIPITATION (IN)
  YESTERDAY        0.00                      0.11  -0.11     0.00
  MONTH TO DATE    2.37                      1.64   0.73     1.69
  SINCE JUN 1      8.81                      8.27   0.54    11.86
  SINCE JAN 1     14.97                     16.21  -1.24    16.82

..................................................................


THE MCCOOK NE CLIMATE NORMALS FOR TODAY
                         NORMAL    RECORD    YEAR
 MAXIMUM TEMPERATURE (F)   88       108      1936
 MINIMUM TEMPERATURE (F)   61        51      2004
                                             1992

-  INDICATES NEGATIVE NUMBERS.
R  INDICATES RECORD WAS SET OR TIED.
MM INDICATES DATA IS MISSING.
T  INDICATES TRACE AMOUNT.



$$
