000
CDUS43 KGLD 160044
CLIMCK

CLIMATE REPORT
NATIONAL WEATHER SERVICE GOODLAND
539 PM MST SUN FEB 15 2015


...................................

...THE MCCOOK NE CLIMATE SUMMARY FOR FEBRUARY 15 2015...
VALID TODAY AS OF 0500 PM LOCAL TIME.

CLIMATE NORMAL PERIOD 1981 TO 2010
CLIMATE RECORD PERIOD 1896 TO 2015


WEATHER ITEM   OBSERVED TIME   RECORD YEAR NORMAL DEPARTURE LAST
                VALUE   (LST)  VALUE       VALUE  FROM      YEAR
                                                  NORMAL
..................................................................
TEMPERATURE (F)
 TODAY
  MAXIMUM         29    459 PM  69    2011  44    -15       53
  MINIMUM         18    647 AM -22    1909  17      1       32
  AVERAGE         24                        31     -7       43

PRECIPITATION (IN)
  TODAY            0.00                      0.02  -0.02     0.00
  MONTH TO DATE    0.01                      0.29  -0.28     0.10
  SINCE DEC 1      1.42                      1.44  -0.02     0.52
  SINCE JAN 1      0.13                      0.80  -0.67     0.30

..................................................................

THE MCCOOK NE CLIMATE NORMALS FOR TOMORROW
                         NORMAL    RECORD    YEAR
 MAXIMUM TEMPERATURE (F)   45        74      2011
 MINIMUM TEMPERATURE (F)   17        -7      1978



-  INDICATES NEGATIVE NUMBERS.
R  INDICATES RECORD WAS SET OR TIED.
MM INDICATES DATA IS MISSING.
T  INDICATES TRACE AMOUNT.




$$
