041
CDUS43 KGLD 280811
CLIMCK

CLIMATE REPORT
NATIONAL WEATHER SERVICE GOODLAND
106 AM MST THU JAN 28 2016

...................................

...THE MCCOOK NE CLIMATE SUMMARY FOR JANUARY 27 2016...

CLIMATE NORMAL PERIOD 1981 TO 2010
CLIMATE RECORD PERIOD 1896 TO 2016


WEATHER ITEM   OBSERVED TIME   RECORD YEAR NORMAL DEPARTURE LAST
                VALUE   (LST)  VALUE       VALUE  FROM      YEAR
                                                  NORMAL
..................................................................
TEMPERATURE (F)
 YESTERDAY
  MAXIMUM         59    400 PM  75    2015  41     18       75
  MINIMUM         18    420 AM -18    1963  14      4       30
  AVERAGE         39                        28     11       53

PRECIPITATION (IN)
  YESTERDAY        0.00                      0.02  -0.02     0.00
  MONTH TO DATE    0.02                      0.44  -0.42     0.01
  SINCE DEC 1      0.18                      1.08  -0.90     1.30
  SINCE JAN 1      0.02                      0.44  -0.42     0.01

..................................................................


THE MCCOOK NE CLIMATE NORMALS FOR TODAY
                         NORMAL    RECORD    YEAR
 MAXIMUM TEMPERATURE (F)   41        70      2015
 MINIMUM TEMPERATURE (F)   14       -10      1918



-  INDICATES NEGATIVE NUMBERS.
R  INDICATES RECORD WAS SET OR TIED.
MM INDICATES DATA IS MISSING.
T  INDICATES TRACE AMOUNT.




$$
