000
CDUS43 KGLD 090745
CLIMCK

CLIMATE REPORT
NATIONAL WEATHER SERVICE GOODLAND
139 AM MDT SAT AUG 9 2014


...................................

...THE MCCOOK NE CLIMATE SUMMARY FOR AUGUST 8 2014...

CLIMATE NORMAL PERIOD 1981 TO 2010
CLIMATE RECORD PERIOD 1896 TO 2014


WEATHER ITEM   OBSERVED TIME   RECORD YEAR NORMAL DEPARTURE LAST
                VALUE   (LST)  VALUE       VALUE  FROM      YEAR
                                                  NORMAL
..................................................................
TEMPERATURE (F)
 YESTERDAY
  MAXIMUM         89    503 PM 108    2000  89      0       81
  MINIMUM         61    606 AM  49    1939  62     -1       63
  AVERAGE         75                        75      0       72

PRECIPITATION (IN)
  YESTERDAY        0.30                      0.11   0.19     0.22
  MONTH TO DATE    0.93                      0.97  -0.04     0.60
  SINCE JUN 1     11.10                      7.60   3.50     3.39
  SINCE JAN 1     16.06                     15.54   0.52     8.28

..................................................................

THE MCCOOK NE CLIMATE NORMALS FOR TODAY
                         NORMAL    RECORD    YEAR
 MAXIMUM TEMPERATURE (F)   88       109      1969
 MINIMUM TEMPERATURE (F)   61        50      1932



-  INDICATES NEGATIVE NUMBERS.
R  INDICATES RECORD WAS SET OR TIED.
MM INDICATES DATA IS MISSING.
T  INDICATES TRACE AMOUNT.




$$
