000
CDUS43 KGLD 090043
CLIMCK

CLIMATE REPORT
NATIONAL WEATHER SERVICE GOODLAND
536 PM MST SAT NOV 8 2014


...................................

...THE MCCOOK NE CLIMATE SUMMARY FOR NOVEMBER 8 2014...
VALID TODAY AS OF 0500 PM LOCAL TIME.

CLIMATE NORMAL PERIOD 1981 TO 2010
CLIMATE RECORD PERIOD 1896 TO 2014


WEATHER ITEM   OBSERVED TIME   RECORD YEAR NORMAL DEPARTURE LAST
                VALUE   (LST)  VALUE       VALUE  FROM      YEAR
                                                  NORMAL
..................................................................
TEMPERATURE (F)
 TODAY
  MAXIMUM         64    402 PM  86    2006  57      7       71
  MINIMUM         32    741 AM   8    1991  27      5       32
  AVERAGE         48                        42      6       52

PRECIPITATION (IN)
  TODAY            0.00                      0.03  -0.03     0.00
  MONTH TO DATE    T                         0.32  -0.32     0.48
  SINCE SEP 1      1.95                      3.55  -1.60     3.44
  SINCE JAN 1     22.90                     21.26   1.64    12.61

..................................................................


THE MCCOOK NE CLIMATE NORMALS FOR TOMORROW
                         NORMAL    RECORD    YEAR
 MAXIMUM TEMPERATURE (F)   56        79      1999
 MINIMUM TEMPERATURE (F)   27        13      1953


-  INDICATES NEGATIVE NUMBERS.
R  INDICATES RECORD WAS SET OR TIED.
MM INDICATES DATA IS MISSING.
T  INDICATES TRACE AMOUNT.


$$
