000
CDUS43 KGLD 110750
CLIMCK

CLIMATE REPORT
NATIONAL WEATHER SERVICE GOODLAND
147 AM MDT FRI JUL 11 2014

...................................

...THE MCCOOK NE CLIMATE SUMMARY FOR JULY 10 2014...

CLIMATE NORMAL PERIOD 1981 TO 2010
CLIMATE RECORD PERIOD 1896 TO 2014

WEATHER ITEM   OBSERVED TIME   RECORD YEAR NORMAL DEPARTURE LAST
                VALUE   (LST)  VALUE       VALUE  FROM      YEAR
                                                  NORMAL
..................................................................
TEMPERATURE (F)
 YESTERDAY
  MAXIMUM         90    323 PM 109    1954  90      0       90
  MINIMUM         64    330 AM  49    1924  62      2       69
  AVERAGE         77                        76      1       80

PRECIPITATION (IN)
  YESTERDAY        0.32                      0.12   0.20      T
  MONTH TO DATE    0.97                      1.07  -0.10     0.46
  SINCE JUN 1      9.02                      4.45   4.57     1.56
  SINCE JAN 1     13.98                     12.39   1.59     6.45

..................................................................

THE MCCOOK NE CLIMATE NORMALS FOR TODAY
                         NORMAL    RECORD    YEAR
 MAXIMUM TEMPERATURE (F)   90       110      1954
 MINIMUM TEMPERATURE (F)   62        52      1985

-  INDICATES NEGATIVE NUMBERS.
R  INDICATES RECORD WAS SET OR TIED.
MM INDICATES DATA IS MISSING.
T  INDICATES TRACE AMOUNT.

$$
