000
CDUS43 KGLD 270747
CLIMCK

CLIMATE REPORT
NATIONAL WEATHER SERVICE GOODLAND
1243 AM MST FRI JAN 27 2017


...................................

...THE MCCOOK NE CLIMATE SUMMARY FOR JANUARY 26 2017...

CLIMATE NORMAL PERIOD 1981 TO 2010
CLIMATE RECORD PERIOD 1896 TO 2017


WEATHER ITEM   OBSERVED TIME   RECORD YEAR NORMAL DEPARTURE LAST
                VALUE   (LST)  VALUE       VALUE  FROM      YEAR
                                                  NORMAL
..................................................................
TEMPERATURE (F)
 YESTERDAY
  MAXIMUM         41    316 PM  77    2002  41      0       48
  MINIMUM         13    804 AM -16    1950  14     -1       17
  AVERAGE         27                        28     -1       33

PRECIPITATION (IN)
  YESTERDAY        0.00                      0.01  -0.01     0.00
  MONTH TO DATE    0.70                      0.42   0.28     0.02
  SINCE DEC 1      1.13                      1.06   0.07     0.18
  SINCE JAN 1      0.70                      0.42   0.28     0.02

..................................................................


THE MCCOOK NE CLIMATE NORMALS FOR TODAY
                         NORMAL    RECORD    YEAR
 MAXIMUM TEMPERATURE (F)   41        75      2015
 MINIMUM TEMPERATURE (F)   14       -18      1963



-  INDICATES NEGATIVE NUMBERS.
R  INDICATES RECORD WAS SET OR TIED.
MM INDICATES DATA IS MISSING.
T  INDICATES TRACE AMOUNT.

$$
