000
CDUS43 KGLD 080045
CLIMCK

CLIMATE REPORT
NATIONAL WEATHER SERVICE GOODLAND
645 PM MDT THU AUG 7 2014

...................................

...THE MCCOOK NE CLIMATE SUMMARY FOR AUGUST 7 2014...
VALID TODAY AS OF 0600 PM LOCAL TIME.

CLIMATE NORMAL PERIOD 1981 TO 2010
CLIMATE RECORD PERIOD 1896 TO 2014

WEATHER ITEM   OBSERVED TIME   RECORD YEAR NORMAL DEPARTURE LAST
                VALUE   (LST)  VALUE       VALUE  FROM      YEAR
                                                  NORMAL
..................................................................
TEMPERATURE (F)
 TODAY
  MAXIMUM         87    459 PM 106    1970  89     -2       83
  MINIMUM         64    102 AM  51    1989  62      2       62
  AVERAGE         76                        75      1       73

PRECIPITATION (IN)
  TODAY            0.45                      0.12   0.33     0.38
  MONTH TO DATE    0.45                      0.86  -0.41     0.38
  SINCE JUN 1     10.62                      7.49   3.13     3.17
  SINCE JAN 1     15.58                     15.43   0.15     8.06

..................................................................

THE MCCOOK NE CLIMATE NORMALS FOR TOMORROW
                         NORMAL    RECORD    YEAR
 MAXIMUM TEMPERATURE (F)   89       108      2000
 MINIMUM TEMPERATURE (F)   62        49      1939

-  INDICATES NEGATIVE NUMBERS.
R  INDICATES RECORD WAS SET OR TIED.
MM INDICATES DATA IS MISSING.
T  INDICATES TRACE AMOUNT.

$$
