000
CDUS43 KGLD 100743
CLIMCK

CLIMATE REPORT
NATIONAL WEATHER SERVICE GOODLAND
138 AM MDT WED SEP 10 2014


...................................

...THE MCCOOK NE CLIMATE SUMMARY FOR SEPTEMBER 9 2014...

CLIMATE NORMAL PERIOD 1981 TO 2010
CLIMATE RECORD PERIOD 1896 TO 2014


WEATHER ITEM   OBSERVED TIME   RECORD YEAR NORMAL DEPARTURE LAST
                VALUE   (LST)  VALUE       VALUE  FROM      YEAR
                                                  NORMAL
..................................................................
TEMPERATURE (F)
 YESTERDAY
  MAXIMUM         81    347 PM 102    1955  82     -1       99
  MINIMUM         63    247 AM  38    1929  53     10       75
  AVERAGE         72                        67      5       87

PRECIPITATION (IN)
  YESTERDAY        0.06                      0.05   0.01     0.00
  MONTH TO DATE    0.48                      0.46   0.02     0.00
  SINCE SEP 1      0.48                      0.46   0.02     0.00
  SINCE JAN 1     21.43                     18.17   3.26     9.17

..................................................................


THE MCCOOK NE CLIMATE NORMALS FOR TODAY
                         NORMAL    RECORD    YEAR
 MAXIMUM TEMPERATURE (F)   82       101      1936
 MINIMUM TEMPERATURE (F)   52        33      1962


-  INDICATES NEGATIVE NUMBERS.
R  INDICATES RECORD WAS SET OR TIED.
MM INDICATES DATA IS MISSING.
T  INDICATES TRACE AMOUNT.

$$
