000
CDUS43 KGLD 240041
CLIMCK

CLIMATE REPORT
NATIONAL WEATHER SERVICE GOODLAND
537 PM MST FRI DEC 23 2016

...................................

...THE MCCOOK NE CLIMATE SUMMARY FOR DECEMBER 23 2016...
VALID TODAY AS OF 0500 PM LOCAL TIME.

CLIMATE NORMAL PERIOD 1981 TO 2010
CLIMATE RECORD PERIOD 1896 TO 2016


WEATHER ITEM   OBSERVED TIME   RECORD YEAR NORMAL DEPARTURE LAST
                VALUE   (LST)  VALUE       VALUE  FROM      YEAR
                                                  NORMAL
..................................................................
TEMPERATURE (F)
 TODAY
  MAXIMUM         50    220 PM  81    1964  40     10       46
  MINIMUM         32   1030 AM -27    1989  14     18       23
  AVERAGE         41                        27     14       35

PRECIPITATION (IN)
  TODAY            0.18                      0.02   0.16      T
  MONTH TO DATE    0.18                      0.49  -0.31     0.11
  SINCE DEC 1      0.18                      0.49  -0.31     0.11
  SINCE JAN 1     24.57                     22.38   2.19    20.56

..................................................................


THE MCCOOK NE CLIMATE NORMALS FOR TOMORROW
                         NORMAL    RECORD    YEAR
 MAXIMUM TEMPERATURE (F)   40        74      1955
 MINIMUM TEMPERATURE (F)   14       -19      1989

-  INDICATES NEGATIVE NUMBERS.
R  INDICATES RECORD WAS SET OR TIED.
MM INDICATES DATA IS MISSING.
T  INDICATES TRACE AMOUNT.


$$
