000
CDUS43 KGLD 100054
CLIMCK

CLIMATE REPORT
NATIONAL WEATHER SERVICE GOODLAND
650 PM MDT SAT APR 9 2016


...................................

...THE MCCOOK NE CLIMATE SUMMARY FOR APRIL 9 2016...
VALID TODAY AS OF 0600 PM LOCAL TIME.

CLIMATE NORMAL PERIOD 1981 TO 2010
CLIMATE RECORD PERIOD 1896 TO 2016


WEATHER ITEM   OBSERVED TIME   RECORD YEAR NORMAL DEPARTURE LAST
                VALUE   (LST)  VALUE       VALUE  FROM      YEAR
                                                  NORMAL
..................................................................
TEMPERATURE (F)
 TODAY
  MAXIMUM         77    352 PM  95    1930  62     15       50
  MINIMUM         28    637 AM  15    1982  32     -4       30
  AVERAGE         53                        47      6       40

PRECIPITATION (IN)
  TODAY            0.00                      0.07  -0.07     0.07
  MONTH TO DATE    T                         0.51  -0.51     0.41
  SINCE MAR 1      0.48                      1.87  -1.39     0.44
  SINCE JAN 1      1.49                      3.00  -1.51     0.78

..................................................................







THE MCCOOK NE CLIMATE NORMALS FOR TOMORROW
                         NORMAL    RECORD    YEAR
 MAXIMUM TEMPERATURE (F)   63        91      1930
 MINIMUM TEMPERATURE (F)   32        16      1973



-  INDICATES NEGATIVE NUMBERS.
R  INDICATES RECORD WAS SET OR TIED.
MM INDICATES DATA IS MISSING.
T  INDICATES TRACE AMOUNT.




$$
