292
CDUS43 KGLD 120051
CLIMCK

CLIMATE REPORT
NATIONAL WEATHER SERVICE GOODLAND
636 PM MDT MON JUL 11 2016
...................................

...THE MCCOOK NE CLIMATE SUMMARY FOR JULY 11 2016...
VALID TODAY AS OF 0600 PM LOCAL TIME.

CLIMATE NORMAL PERIOD 1981 TO 2010
CLIMATE RECORD PERIOD 1896 TO 2016

WEATHER ITEM   OBSERVED TIME   RECORD YEAR NORMAL DEPARTURE LAST
                VALUE   (LST)  VALUE       VALUE  FROM      YEAR
                                                  NORMAL
..................................................................
TEMPERATURE (F)
 TODAY
  MAXIMUM         93    423 PM 110    1954  90      3       91
  MINIMUM         74    620 AM  52    1985  62     12       64
  AVERAGE         84                        76      8       78

PRECIPITATION (IN)
  TODAY            0.00                      0.10  -0.10     0.00
  MONTH TO DATE    0.89                      1.17  -0.28     0.92
  SINCE JUN 1      3.74                      4.55  -0.81     5.44
  SINCE JAN 1     13.94                     12.49   1.45    11.60

..................................................................

THE MCCOOK NE CLIMATE NORMALS FOR TOMORROW
                         NORMAL    RECORD    YEAR
 MAXIMUM TEMPERATURE (F)   90       110      1939
 MINIMUM TEMPERATURE (F)   62        51      1922

-  INDICATES NEGATIVE NUMBERS.
R  INDICATES RECORD WAS SET OR TIED.
MM INDICATES DATA IS MISSING.
T  INDICATES TRACE AMOUNT.

$$
