000
CDUS43 KGLD 310039
CLIMCK

CLIMATE REPORT
NATIONAL WEATHER SERVICE GOODLAND
636 PM MDT SUN MAR 30 2014

...................................

...THE MCCOOK NE CLIMATE SUMMARY FOR MARCH 30 2014...
VALID TODAY AS OF 0600 PM LOCAL TIME.

CLIMATE NORMAL PERIOD 1981 TO 2010
CLIMATE RECORD PERIOD 1896 TO 2014

WEATHER ITEM   OBSERVED TIME   RECORD YEAR NORMAL DEPARTURE LAST
                VALUE   (LST)  VALUE       VALUE  FROM      YEAR
                                                  NORMAL
..................................................................
TEMPERATURE (F)
 TODAY
  MAXIMUM         72    452 PM  93    1943  59     13       70
  MINIMUM         40    421 AM   2    1987  28     12       40
  AVERAGE         56                        44     12       55

PRECIPITATION (IN)
  TODAY            0.00                      0.06  -0.06     0.03
  MONTH TO DATE    0.16                      1.31  -1.15     0.67
  SINCE MAR 1      0.16                      1.31  -1.15     0.67
  SINCE JAN 1      0.65                      2.44  -1.79     1.84

..................................................................

THE MCCOOK NE CLIMATE NORMALS FOR TOMORROW
                         NORMAL    RECORD    YEAR
 MAXIMUM TEMPERATURE (F)   59        91      1946
 MINIMUM TEMPERATURE (F)   29         6      1931

-  INDICATES NEGATIVE NUMBERS.
R  INDICATES RECORD WAS SET OR TIED.
MM INDICATES DATA IS MISSING.
T  INDICATES TRACE AMOUNT.

$$
