000
CDUS43 KGLD 240747 RRA
CLIMCK

CLIMATE REPORT
NATIONAL WEATHER SERVICE GOODLAND
1242 AM MST SUN JAN 24 2016

...................................

...THE MCCOOK NE CLIMATE SUMMARY FOR JANUARY 23 2016...

CLIMATE NORMAL PERIOD 1981 TO 2010
CLIMATE RECORD PERIOD 1896 TO 2016


WEATHER ITEM   OBSERVED TIME   RECORD YEAR NORMAL DEPARTURE LAST
                VALUE   (LST)  VALUE       VALUE  FROM      YEAR
                                                  NORMAL
..................................................................
TEMPERATURE (F)
 YESTERDAY
  MAXIMUM         51    442 PM  70    1931  41     10       57
  MINIMUM         26    700 AM -14    1915  14     12       20
  AVERAGE         39                        27     12       39

PRECIPITATION (IN)
  YESTERDAY        0.00                      0.02  -0.02     0.00
  MONTH TO DATE    0.02                      0.38  -0.36     0.01
  SINCE DEC 1      0.18                      1.02  -0.84     1.30
  SINCE JAN 1      0.02                      0.38  -0.36     0.01

..................................................................

THE MCCOOK NE CLIMATE NORMALS FOR TODAY
                         NORMAL    RECORD    YEAR
 MAXIMUM TEMPERATURE (F)   41        70      1981
 MINIMUM TEMPERATURE (F)   14       -14      1963



-  INDICATES NEGATIVE NUMBERS.
R  INDICATES RECORD WAS SET OR TIED.
MM INDICATES DATA IS MISSING.
T  INDICATES TRACE AMOUNT.




$$
