000
CDUS43 KGLD 050800
CLIMCK

CLIMATE REPORT
NATIONAL WEATHER SERVICE GOODLAND
1242 AM MST FRI DEC 5 2014

...................................

...THE MCCOOK NE CLIMATE SUMMARY FOR DECEMBER 4 2014...

CLIMATE NORMAL PERIOD 1981 TO 2010
CLIMATE RECORD PERIOD 1896 TO 2014

WEATHER ITEM   OBSERVED TIME   RECORD YEAR NORMAL DEPARTURE LAST
                VALUE   (LST)  VALUE       VALUE  FROM      YEAR
                                                  NORMAL
..................................................................
TEMPERATURE (F)
 YESTERDAY
  MAXIMUM         57    227 PM  75    1965  43     14       23
  MINIMUM         15    605 AM  -1    2011  17     -2       10
  AVERAGE         36                        30      6       17

PRECIPITATION (IN)
  YESTERDAY        0.00                      0.02  -0.02     0.00
  MONTH TO DATE    0.00                      0.09  -0.09     0.00
  SINCE DEC 1      0.00                      0.09  -0.09     0.00
  SINCE JAN 1     22.90                     21.98   0.92    12.61

..................................................................

THE MCCOOK NE CLIMATE NORMALS FOR TODAY
                         NORMAL    RECORD    YEAR
 MAXIMUM TEMPERATURE (F)   43        73      1918
 MINIMUM TEMPERATURE (F)   17       -10      1909

-  INDICATES NEGATIVE NUMBERS.
R  INDICATES RECORD WAS SET OR TIED.
MM INDICATES DATA IS MISSING.
T  INDICATES TRACE AMOUNT.

$$
