000
CDUS43 KGLD 210802
CLIMCK

CLIMATE REPORT
NATIONAL WEATHER SERVICE GOODLAND
155 AM MDT TUE OCT 21 2014

...................................

...THE MCCOOK NE CLIMATE SUMMARY FOR OCTOBER 20 2014...

CLIMATE NORMAL PERIOD 1981 TO 2010
CLIMATE RECORD PERIOD 1896 TO 2014


WEATHER ITEM   OBSERVED TIME   RECORD YEAR NORMAL DEPARTURE LAST
                VALUE   (LST)  VALUE       VALUE  FROM      YEAR
                                                  NORMAL
..................................................................
TEMPERATURE (F)
 YESTERDAY
  MAXIMUM         79    352 PM  86    1927  65     14       62
  MINIMUM         38    722 AM  15    1916  35      3       33
  AVERAGE         59                        50      9       48

PRECIPITATION (IN)
  YESTERDAY        0.00                      0.06  -0.06     0.00
  MONTH TO DATE    0.27                      1.21  -0.94     0.58
  SINCE SEP 1      1.95                      2.65  -0.70     2.93
  SINCE JAN 1     22.90                     20.36   2.54    12.10

..................................................................

THE MCCOOK NE CLIMATE NORMALS FOR TODAY
                         NORMAL    RECORD    YEAR
 MAXIMUM TEMPERATURE (F)   65        91      2003
 MINIMUM TEMPERATURE (F)   34        19      1987



-  INDICATES NEGATIVE NUMBERS.
R  INDICATES RECORD WAS SET OR TIED.
MM INDICATES DATA IS MISSING.
T  INDICATES TRACE AMOUNT.

$$
