000
CDUS43 KGLD 190939 RRB
CLIMCK

CLIMATE REPORT
NATIONAL WEATHER SERVICE GOODLAND
236 AM MST SUN NOV 19 2017
...................................

...THE MCCOOK NE CLIMATE SUMMARY FOR NOVEMBER 18 2017...

CLIMATE NORMAL PERIOD 1981 TO 2010
CLIMATE RECORD PERIOD 1896 TO 2017

WEATHER ITEM   OBSERVED TIME   RECORD YEAR NORMAL DEPARTURE LAST
                VALUE   (LST)  VALUE       VALUE  FROM      YEAR
                                                  NORMAL
..................................................................
TEMPERATURE (F)
 YESTERDAY
  MAXIMUM         50    255 PM  75    1981  51     -1       37
  MINIMUM         26   1159 PM  -1    1909  23      3       18
  AVERAGE         38                        37      1       28

PRECIPITATION (IN)
  YESTERDAY        0.12                      0.02   0.10     0.01
  MONTH TO DATE    0.16                      0.62  -0.46     0.11
  SINCE SEP 1      4.29                      3.85   0.44     5.88
  SINCE JAN 1     18.40                     21.56  -3.16    24.01

..................................................................

THE MCCOOK NE CLIMATE NORMALS FOR TODAY
                         NORMAL    RECORD    YEAR
 MAXIMUM TEMPERATURE (F)   50        80      2007
 MINIMUM TEMPERATURE (F)   23         5      1937

-  INDICATES NEGATIVE NUMBERS.
R  INDICATES RECORD WAS SET OR TIED.
MM INDICATES DATA IS MISSING.
T  INDICATES TRACE AMOUNT.

$$
