000
CDUS43 KGLD 290742
CLIMCK

CLIMATE REPORT
NATIONAL WEATHER SERVICE GOODLAND
137 AM MDT FRI AUG 29 2014

...................................

...THE MCCOOK NE CLIMATE SUMMARY FOR AUGUST 28 2014...

CLIMATE NORMAL PERIOD 1981 TO 2010
CLIMATE RECORD PERIOD 1896 TO 2014

WEATHER ITEM   OBSERVED TIME   RECORD YEAR NORMAL DEPARTURE LAST
                VALUE   (LST)  VALUE       VALUE  FROM      YEAR
                                                  NORMAL
..................................................................
TEMPERATURE (F)
 YESTERDAY
  MAXIMUM         84    507 PM 104    1970  86     -2       98
  MINIMUM         61    638 AM  39    1911  57      4       60
  AVERAGE         73                        72      1       79

PRECIPITATION (IN)
  YESTERDAY        0.37                      0.07   0.30     0.00
  MONTH TO DATE    5.82                      2.92   2.90     1.04
  SINCE JUN 1     15.99                      9.55   6.44     3.83
  SINCE JAN 1     20.95                     17.49   3.46     8.72

..................................................................

THE MCCOOK NE CLIMATE NORMALS FOR TODAY
                         NORMAL    RECORD    YEAR
 MAXIMUM TEMPERATURE (F)   86       105      2013
 MINIMUM TEMPERATURE (F)   57        40      1909

-  INDICATES NEGATIVE NUMBERS.
R  INDICATES RECORD WAS SET OR TIED.
MM INDICATES DATA IS MISSING.
T  INDICATES TRACE AMOUNT.

$$
