000
CDUS43 KGLD 090755
CLIMCK

CLIMATE REPORT
NATIONAL WEATHER SERVICE GOODLAND
153 AM MDT WED JUL 9 2014

...................................

...THE MCCOOK NE CLIMATE SUMMARY FOR JULY 8 2014...

CLIMATE NORMAL PERIOD 1981 TO 2010
CLIMATE RECORD PERIOD 1896 TO 2014

WEATHER ITEM   OBSERVED TIME   RECORD YEAR NORMAL DEPARTURE LAST
                VALUE   (LST)  VALUE       VALUE  FROM      YEAR
                                                  NORMAL
..................................................................
TEMPERATURE (F)
 YESTERDAY
  MAXIMUM         85    456 PM 106    1980  90     -5      102
  MINIMUM         62    535 AM  48    1952  62      0       68
  AVERAGE         74                        76     -2       85

PRECIPITATION (IN)
  YESTERDAY        0.00                      0.11  -0.11     0.32
  MONTH TO DATE    0.43                      0.84  -0.41     0.45
  SINCE JUN 1      8.48                      4.22   4.26     1.55
  SINCE JAN 1     13.44                     12.16   1.28     6.44

..................................................................

THE MCCOOK NE CLIMATE NORMALS FOR TODAY
                         NORMAL    RECORD    YEAR
 MAXIMUM TEMPERATURE (F)   90       105      2002
                                             2000
 MINIMUM TEMPERATURE (F)   62        46      1969

-  INDICATES NEGATIVE NUMBERS.
R  INDICATES RECORD WAS SET OR TIED.
MM INDICATES DATA IS MISSING.
T  INDICATES TRACE AMOUNT.

$$
