000
CDUS43 KGLD 270756
CLIMCK

CLIMATE REPORT
NATIONAL WEATHER SERVICE GOODLAND
151 AM MDT SAT MAY 27 2017

...................................

...THE MCCOOK NE CLIMATE SUMMARY FOR MAY 26 2017...

CLIMATE NORMAL PERIOD 1981 TO 2010
CLIMATE RECORD PERIOD 1896 TO 2017


WEATHER ITEM   OBSERVED TIME   RECORD YEAR NORMAL DEPARTURE LAST
                VALUE   (LST)  VALUE       VALUE  FROM      YEAR
                                                  NORMAL
..................................................................
TEMPERATURE (F)
 YESTERDAY
  MAXIMUM         78    412 PM 102    2012  76      2       78
  MINIMUM         55    716 AM  35    1992  49      6       48
  AVERAGE         67                        63      4       63

PRECIPITATION (IN)
  YESTERDAY        0.45                      0.11   0.34     0.42
  MONTH TO DATE    3.33                      2.55   0.78     1.62
  SINCE MAR 1      7.11                      6.22   0.89     8.20
  SINCE JAN 1      7.81                      7.35   0.46     9.21

..................................................................


THE MCCOOK NE CLIMATE NORMALS FOR TODAY
                         NORMAL    RECORD    YEAR
 MAXIMUM TEMPERATURE (F)   77       103      2006
 MINIMUM TEMPERATURE (F)   50        35      1992


-  INDICATES NEGATIVE NUMBERS.
R  INDICATES RECORD WAS SET OR TIED.
MM INDICATES DATA IS MISSING.
T  INDICATES TRACE AMOUNT.


$$
