000
CDUS43 KGLD 100744 RRA
CLIMCK

CLIMATE REPORT
NATIONAL WEATHER SERVICE GOODLAND
139 AM MDT SUN MAY 10 2015
...................................

...THE MCCOOK NE CLIMATE SUMMARY FOR MAY 9 2015...

CLIMATE NORMAL PERIOD 1981 TO 2010
CLIMATE RECORD PERIOD 1896 TO 2015

WEATHER ITEM   OBSERVED TIME   RECORD YEAR NORMAL DEPARTURE LAST
                VALUE   (LST)  VALUE       VALUE  FROM      YEAR
                                                  NORMAL
..................................................................
TEMPERATURE (F)
 YESTERDAY
  MAXIMUM         62   1002 PM  97    1916  72    -10       78
  MINIMUM          1R  1159 PM  26    1909  44    -43       31
  AVERAGE         32                        58    -26       55

PRECIPITATION (IN)
  YESTERDAY        0.41                      0.09   0.32     0.00
  MONTH TO DATE    0.79                      0.85  -0.06      T
  SINCE MAR 1      2.77                      4.52  -1.75     1.37
  SINCE JAN 1      3.11                      5.65  -2.54     1.86

..................................................................

THE MCCOOK NE CLIMATE NORMALS FOR TODAY
                         NORMAL    RECORD    YEAR
 MAXIMUM TEMPERATURE (F)   72        94      1962
 MINIMUM TEMPERATURE (F)   44        28      1981

-  INDICATES NEGATIVE NUMBERS.
R  INDICATES RECORD WAS SET OR TIED.
MM INDICATES DATA IS MISSING.
T  INDICATES TRACE AMOUNT.

$$
