144
CDUS43 KGLD 060740 RRA
CLIMCK

CLIMATE REPORT
NATIONAL WEATHER SERVICE GOODLAND
137 AM MDT FRI OCT 6 2017

...................................

...THE MCCOOK NE CLIMATE SUMMARY FOR OCTOBER 5 2017...

CLIMATE NORMAL PERIOD 1981 TO 2010
CLIMATE RECORD PERIOD 1896 TO 2017


WEATHER ITEM   OBSERVED TIME   RECORD YEAR NORMAL DEPARTURE LAST
                VALUE   (LST)  VALUE       VALUE  FROM      YEAR
                                                  NORMAL
..................................................................
TEMPERATURE (F)
 YESTERDAY
  MAXIMUM         66    358 PM  97    2007  71     -5       75
  MINIMUM         56    254 AM  27    1964  40     16       36
  AVERAGE         61                        56      5       56

PRECIPITATION (IN)
  YESTERDAY        0.01                      0.05  -0.04     0.00
  MONTH TO DATE    0.59                      0.29   0.30     0.00
  SINCE SEP 1      3.67                      1.73   1.94     5.63
  SINCE JAN 1     17.78                     19.44  -1.66    23.76

..................................................................

THE MCCOOK NE CLIMATE NORMALS FOR TODAY
                         NORMAL    RECORD    YEAR
 MAXIMUM TEMPERATURE (F)   70        92      2007
                                             1990
 MINIMUM TEMPERATURE (F)   40        26      1985



-  INDICATES NEGATIVE NUMBERS.
R  INDICATES RECORD WAS SET OR TIED.
MM INDICATES DATA IS MISSING.
T  INDICATES TRACE AMOUNT.

$$
