000
CDUS43 KGLD 040041 RRA
CLIMCK

CLIMATE REPORT
NATIONAL WEATHER SERVICE GOODLAND
638 PM MDT WED AUG 3 2016
...................................

...THE MCCOOK NE CLIMATE SUMMARY FOR AUGUST 3 2016...
VALID TODAY AS OF 0600 PM LOCAL TIME.

CLIMATE NORMAL PERIOD 1981 TO 2010
CLIMATE RECORD PERIOD 1896 TO 2016

WEATHER ITEM   OBSERVED TIME   RECORD YEAR NORMAL DEPARTURE LAST
                VALUE   (LST)  VALUE       VALUE  FROM      YEAR
                                                  NORMAL
..................................................................
TEMPERATURE (F)
 TODAY
  MAXIMUM         99    343 PM 111    1930  89     10       91
  MINIMUM         70    302 AM  49    1915  62      8       60
  AVERAGE         85                        75     10       76

PRECIPITATION (IN)
  TODAY            0.00                      0.13  -0.13     0.00
  MONTH TO DATE    0.00                      0.37  -0.37      T
  SINCE JUN 1      5.23                      7.00  -1.77     6.44
  SINCE JAN 1     15.43                     14.94   0.49    12.60

..................................................................

THE MCCOOK NE CLIMATE NORMALS FOR TOMORROW
                         NORMAL    RECORD    YEAR
 MAXIMUM TEMPERATURE (F)   89       106      1961
 MINIMUM TEMPERATURE (F)   62        46      1974

-  INDICATES NEGATIVE NUMBERS.
R  INDICATES RECORD WAS SET OR TIED.
MM INDICATES DATA IS MISSING.
T  INDICATES TRACE AMOUNT.

$$
