000
CDUS43 KGLD 090039 RRA
CLIMCK

CLIMATE REPORT
NATIONAL WEATHER SERVICE GOODLAND
535 PM MST TUE NOV 8 2016
...................................

...THE MCCOOK NE CLIMATE SUMMARY FOR NOVEMBER 8 2016...
VALID TODAY AS OF 0500 PM LOCAL TIME.

CLIMATE NORMAL PERIOD 1981 TO 2010
CLIMATE RECORD PERIOD 1896 TO 2016

WEATHER ITEM   OBSERVED TIME   RECORD YEAR NORMAL DEPARTURE LAST
                VALUE   (LST)  VALUE       VALUE  FROM      YEAR
                                                  NORMAL
..................................................................
TEMPERATURE (F)
 TODAY
  MAXIMUM         62    343 PM  86    2006  57      5       64
  MINIMUM         28    719 AM   8    1991  27      1       35
  AVERAGE         45                        42      3       50

PRECIPITATION (IN)
  TODAY            0.00                      0.03  -0.03     0.00
  MONTH TO DATE    0.02                      0.32  -0.30     0.16
  SINCE SEP 1      5.79                      3.55   2.24     2.74
  SINCE JAN 1     23.92                     21.26   2.66    17.82

..................................................................

THE MCCOOK NE CLIMATE NORMALS FOR TOMORROW
                         NORMAL    RECORD    YEAR
 MAXIMUM TEMPERATURE (F)   56        79      1999
 MINIMUM TEMPERATURE (F)   27        13      1953

-  INDICATES NEGATIVE NUMBERS.
R  INDICATES RECORD WAS SET OR TIED.
MM INDICATES DATA IS MISSING.
T  INDICATES TRACE AMOUNT.

$$
