000
CDUS43 KGLD 100045 RRA
CLIMCK

CLIMATE REPORT
NATIONAL WEATHER SERVICE GOODLAND
642 PM MDT THU OCT 9 2014

...................................

...THE MCCOOK NE CLIMATE SUMMARY FOR OCTOBER 9 2014...
VALID TODAY AS OF 0600 PM LOCAL TIME.

CLIMATE NORMAL PERIOD 1981 TO 2010
CLIMATE RECORD PERIOD 1896 TO 2014

WEATHER ITEM   OBSERVED TIME   RECORD YEAR NORMAL DEPARTURE LAST
                VALUE   (LST)  VALUE       VALUE  FROM      YEAR
                                                  NORMAL
..................................................................
TEMPERATURE (F)
 TODAY
  MAXIMUM         67   1256 PM  98    1928  69     -2       78
  MINIMUM         45    542 AM  20    1952  39      6       49
  AVERAGE         56                        54      2       64

PRECIPITATION (IN)
  TODAY            0.00                      0.06  -0.06     0.00
  MONTH TO DATE    0.18                      0.52  -0.34      T
  SINCE SEP 1      1.86                      1.96  -0.10     2.35
  SINCE JAN 1     22.81                     19.67   3.14    11.52

..................................................................

THE MCCOOK NE CLIMATE NORMALS FOR TOMORROW
                         NORMAL    RECORD    YEAR
 MAXIMUM TEMPERATURE (F)   69        95      1928
 MINIMUM TEMPERATURE (F)   38        22      2009

-  INDICATES NEGATIVE NUMBERS.
R  INDICATES RECORD WAS SET OR TIED.
MM INDICATES DATA IS MISSING.
T  INDICATES TRACE AMOUNT.

$$
