000
CDUS43 KGLD 120047 RRA
CLIMCK

CLIMATE REPORT
NATIONAL WEATHER SERVICE GOODLAND
537 PM MST SUN JAN 11 2015

...................................

...THE MCCOOK NE CLIMATE SUMMARY FOR JANUARY 11 2015...
VALID TODAY AS OF 0500 PM LOCAL TIME.

CLIMATE NORMAL PERIOD 1981 TO 2010
CLIMATE RECORD PERIOD 1896 TO 2015

WEATHER ITEM   OBSERVED TIME   RECORD YEAR NORMAL DEPARTURE LAST
                VALUE   (LST)  VALUE       VALUE  FROM      YEAR
                                                  NORMAL
..................................................................
TEMPERATURE (F)
 TODAY
  MAXIMUM         39    426 PM  72    2006  40     -1       56
  MINIMUM         14    655 AM -26    1918  14      0       27
  AVERAGE         27                        27      0       42

PRECIPITATION (IN)
  TODAY            0.00                      0.01  -0.01     0.00
  MONTH TO DATE    0.01                      0.19  -0.18     0.01
  SINCE DEC 1      1.30                      0.83   0.47     0.23
  SINCE JAN 1      0.01                      0.19  -0.18     0.01

..................................................................

THE MCCOOK NE CLIMATE NORMALS FOR TOMORROW
                         NORMAL    RECORD    YEAR
 MAXIMUM TEMPERATURE (F)   40        66      1953
 MINIMUM TEMPERATURE (F)   14       -30      1912

-  INDICATES NEGATIVE NUMBERS.
R  INDICATES RECORD WAS SET OR TIED.
MM INDICATES DATA IS MISSING.
T  INDICATES TRACE AMOUNT.

$$
