000
CDUS43 KGLD 110757
CLIMCK

CLIMATE REPORT
NATIONAL WEATHER SERVICE GOODLAND
1249 AM MST THU DEC 11 2014


...................................

...THE MCCOOK NE CLIMATE SUMMARY FOR DECEMBER 10 2014...

CLIMATE NORMAL PERIOD 1981 TO 2010
CLIMATE RECORD PERIOD 1896 TO 2014


WEATHER ITEM   OBSERVED TIME   RECORD YEAR NORMAL DEPARTURE LAST
                VALUE   (LST)  VALUE       VALUE  FROM      YEAR
                                                  NORMAL
..................................................................
TEMPERATURE (F)
 YESTERDAY
  MAXIMUM         50    336 PM  67    1957  41      9       35
  MINIMUM         12    759 AM -25    1919  16     -4        7
  AVERAGE         31                        28      3       21

PRECIPITATION (IN)
  YESTERDAY        0.00                      0.02  -0.02     0.00
  MONTH TO DATE    0.00                      0.22  -0.22     0.08
  SINCE DEC 1      0.00                      0.22  -0.22     0.08
  SINCE JAN 1     22.90                     22.11   0.79    12.69

..................................................................

THE MCCOOK NE CLIMATE NORMALS FOR TODAY
                         NORMAL    RECORD    YEAR
 MAXIMUM TEMPERATURE (F)   41        66      2004
                                             1990
 MINIMUM TEMPERATURE (F)   15       -20      1932



-  INDICATES NEGATIVE NUMBERS.
R  INDICATES RECORD WAS SET OR TIED.
MM INDICATES DATA IS MISSING.
T  INDICATES TRACE AMOUNT.

$$
