000
CDUS43 KGLD 280041 RRA
CLIMCK

CLIMATE REPORT
NATIONAL WEATHER SERVICE GOODLAND
637 PM MDT THU AUG 27 2015

...................................

...THE MCCOOK NE CLIMATE SUMMARY FOR AUGUST 27 2015...
VALID TODAY AS OF 0600 PM LOCAL TIME.

CLIMATE NORMAL PERIOD 1981 TO 2010
CLIMATE RECORD PERIOD 1896 TO 2015


WEATHER ITEM   OBSERVED TIME   RECORD YEAR NORMAL DEPARTURE LAST
                VALUE   (LST)  VALUE       VALUE  FROM      YEAR
                                                  NORMAL
..................................................................
TEMPERATURE (F)
 TODAY
  MAXIMUM         95    353 PM 105    1960  86      9       80
  MINIMUM         66    637 AM  40    1922  58      8       65
  AVERAGE         81                        72      9       73

PRECIPITATION (IN)
  TODAY            0.00                      0.08  -0.08     1.04
  MONTH TO DATE    2.48                      2.85  -0.37     5.45
  SINCE JUN 1      8.92                      9.48  -0.56    15.62
  SINCE JAN 1     15.08                     17.42  -2.34    20.58

..................................................................


THE MCCOOK NE CLIMATE NORMALS FOR TOMORROW
                         NORMAL    RECORD    YEAR
 MAXIMUM TEMPERATURE (F)   86       104      1970
 MINIMUM TEMPERATURE (F)   57        39      1911



-  INDICATES NEGATIVE NUMBERS.
R  INDICATES RECORD WAS SET OR TIED.
MM INDICATES DATA IS MISSING.
T  INDICATES TRACE AMOUNT.

$$
