000
CDUS43 KGLD 220045 RRA
CLIMCK

CLIMATE REPORT
NATIONAL WEATHER SERVICE GOODLAND
643 PM MDT THU JUL 21 2016

...................................

...THE MCCOOK NE CLIMATE SUMMARY FOR JULY 21 2016...
VALID TODAY AS OF 0600 PM LOCAL TIME.

CLIMATE NORMAL PERIOD 1981 TO 2010
CLIMATE RECORD PERIOD 1896 TO 2016


WEATHER ITEM   OBSERVED TIME   RECORD YEAR NORMAL DEPARTURE LAST
                VALUE   (LST)  VALUE       VALUE  FROM      YEAR
                                                  NORMAL
..................................................................
TEMPERATURE (F)
 TODAY
  MAXIMUM        103    457 PM 107    2012  90     13       88
  MINIMUM         69    520 AM  49    1915  62      7       58
  AVERAGE         86                        76     10       73

PRECIPITATION (IN)
  TODAY            0.00                      0.10  -0.10     0.00
  MONTH TO DATE    1.28                      2.20  -0.92     1.40
  SINCE JUN 1      4.13                      5.58  -1.45     5.92
  SINCE JAN 1     14.33                     13.52   0.81    12.08

..................................................................


THE MCCOOK NE CLIMATE NORMALS FOR TOMORROW
                         NORMAL    RECORD    YEAR
 MAXIMUM TEMPERATURE (F)   90       110      1931
 MINIMUM TEMPERATURE (F)   62        44      1909


-  INDICATES NEGATIVE NUMBERS.
R  INDICATES RECORD WAS SET OR TIED.
MM INDICATES DATA IS MISSING.
T  INDICATES TRACE AMOUNT.


$$
