000
CDUS43 KGLD 210040
CLIMCK

CLIMATE REPORT
NATIONAL WEATHER SERVICE GOODLAND
638 PM MDT SUN JUL 20 2014

...................................

...THE MCCOOK NE CLIMATE SUMMARY FOR JULY 20 2014...
VALID TODAY AS OF 0600 PM LOCAL TIME.

CLIMATE NORMAL PERIOD 1981 TO 2010
CLIMATE RECORD PERIOD 1896 TO 2014

WEATHER ITEM   OBSERVED TIME   RECORD YEAR NORMAL DEPARTURE LAST
                VALUE   (LST)  VALUE       VALUE  FROM      YEAR
                                                  NORMAL
..................................................................
TEMPERATURE (F)
 TODAY
  MAXIMUM        101    458 PM 114    1932  90     11       92
  MINIMUM         66    644 AM  51    1911  62      4       61
  AVERAGE         84                        76      8       77

PRECIPITATION (IN)
  TODAY            0.00                      0.10  -0.10     0.04
  MONTH TO DATE    1.72                      2.10  -0.38     1.35
  SINCE JUN 1      9.77                      5.48   4.29     2.45
  SINCE JAN 1     14.73                     13.42   1.31     7.34

..................................................................

THE MCCOOK NE CLIMATE NORMALS FOR TOMORROW
                         NORMAL    RECORD    YEAR
 MAXIMUM TEMPERATURE (F)   90       107      2012
 MINIMUM TEMPERATURE (F)   62        49      1915

-  INDICATES NEGATIVE NUMBERS.
R  INDICATES RECORD WAS SET OR TIED.
MM INDICATES DATA IS MISSING.
T  INDICATES TRACE AMOUNT.

$$
