000
CDUS43 KGLD 150741
CLIMCK

CLIMATE REPORT
NATIONAL WEATHER SERVICE GOODLAND
137 AM MDT MON SEP 15 2014

...................................

...THE MCCOOK NE CLIMATE SUMMARY FOR SEPTEMBER 14 2014...

CLIMATE NORMAL PERIOD 1981 TO 2010
CLIMATE RECORD PERIOD 1896 TO 2014

WEATHER ITEM   OBSERVED TIME   RECORD YEAR NORMAL DEPARTURE LAST
                VALUE   (LST)  VALUE       VALUE  FROM      YEAR
                                                  NORMAL
..................................................................
TEMPERATURE (F)
 YESTERDAY
  MAXIMUM         75    549 PM  99    1955  80     -5       80
  MINIMUM         39    643 AM  35    1989  50    -11       59
  AVERAGE         57                        65     -8       70

PRECIPITATION (IN)
  YESTERDAY        0.00                      0.04  -0.04     0.01
  MONTH TO DATE    0.48                      0.69  -0.21     0.57
  SINCE SEP 1      0.48                      0.69  -0.21     0.57
  SINCE JAN 1     21.43                     18.40   3.03     9.74

..................................................................

THE MCCOOK NE CLIMATE NORMALS FOR TODAY
                         NORMAL    RECORD    YEAR
 MAXIMUM TEMPERATURE (F)   80       100      1955
 MINIMUM TEMPERATURE (F)   50        30      1961

-  INDICATES NEGATIVE NUMBERS.
R  INDICATES RECORD WAS SET OR TIED.
MM INDICATES DATA IS MISSING.
T  INDICATES TRACE AMOUNT.

$$
