000
CDUS43 KGLD 140745
CLIMCK

CLIMATE REPORT
NATIONAL WEATHER SERVICE GOODLAND
141 AM MDT MON APR 14 2014

...................................

...THE MCCOOK NE CLIMATE SUMMARY FOR APRIL 13 2014...

CLIMATE NORMAL PERIOD 1981 TO 2010
CLIMATE RECORD PERIOD 1896 TO 2014


WEATHER ITEM   OBSERVED TIME   RECORD YEAR NORMAL DEPARTURE LAST
                VALUE   (LST)  VALUE       VALUE  FROM      YEAR
                                                  NORMAL
..................................................................
TEMPERATURE (F)
 YESTERDAY
  MAXIMUM         57   1242 AM  92    1936  64     -7       70
  MINIMUM         29    224 PM  16    1997  33     -4       25
  AVERAGE         43                        48     -5       48

PRECIPITATION (IN)
  YESTERDAY        0.59                      0.07   0.52     0.00
  MONTH TO DATE    0.78                      0.80  -0.02     0.76
  SINCE MAR 1      1.04                      2.16  -1.12     1.43
  SINCE JAN 1      1.53                      3.29  -1.76     2.60

..................................................................

THE MCCOOK NE CLIMATE NORMALS FOR TODAY
                         NORMAL    RECORD    YEAR
 MAXIMUM TEMPERATURE (F)   64        92      1940
 MINIMUM TEMPERATURE (F)   34        14      1928



-  INDICATES NEGATIVE NUMBERS.
R  INDICATES RECORD WAS SET OR TIED.
MM INDICATES DATA IS MISSING.
T  INDICATES TRACE AMOUNT.




$$
