000
CDUS43 KGLD 260057 RRA
CLIMCK

CLIMATE REPORT
NATIONAL WEATHER SERVICE GOODLAND
653 PM MDT SUN SEP 25 2016

...................................

...THE MCCOOK NE CLIMATE SUMMARY FOR SEPTEMBER 25 2016...
VALID TODAY AS OF 0600 PM LOCAL TIME.

CLIMATE NORMAL PERIOD 1981 TO 2010
CLIMATE RECORD PERIOD 1896 TO 2016

WEATHER ITEM   OBSERVED TIME   RECORD YEAR NORMAL DEPARTURE LAST
                VALUE   (LST)  VALUE       VALUE  FROM      YEAR
                                                  NORMAL
..................................................................
TEMPERATURE (F)
 TODAY
  MAXIMUM         75    152 PM 103    1998  75      0       73
  MINIMUM         47    647 AM  25    1926  45      2       57
  AVERAGE         61                        60      1       65

PRECIPITATION (IN)
  TODAY            0.00                      0.05  -0.05     0.00
  MONTH TO DATE    5.63                      1.20   4.43     1.06
  SINCE SEP 1      5.63                      1.20   4.43     1.06
  SINCE JAN 1     23.76                     18.91   4.85    16.14

..................................................................

THE MCCOOK NE CLIMATE NORMALS FOR TOMORROW
                         NORMAL    RECORD    YEAR
 MAXIMUM TEMPERATURE (F)   75        93      2008
 MINIMUM TEMPERATURE (F)   44        25      1942

-  INDICATES NEGATIVE NUMBERS.
R  INDICATES RECORD WAS SET OR TIED.
MM INDICATES DATA IS MISSING.
T  INDICATES TRACE AMOUNT.

$$
