000
CDUS43 KGLD 270047
CLIMCK

CLIMATE REPORT
NATIONAL WEATHER SERVICE GOODLAND
640 PM MDT TUE AUG 26 2014


...................................

...THE MCCOOK NE CLIMATE SUMMARY FOR AUGUST 26 2014...
VALID TODAY AS OF 0600 PM LOCAL TIME.

CLIMATE NORMAL PERIOD 1981 TO 2010
CLIMATE RECORD PERIOD 1896 TO 2014


WEATHER ITEM   OBSERVED TIME   RECORD YEAR NORMAL DEPARTURE LAST
                VALUE   (LST)  VALUE       VALUE  FROM      YEAR
                                                  NORMAL
..................................................................
TEMPERATURE (F)
 TODAY
  MAXIMUM         83    437 PM 109    1926  86     -3      103
  MINIMUM         61    705 AM  48    1985  58      3       74
  AVERAGE         72                        72      0       89

PRECIPITATION (IN)
  TODAY            0.20                      0.08   0.12     0.00
  MONTH TO DATE    3.44                      2.77   0.67     1.04
  SINCE JUN 1     13.61                      9.40   4.21     3.83
  SINCE JAN 1     18.57                     17.34   1.23     8.72

..................................................................


THE MCCOOK NE CLIMATE NORMALS FOR TOMORROW
                         NORMAL    RECORD    YEAR
 MAXIMUM TEMPERATURE (F)   86       105      1960
 MINIMUM TEMPERATURE (F)   58        40      1922



-  INDICATES NEGATIVE NUMBERS.
R  INDICATES RECORD WAS SET OR TIED.
MM INDICATES DATA IS MISSING.
T  INDICATES TRACE AMOUNT.

$$
