000
CDUS43 KGLD 280101
CLIMCK

CLIMATE REPORT
NATIONAL WEATHER SERVICE GOODLAND
658 PM MDT SAT JUN 27 2015
...................................

...THE MCCOOK NE CLIMATE SUMMARY FOR JUNE 27 2015...
VALID TODAY AS OF 0600 PM LOCAL TIME.

CLIMATE NORMAL PERIOD 1981 TO 2010
CLIMATE RECORD PERIOD 1896 TO 2015


WEATHER ITEM   OBSERVED TIME   RECORD YEAR NORMAL DEPARTURE LAST
                VALUE   (LST)  VALUE       VALUE  FROM      YEAR
                                                  NORMAL
..................................................................
TEMPERATURE (F)
 TODAY
  MAXIMUM         88    410 PM 109    2012  88      0       85
  MINIMUM         56    537 AM  44    1985  59     -3       60
  AVERAGE         72                        74     -2       73

PRECIPITATION (IN)
  TODAY            0.00                      0.11  -0.11     1.10
  MONTH TO DATE    4.52                      3.07   1.45     7.90
  SINCE JUN 1      4.52                      3.07   1.45     7.90
  SINCE JAN 1     10.68                     11.01  -0.33    12.86

..................................................................

THE MCCOOK NE CLIMATE NORMALS FOR TOMORROW
                         NORMAL    RECORD    YEAR
 MAXIMUM TEMPERATURE (F)   89       106      1963
 MINIMUM TEMPERATURE (F)   60        44      1985

-  INDICATES NEGATIVE NUMBERS.
R  INDICATES RECORD WAS SET OR TIED.
MM INDICATES DATA IS MISSING.
T  INDICATES TRACE AMOUNT.

$$
