000
CDUS43 KGLD 280810 RRB
CLIMCK

CLIMATE REPORT
NATIONAL WEATHER SERVICE GOODLAND
203 AM MDT SAT MAY 28 2016

...................................

...THE MCCOOK NE CLIMATE SUMMARY FOR MAY 27 2016...

CLIMATE NORMAL PERIOD 1981 TO 2010
CLIMATE RECORD PERIOD 1896 TO 2016


WEATHER ITEM   OBSERVED TIME   RECORD YEAR NORMAL DEPARTURE LAST
                VALUE   (LST)  VALUE       VALUE  FROM      YEAR
                                                  NORMAL
..................................................................
TEMPERATURE (F)
 TODAY
  MAXIMUM         54    100 AM 101    2006  77    -23       78
  MINIMUM         54    100 AM  36    1917  50      4       53
  AVERAGE         54                        63     -9       66

PRECIPITATION (IN)
  TODAY            0.02                      0.12  -0.10     0.27
  MONTH TO DATE    1.64                      2.79  -1.15     3.84
  SINCE MAR 1      8.22                      6.46   1.76     5.82
  SINCE JAN 1      9.23                      7.59   1.64     6.16

..................................................................


THE MCCOOK NE CLIMATE NORMALS FOR TOMORROW
                         NORMAL    RECORD    YEAR
 MAXIMUM TEMPERATURE (F)   77       103      2000
 MINIMUM TEMPERATURE (F)   50        36      1992


-  INDICATES NEGATIVE NUMBERS.
R  INDICATES RECORD WAS SET OR TIED.
MM INDICATES DATA IS MISSING.
T  INDICATES TRACE AMOUNT.


$$
