161
CDUS43 KGLD 280741 RRA
CLIMCK

CLIMATE REPORT
NATIONAL WEATHER SERVICE GOODLAND
137 AM MDT THU JUL 28 2016

...................................

...THE MCCOOK NE CLIMATE SUMMARY FOR JULY 27 2016...

CLIMATE NORMAL PERIOD 1981 TO 2010
CLIMATE RECORD PERIOD 1896 TO 2016


WEATHER ITEM   OBSERVED TIME   RECORD YEAR NORMAL DEPARTURE LAST
                VALUE   (LST)  VALUE       VALUE  FROM      YEAR
                                                  NORMAL
..................................................................
TEMPERATURE (F)
 YESTERDAY
  MAXIMUM         89    539 PM 109    1931  90     -1       95
  MINIMUM         60    548 AM  49    2005  62     -2       66
  AVERAGE         75                        76     -1       81

PRECIPITATION (IN)
  YESTERDAY        0.12                      0.11   0.01     0.00
  MONTH TO DATE    1.49                      2.82  -1.33     1.92
  SINCE JUN 1      4.34                      6.20  -1.86     6.44
  SINCE JAN 1     14.54                     14.14   0.40    12.60

..................................................................


THE MCCOOK NE CLIMATE NORMALS FOR TODAY
                         NORMAL    RECORD    YEAR
 MAXIMUM TEMPERATURE (F)   89       105      2012
                                             1931
 MINIMUM TEMPERATURE (F)   62        51      1994



-  INDICATES NEGATIVE NUMBERS.
R  INDICATES RECORD WAS SET OR TIED.
MM INDICATES DATA IS MISSING.
T  INDICATES TRACE AMOUNT.

$$
