353
CDUS43 KGLD 220059 RRA
CLIMCK

CLIMATE REPORT
NATIONAL WEATHER SERVICE GOODLAND
555 PM MST TUE NOV 21 2017

...................................

...THE MCCOOK NE CLIMATE SUMMARY FOR NOVEMBER 21 2017...
VALID TODAY AS OF 0500 PM LOCAL TIME.

CLIMATE NORMAL PERIOD 1981 TO 2010
CLIMATE RECORD PERIOD 1896 TO 2017

WEATHER ITEM   OBSERVED TIME   RECORD YEAR NORMAL DEPARTURE LAST
                VALUE   (LST)  VALUE       VALUE  FROM      YEAR
                                                  NORMAL
..................................................................
TEMPERATURE (F)
 TODAY
  MAXIMUM         54    325 AM  72    2006  49      5       52
                                      1933
  MINIMUM         37    838 AM  -3    1964  22     15       24
  AVERAGE         46                        35     11       38

PRECIPITATION (IN)
  TODAY            0.00                      0.03  -0.03     0.00
  MONTH TO DATE    0.16                      0.71  -0.55     0.11
  SINCE SEP 1      4.29                      3.94   0.35     5.88
  SINCE JAN 1     18.40                     21.65  -3.25    24.01

..................................................................

THE MCCOOK NE CLIMATE NORMALS FOR TOMORROW
                         NORMAL    RECORD    YEAR
 MAXIMUM TEMPERATURE (F)   49        76      2002
 MINIMUM TEMPERATURE (F)   21        -1      1975
                                             1929

-  INDICATES NEGATIVE NUMBERS.
R  INDICATES RECORD WAS SET OR TIED.
MM INDICATES DATA IS MISSING.
T  INDICATES TRACE AMOUNT.

$$
