000
CDUS43 KGLD 210745 RRA
CLIMCK

CLIMATE REPORT
NATIONAL WEATHER SERVICE GOODLAND
1245 AM MST FRI NOV 21 2014


...................................

...THE MCCOOK NE CLIMATE SUMMARY FOR NOVEMBER 20 2014...

CLIMATE NORMAL PERIOD 1981 TO 2010
CLIMATE RECORD PERIOD 1896 TO 2014


WEATHER ITEM   OBSERVED TIME   RECORD YEAR NORMAL DEPARTURE LAST
                VALUE   (LST)  VALUE       VALUE  FROM      YEAR
                                                  NORMAL
..................................................................
TEMPERATURE (F)
 YESTERDAY
  MAXIMUM         45    316 PM  79    1927  50     -5       66
  MINIMUM          9    718 AM   2    1937  22    -13       30
  AVERAGE         27                        36     -9       48

PRECIPITATION (IN)
  YESTERDAY        0.00                      0.03  -0.03     0.00
  MONTH TO DATE    T                         0.68  -0.68     0.48
  SINCE SEP 1      1.95                      3.91  -1.96     3.44
  SINCE JAN 1     22.90                     21.62   1.28    12.61

..................................................................







THE MCCOOK NE CLIMATE NORMALS FOR TODAY
                         NORMAL    RECORD    YEAR
 MAXIMUM TEMPERATURE (F)   49        72      2006
                                             1933
 MINIMUM TEMPERATURE (F)   22        -3      1964



-  INDICATES NEGATIVE NUMBERS.
R  INDICATES RECORD WAS SET OR TIED.
MM INDICATES DATA IS MISSING.
T  INDICATES TRACE AMOUNT.




$$
