000
CDUS43 KGLD 270748
CLIMCK

CLIMATE REPORT
NATIONAL WEATHER SERVICE GOODLAND
139 AM MDT MON JUL 27 2015

...................................

...THE MCCOOK NE CLIMATE SUMMARY FOR JULY 26 2015...

CLIMATE NORMAL PERIOD 1981 TO 2010
CLIMATE RECORD PERIOD 1896 TO 2015


WEATHER ITEM   OBSERVED TIME   RECORD YEAR NORMAL DEPARTURE LAST
                VALUE   (LST)  VALUE       VALUE  FROM      YEAR
                                                  NORMAL
..................................................................
TEMPERATURE (F)
 YESTERDAY
  MAXIMUM         97    337 PM 109    1910  90      7       99
  MINIMUM         63    559 AM  53    2004  62      1       66
  AVERAGE         80                        76      4       83

PRECIPITATION (IN)
  YESTERDAY        0.22                      0.10   0.12     0.00
  MONTH TO DATE    1.92                      2.71  -0.79     1.80
  SINCE JUN 1      6.44                      6.09   0.35     9.85
  SINCE JAN 1     12.60                     14.03  -1.43    14.81

..................................................................


THE MCCOOK NE CLIMATE NORMALS FOR TODAY
                         NORMAL    RECORD    YEAR
 MAXIMUM TEMPERATURE (F)   90       109      1931
 MINIMUM TEMPERATURE (F)   62        49      2005



-  INDICATES NEGATIVE NUMBERS.
R  INDICATES RECORD WAS SET OR TIED.
MM INDICATES DATA IS MISSING.
T  INDICATES TRACE AMOUNT.

$$
