000
CDUS43 KGLD 230045 RRA
CLIMCK

CLIMATE REPORT
NATIONAL WEATHER SERVICE GOODLAND
541 PM MST MON DEC 22 2014

...................................

...THE MCCOOK NE CLIMATE SUMMARY FOR DECEMBER 22 2014...
VALID TODAY AS OF 0500 PM LOCAL TIME.

CLIMATE NORMAL PERIOD 1981 TO 2010
CLIMATE RECORD PERIOD 1896 TO 2014


WEATHER ITEM   OBSERVED TIME   RECORD YEAR NORMAL DEPARTURE LAST
                VALUE   (LST)  VALUE       VALUE  FROM      YEAR
                                                  NORMAL
..................................................................
TEMPERATURE (F)
 TODAY
  MAXIMUM         51    222 PM  72    1933  40     11       35
  MINIMUM         30   1252 AM -27    1989  14     16       10
  AVERAGE         41                        27     14       23

PRECIPITATION (IN)
  TODAY            0.00                      0.03  -0.03      T
  MONTH TO DATE    0.89                      0.47   0.42     0.08
  SINCE DEC 1      0.89                      0.47   0.42     0.08
  SINCE JAN 1     23.79                     22.36   1.43    12.69

..................................................................

THE MCCOOK NE CLIMATE NORMALS FOR TOMORROW
                         NORMAL    RECORD    YEAR
 MAXIMUM TEMPERATURE (F)   40        81      1964
 MINIMUM TEMPERATURE (F)   14       -27      1989

-  INDICATES NEGATIVE NUMBERS.
R  INDICATES RECORD WAS SET OR TIED.
MM INDICATES DATA IS MISSING.
T  INDICATES TRACE AMOUNT.

$$
