000
CDUS43 KGLD 260742
CLIMCK

CLIMATE REPORT
NATIONAL WEATHER SERVICE GOODLAND
137 AM MDT WED AUG 26 2015
...................................

...THE MCCOOK NE CLIMATE SUMMARY FOR AUGUST 25 2015...

CLIMATE NORMAL PERIOD 1981 TO 2010
CLIMATE RECORD PERIOD 1896 TO 2015

WEATHER ITEM   OBSERVED TIME   RECORD YEAR NORMAL DEPARTURE LAST
                VALUE   (LST)  VALUE       VALUE  FROM      YEAR
                                                  NORMAL
..................................................................
TEMPERATURE (F)
 YESTERDAY
  MAXIMUM         92    401 PM 103    1929  87      5       81
  MINIMUM         55    631 AM  42    1911  58     -3       61
  AVERAGE         74                        72      2       71

PRECIPITATION (IN)
  YESTERDAY        0.00                      0.08  -0.08     0.81
  MONTH TO DATE    2.48                      2.69  -0.21     3.24
  SINCE JUN 1      8.92                      9.32  -0.40    13.41
  SINCE JAN 1     15.08                     17.26  -2.18    18.37

..................................................................

THE MCCOOK NE CLIMATE NORMALS FOR TODAY
                         NORMAL    RECORD    YEAR
 MAXIMUM TEMPERATURE (F)   86       109      1926
 MINIMUM TEMPERATURE (F)   58        48      1985

-  INDICATES NEGATIVE NUMBERS.
R  INDICATES RECORD WAS SET OR TIED.
MM INDICATES DATA IS MISSING.
T  INDICATES TRACE AMOUNT.

$$
