000
CDUS43 KGLD 240051
CLIMCK

CLIMATE REPORT
NATIONAL WEATHER SERVICE GOODLAND
645 PM MDT SUN JUL 23 2017


...................................

...THE MCCOOK NE CLIMATE SUMMARY FOR JULY 23 2017...
VALID TODAY AS OF 0600 PM LOCAL TIME.

CLIMATE NORMAL PERIOD 1981 TO 2010
CLIMATE RECORD PERIOD 1896 TO 2017


WEATHER ITEM   OBSERVED TIME   RECORD YEAR NORMAL DEPARTURE LAST
                VALUE   (LST)  VALUE       VALUE  FROM      YEAR
                                                  NORMAL
..................................................................
TEMPERATURE (F)
 TODAY
  MAXIMUM         97    351 PM 106    1940  90      7       95
  MINIMUM         57    503 AM  44    1909  62     -5       70
  AVERAGE         77                        76      1       83

PRECIPITATION (IN)
  TODAY            0.00                      0.10  -0.10     0.09
  MONTH TO DATE    1.28                      2.40  -1.12     1.37
  SINCE JUN 1      1.55                      5.78  -4.23     4.22
  SINCE JAN 1      9.58                     13.72  -4.14    14.42

..................................................................


THE MCCOOK NE CLIMATE NORMALS FOR TOMORROW
                         NORMAL    RECORD    YEAR
 MAXIMUM TEMPERATURE (F)   90       111      1936
 MINIMUM TEMPERATURE (F)   62        51      1924



-  INDICATES NEGATIVE NUMBERS.
R  INDICATES RECORD WAS SET OR TIED.
MM INDICATES DATA IS MISSING.
T  INDICATES TRACE AMOUNT.

$$
