000
CDUS43 KGLD 210743
CLIMCK

CLIMATE REPORT
NATIONAL WEATHER SERVICE GOODLAND
1237 AM MST TUE FEB 21 2017


...................................

...THE MCCOOK NE CLIMATE SUMMARY FOR FEBRUARY 20 2017...

CLIMATE NORMAL PERIOD 1981 TO 2010
CLIMATE RECORD PERIOD 1896 TO 2017


WEATHER ITEM   OBSERVED TIME   RECORD YEAR NORMAL DEPARTURE LAST
                VALUE   (LST)  VALUE       VALUE  FROM      YEAR
                                                  NORMAL
..................................................................
TEMPERATURE (F)
 YESTERDAY
  MAXIMUM         65    425 PM  81    1930  46     19       68
  MINIMUM         32   1127 PM  -8    1918  18     14       28
  AVERAGE         49                        32     17       48

PRECIPITATION (IN)
  YESTERDAY        0.00                      0.02  -0.02     0.00
  MONTH TO DATE    T                         0.40  -0.40     0.96
  SINCE DEC 1      1.13                      1.55  -0.42     1.14
  SINCE JAN 1      0.70                      0.91  -0.21     0.98

..................................................................


THE MCCOOK NE CLIMATE NORMALS FOR TODAY
                         NORMAL    RECORD    YEAR
 MAXIMUM TEMPERATURE (F)   46        76      1933
 MINIMUM TEMPERATURE (F)   19        -7      1911


-  INDICATES NEGATIVE NUMBERS.
R  INDICATES RECORD WAS SET OR TIED.
MM INDICATES DATA IS MISSING.
T  INDICATES TRACE AMOUNT.

$$
