000
CXUS53 KGRB 280709
CF6MTW
PRELIMINARY LOCAL CLIMATOLOGICAL DATA (WS FORM: F-6)
STATION: MANITOWOC AWOS
MONTH: MARCH
YEAR: 2024
LATITUDE: 44 7 N
LONGITUDE: 87 40 W
TEMPERATURE IN F: :PCPN: SNOW: WIND :SUNSHINE: SKY :PK WND
================================================================================
1 2 3 4 5 6A 6B 7 8 9 10 11 12 13 14 15 16 17 18
12Z AVG MX 2MIN
DY MAX MIN AVG DEP HDD CDD WTR SNW DPTH SPD SPD DIR MIN PSBL S-S WX SPD DR
================================================================================
1 44 30 37 M 28 0 M M M 13.4 22 170 M M 0 29 170
2 49 32 41 M 24 0 M M M 9.3 18 160 M M 1 1 M M
3 51 38 45 M 20 0 M M M 17.9 25 150 M M 4 1 37 170
4 58 34 46 M 19 0 0.45 M M 8.3 16 310 M M 5 22 350
5 40 36 38 M 27 0 0.05 M M 10.2 13 360 M M 6 18 360
6 47 29 38 M 27 0 M M M 7.6 12 30 M M 0 18 40
7 41 29 35 M 30 0 M M M 6.3 14 100 M M 4 M M
8 43 33 38 M 27 0 0.34 M M 6.3 15 350 M M 10 1 21 360
9 37 28 33 M 32 0 0.04 M M 13.2 20 340 M M 8 1 30 330
10 45 27 36 M 29 0 M M M 13.3 20 320 M M 2 32 310
11 61 24 43 M 22 0 M M M 6.6 16 250 M M 0 22 270
12 69 35 52 M 13 0 M M M 8.3 20 230 M M 0 25 250
13 61 31 46 M 19 0 M M M 3.8 10 150 M M 0 M M
14 45 34 40 M 25 0 0.01 M M 9.1 13 50 M M 4 20 20
15 47 29 38 M 27 0 M M M 7.9 10 150 M M 1 M M
16 54 33 44 M 21 0 T M M 14.4 25 290 M M 7 36 280
17 34 23 29 M 36 0 T M M 14.3 20 310 M M 10 23 330
18 36 22 29 M 36 0 T M M 11.6 17 310 M M 7 25 270
19 50 30 40 M 25 0 T M M 13.0 20 300 M M 7 30 300
20 35 21 28 M 37 0 T M M 12.8 21 320 M M 6 32 310
21 31 16 24 M 41 0 T M M 6.1 14 160 M M 2 M M
22 32 25 29 M 36 0 0.11 M M 6.0 10 340 M M 10 1 M M
23 35 13 24 M 41 0 0.01 M M 4.8 12 330 M M 2 M M
24 37 28 33 M 32 0 0.01 M M 12.3 24 110 M M 9 1 32 120
25 46 37 42 M 23 0 0.48 M M 11.1 18 170 M M 8 1 22 140
26 51 31 41 M 24 0 0.34 M M 17.2 24 150 M M 10 1 36 220
27 38 26 32 M 33 0 T M M 14.3 24 260 M M 8 35 270
================================================================================
SM 1217 774 754 0 1.84 M 279.5 M 131
================================================================================
AV 45.1 28.7 10.4 FASTST M M 5 MAX(MPH)
MISC ----> 25 290 37 170
================================================================================
NOTES:
# LAST OF SEVERAL OCCURRENCES
COLUMN 17 PEAK WIND IN M.P.H.
PRELIMINARY LOCAL CLIMATOLOGICAL DATA (WS FORM: F-6) , PAGE 2
STATION: MANITOWOC AWOS
MONTH: MARCH
YEAR: 2024
LATITUDE: 44 7 N
LONGITUDE: 87 40 W
[TEMPERATURE DATA] [PRECIPITATION DATA] SYMBOLS USED IN COLUMN 16
AVERAGE MONTHLY: 36.9 TOTAL FOR MONTH: 1.84 1 = FOG OR MIST
DPTR FM NORMAL: 0.0 DPTR FM NORMAL: 1.84 2 = FOG REDUCING VISIBILITY
HIGHEST: 69 ON 12 GRTST 24HR 0.78 ON 25-26 TO 1/4 MILE OR LESS
LOWEST: 13 ON 23 3 = THUNDER
SNOW, ICE PELLETS, HAIL 4 = ICE PELLETS
TOTAL MONTH: M 5 = HAIL
GRTST 24HR M ON M 6 = FREEZING RAIN OR DRIZZLE
GRTST DEPTH: M ON M 7 = DUSTSTORM OR SANDSTORM:
VSBY 1/2 MILE OR LESS
8 = SMOKE OR HAZE
[NO. OF DAYS WITH] [WEATHER - DAYS WITH] 9 = BLOWING SNOW
X = TORNADO
MAX 32 OR BELOW: 2 0.01 INCH OR MORE: 10
MAX 90 OR ABOVE: 0 0.10 INCH OR MORE: 5
MIN 32 OR BELOW: 19 0.50 INCH OR MORE: 0
MIN 0 OR BELOW: 0 1.00 INCH OR MORE: 0
[HDD (BASE 65) ]
TOTAL THIS MO. 754 CLEAR (SCALE 0-3) 10
DPTR FM NORMAL M PTCLDY (SCALE 4-7) 11
TOTAL FM JUL 1 5234 CLOUDY (SCALE 8-10) 6
DPTR FM NORMAL 3439
[CDD (BASE 65) ]
TOTAL THIS MO. 0
DPTR FM NORMAL M [PRESSURE DATA]
TOTAL FM JAN 1 0 HIGHEST SLP M ON M
DPTR FM NORMAL 0 LOWEST SLP M ON M
[REMARKS]