000
CXUS51 KOKX 021427
CLAJFK
CLIMATE REPORT
NATIONAL WEATHER SERVICE NEW YORK, NY
912 AM EST TUE JAN 02 2024
...................................
...THE KENNEDY NY CLIMATE SUMMARY FOR THE YEAR OF 2023...
CLIMATE NORMAL PERIOD 1991 TO 2020
CLIMATE RECORD PERIOD 1948 TO 2024
WEATHER OBSERVED NORMAL DEPART LAST YEAR`S
VALUE DATE(S) VALUE FROM VALUE DATE(S)
NORMAL
................................................................
TEMPERATURE (F)
RECORD
HIGH 104 07/03/1966
LOW -2 01/21/1985
02/08/1963
HIGHEST 93 09/05 MM MM 96 07/23
09/06
07/24
LOWEST 4 02/04 MM MM 7 12/24
AVG. MAXIMUM 63.6 61.6 2.0 63.2
AVG. MINIMUM 48.9 47.0 1.9 47.8
MEAN 56.3 54.3 2.0 55.5
DAYS MAX >= 90 8 10.8 -2.8 16
DAYS MAX <= 32 1 14.2 -13.2 17
DAYS MIN <= 32 53 74.0 -21.0 82
DAYS MIN <= 0 0 0.0 0.0 0
PRECIPITATION (INCHES)
RECORD
MAXIMUM 59.12 1983
MINIMUM MM MM
TOTALS 52.58 43.29 9.29 35.77
DAILY AVG. 0.14 0.12 0.02 0.10
DAYS >= .01 127 121.2 5.8 117
DAYS >= .10 79 73.8 5.2 75
DAYS >= .50 31 29.7 1.3 28
DAYS >= 1.00 13 11.3 1.7 5
GREATEST
24 HR. TOTAL 8.65 09/28 TO 09/29 2.06 10/03 TO 10/04
STORM TOTAL 8.65 1.38
(MM/DD(HH)) MM
SNOWFALL (INCHES)
RECORDS
TOTAL 61.9 2003
24 HR TOTAL MM
SNOW DEPTH 28 01/24/2016
02/18/2003
TOTALS 2.1 25.9 -23.8 21.5
LIQUID EQUIV 0.20 2.50 -2.30 2.20
SINCE 7/1 T 4.9 -4.9 MM
LIQUID 7/1 -0.10 0.40 -0.50 MM
SNOWDEPTH AVG. T 0
DAYS >= TRACE 14 14.0 0.0 25
DAYS >= 1.0 1 6.0 -5.0 4
GREATEST
SNOW DEPTH 2 02/28 10 01/30
24 HR TOTAL 1.7 MM 0.0
STORM TOTAL 1.0 9.3
(MM/DD(HH)) MM
DEGREE DAYS
HEATING TOTAL 4115 4872 -757 4643
SINCE 7/1 1487 1664 -177 MM
COOLING TOTAL 1058 1016 42 1305
SINCE 1/1 1058 1016 42 MM
................................................................
WIND (MPH)
AVERAGE WIND SPEED 10.9
RESULTANT WIND SPEED/DIRECTION 2/280
HIGHEST WIND SPEED/DIRECTION 43/310 DATE 02/03
HIGHEST GUST SPEED/DIRECTION 55/140 DATE 12/18
SKY COVER
POSSIBLE SUNSHINE (PERCENT) MM
AVERAGE SKY COVER 0.63
NUMBER OF DAYS FAIR 54
NUMBER OF DAYS PC 181
NUMBER OF DAYS CLOUDY 130
AVERAGE RH (PERCENT) 70
WEATHER CONDITIONS. NUMBER OF DAYS WITH
THUNDERSTORM 35 MIXED PRECIP 1
HEAVY RAIN 43 RAIN 60
LIGHT RAIN 149 FREEZING RAIN 0
LT FREEZING RAIN 0 HAIL 0
HEAVY SNOW 0 SNOW 1
LIGHT SNOW 12 SLEET 6
FOG 140 FOG W/VIS <= 1/4 MILE 27
HAZE 25
- INDICATES NEGATIVE NUMBERS.
R INDICATES RECORD WAS SET OR TIED.
MM INDICATES DATA IS MISSING.
T INDICATES TRACE AMOUNT.
$$