000
CXUS51 KBGM 011330 CCA
CLMBGM
CLIMATE REPORT...CORRECTED
NATIONAL WEATHER SERVICE BINGHAMTON,NY
928 AM EDT MON APR 01 2024
...................................
...THE BINGHAMTON NY CLIMATE SUMMARY FOR THE MONTH OF MARCH 2024...
CLIMATE NORMAL PERIOD 1991 TO 2020
CLIMATE RECORD PERIOD 1951 TO 2024
WEATHER OBSERVED NORMAL DEPART LAST YEAR`S
VALUE DATE(S) VALUE FROM VALUE DATE(S)
NORMAL
................................................................
TEMPERATURE (F)
RECORD
HIGH 82 03/31/1998
03/30/1998
LOW -7 03/19/1993
HIGHEST 69 03/13 41 28 58 03/22
LOWEST 16 03/22 25 -9 17 03/12
03/19
AVG. MAXIMUM 47.7 40.7 7.0 40.6
AVG. MINIMUM 31.5 24.0 7.5 25.7
MEAN 39.6 32.3 7.3 33.2
DAYS MAX >= 90 0 0.0 0.0 0
DAYS MAX <= 32 3 7.6 -4.6 7
DAYS MIN <= 32 14 24.1 -10.1 27
DAYS MIN <= 0 0 0.3 -0.3 0
PRECIPITATION (INCHES)
RECORD
MAXIMUM 6.33 2008
MINIMUM 0.69 1981
TOTALS 4.70 3.05 1.65 2.70
DAILY AVG. 0.15 0.10 0.05 0.09
DAYS >= .01 15 14.8 0.2 16
DAYS >= .10 10 7.4 2.6 10
DAYS >= .50 4 1.8 2.2 0
DAYS >= 1.00 1 0.3 0.7 0
GREATEST
24 HR. TOTAL 1.19 03/22 TO 03/23
SNOWFALL (INCHES)
RECORDS
TOTAL 46.5 2001
24 HR TOTAL 31.3 03/14/2017 TO 03/15/2017
SNOW DEPTH 35 03/15/1993
TOTALS 8.0 16.4 -8.4 16.0
SINCE 7/1 47.2 82.6 -35.4 61.3
SNOWDEPTH AVG. 0 2
DAYS >= TRACE 10 10.5 -0.5 18
DAYS >= 1.0 4 3.9 0.1 6
GREATEST
SNOW DEPTH 2 03/24 8 03/14
03/23+ 03/15
24 HR TOTAL 2.9 03/22 TO 03/23
DEGREE DAYS
HEATING TOTAL 778 1012 -234 983
SINCE 7/1 5052 6162 -1110 5490
COOLING TOTAL 0 0 0 0
SINCE 1/1 0 0 0 0
................................................................
WIND (MPH)
AVERAGE WIND SPEED 9.1
RESULTANT WIND SPEED/DIRECTION 3/280
HIGHEST WIND SPEED/DIRECTION 31/310 DATE 03/11
HIGHEST GUST SPEED/DIRECTION 55/330 DATE 03/11
SKY COVER
POSSIBLE SUNSHINE (PERCENT) MM
AVERAGE SKY COVER 0.63
NUMBER OF DAYS FAIR 6
NUMBER OF DAYS PC 11
NUMBER OF DAYS CLOUDY 14
AVERAGE RH (PERCENT) 68
WEATHER CONDITIONS. NUMBER OF DAYS WITH
THUNDERSTORM 0 MIXED PRECIP 0
HEAVY RAIN 0 RAIN 6
LIGHT RAIN 12 FREEZING RAIN 1
LT FREEZING RAIN 1 HAIL 0
HEAVY SNOW 1 SNOW 2
LIGHT SNOW 10 SLEET 0
FOG 18 FOG W/VIS <= 1/4 MILE 5
HAZE 6
- INDICATES NEGATIVE NUMBERS.
R INDICATES RECORD WAS SET OR TIED.
MM INDICATES DATA IS MISSING.
T INDICATES TRACE AMOUNT.
&&
CORRECTED MISSING 2023 DATA WITH ACTUAL
CORRECTED GREATEST 24 HOUR SNOWFALL AND GREATEST SNOW DEPTH
5TH WARMEST MARCH RECORD 45.2F IN 2012
8TH MOST PRECIPITATION MARCH
$$
TAC