000
CXUS53 KIND 011537
CLMEYE
CLIMATE REPORT
NATIONAL WEATHER SERVICE INDIANAPOLIS IN
1132 AM EDT MON APR 01 2024
...................................
...THE INDIANAPOLIS EAGLE CREEK IN CLIMATE SUMMARY FOR THE MONTH OF MARCH 2024...
CLIMATE NORMAL PERIOD 1991 TO 2020
CLIMATE RECORD PERIOD 9999 TO 9999
WEATHER OBSERVED NORMAL DEPART LAST YEAR`S
VALUE DATE(S) VALUE FROM VALUE DATE(S)
NORMAL
................................................................
TEMPERATURE (F)
HIGHEST 78 03/04 75 03/01
LOWEST 27 03/11 19 03/18
03/19
AVG. MAXIMUM 59.2 52.1 7.1 52.1
AVG. MINIMUM 39.3 33.1 6.2 33.1
MEAN 49.2 42.6 6.6 42.6
DAYS MAX >= 90 0 0.0 0.0 0
DAYS MAX <= 32 0 1.7 -1.7 1
DAYS MIN <= 32 8 16.1 -8.1 12
DAYS MIN <= 0 0 0.0 0.0 0
PRECIPITATION (INCHES)
TOTALS 1.77R 3.28 -1.51 6.35
DAILY AVG. 0.06 0.11 -0.05 0.20
DAYS >= .01 9 10.9 -1.9 16
DAYS >= .10 5 6.2 -1.2 12
DAYS >= .50 1 2.3 -1.3 4
DAYS >= 1.00 0 0.7 -0.7 2
GREATEST
24 HR. TOTAL 0.56 03/08 TO 03/09
DEGREE DAYS
HEATING TOTAL 484 697 -213 686
SINCE 7/1 3836 4725 -889 MM
COOLING TOTAL 2 3 -1 0
SINCE 1/1 3 3 0 MM
................................................................
WIND (MPH)
AVERAGE WIND SPEED 8.7
HIGHEST WIND SPEED/DIRECTION 28/190 DATE 03/26
HIGHEST GUST SPEED/DIRECTION 46/180 DATE 03/26
SKY COVER
AVERAGE SKY COVER 0.46
AVERAGE RH (PERCENT) 60
WEATHER CONDITIONS. NUMBER OF DAYS WITH
THUNDERSTORM 3 MIXED PRECIP 0
HEAVY RAIN 2 RAIN 6
LIGHT RAIN 12 FREEZING RAIN 0
LT FREEZING RAIN 0 HAIL 0
HEAVY SNOW 0 SNOW 0
LIGHT SNOW 1 SLEET 0
FOG 12 FOG W/VIS <= 1/4 MILE 0
HAZE 6
- INDICATES NEGATIVE NUMBERS.
R INDICATES RECORD WAS SET OR TIED.
MM INDICATES DATA IS MISSING.
T INDICATES TRACE AMOUNT.
$$