000
CXUS54 KLZK 201521
CLMHRO
CLIMATE REPORT...UPDATED WITH SUPPLEMENTAL DATA
NATIONAL WEATHER SERVICE LITTLE ROCK AR
841 PM CST FRI MAR 01 2024
...................................
...THE HARRISON CLIMATE SUMMARY FOR THE MONTH OF FEBRUARY 2024...
CLIMATE NORMAL PERIOD 1991 TO 2020
CLIMATE RECORD PERIOD 1891 TO 2024
WEATHER OBSERVED NORMAL DEPART LAST YEAR`S
VALUE DATE(S) VALUE FROM VALUE DATE(S)
NORMAL
................................................................
TEMPERATURE (F)
RECORD
HIGH 87 02/05/1927
LOW -24 02/12/1899
HIGHEST 84 02/27 50 34 79 02/28
LOWEST 22 02/29 30 -8 19 02/01
AVG. MAXIMUM 62.1 51.2 10.9 57.7
AVG. MINIMUM 37.4 30.6 6.8 35.3
MEAN 49.8 40.9 8.9 46.5
DAYS MAX >= 90 0 0.0 0.0 0
DAYS MAX <= 32 0 2.3 -2.3 1
DAYS MIN <= 32 9 16.3 -7.3 12
DAYS MIN <= 0 0 0.1 -0.1 0
PRECIPITATION (INCHES)
RECORD
MAXIMUM 10.21 1945
MINIMUM 0.41 1947
TOTALS 1.61 2.42 -0.81 3.34
DAILY AVG. 0.06 NAN NAN 0.12
DAYS >= .01 5 7.7 -2.7 8
DAYS >= .10 3 7
DAYS >= .50 1 1
DAYS >= 1.00 0 0.5 -0.5 1
GREATEST
24 HR. TOTAL 1.12 02/03 TO 02/04
STORM TOTAL 0.67
(MM/DD(HH))
SNOWFALL (INCHES)
RECORDS
TOTAL 25.0 1912
24 HR TOTAL 14.3 02/15/1993 TO 02/15/1993
SNOW DEPTH 14 02/16/1993
TOTALS 3.0 MM MM 0.0
LIQUID EQUIV 0.30 0.30 0.00 0.00
SINCE 7/1 9.0 MM MM MM
LIQUID 7/1 0.90 0.00 0.90 MM
SNOWDEPTH AVG. 0
DAYS >= TRACE 2 MM MM 0
DAYS >= 1.0 1 0
GREATEST
SNOW DEPTH 0
24 HR TOTAL 3.0 0MM12 TO 02/12 0.0
DEGREE DAYS
HEATING TOTAL 436 676 -240 511
SINCE 7/1 2707 3118 -411 MM
COOLING TOTAL 1 1 0 0
SINCE 1/1 1 1 0 MM
FREEZE DATES
RECORD
EARLIEST 09/13/1902
LATEST 05/17/1912
EARLIEST 10/30
LATEST 04/24
................................................................
WIND (MPH)
AVERAGE WIND SPEED 7.7
HIGHEST WIND SPEED/DIRECTION 29/240 DATE 02/27
HIGHEST GUST SPEED/DIRECTION 46/240 DATE 02/27
SKY COVER
POSSIBLE SUNSHINE (PERCENT) MM
AVERAGE SKY COVER 0.21
NUMBER OF DAYS FAIR 23
NUMBER OF DAYS PC 2
NUMBER OF DAYS CLOUDY 4
WEATHER CONDITIONS. NUMBER OF DAYS WITH
THUNDERSTORM 1 MIXED PRECIP 0
HEAVY RAIN 0 RAIN 2
LIGHT RAIN 7 FREEZING RAIN 0
LT FREEZING RAIN 0 HAIL 0
HEAVY SNOW 1 SLEET 1
FOG 5 FOG W/VIS <= 1/4 MILE 1
HAZE 3
- INDICATES NEGATIVE NUMBERS.
R INDICATES RECORD WAS SET OR TIED.
MM INDICATES DATA IS MISSING.
T INDICATES TRACE AMOUNT.
&&
...ADDITIONAL DATA FOR HARRISON FOR FEBRUARY 2023...
.MONTHLY AVERAGE...
THE AVERAGE HIGH TEMPERATURE OF 62.1 (+10.9) WAS THE 5TH WARMEST
AVERAGE MONTHLY HIGH ON RECORD FOR THE MONTH OF FEBRUARY.
THE AVERAGE LOW TEMPERATURE OF 37.4 (+6.8) WAS THE 5TH WARMEST
AVERAGE MONTHLY LOW ON RECORD.
THE AVERAGE MONTHLY TEMPERATURE OF 49.8 (+8.9) WAS THE 4TH WARMEST
AVERAGE MONTHLY TEMPERATURE ON RECORD.
THE MONTHLY HIGH, LOW, AND AVERAGE TEMPERATURES WERE ALL WELL ABOVE
THE 30-YEAR CLIMATOLOGICAL AVERAGES.
.DAILY TEMPERATURES...
DAILY TEMPERATURES WERE AVERAGE FOR 1 DAYS.
DAILY TEMPERATURES WERE ABOVE AVERAGE ON 22 DAYS.
DAILY TEMPERATURES WERE BELOW AVERAGE ON 6 DAYS.
.DAILY TEMPERATURE RECORDS TIED OR BROKEN DURING THE MONTH...
DATE RECORD TYPE NEW RECORD OLD RECORD
02/27 HIGH TEMPERATURE 84 IN 2024 77 IN
1932
THE RECORD HIGH OF 84 ON FEBRUARY 27TH TIES FOR SECOND HOTTEST
TEMPERATURE EVER RECORDED AT HARRISON IN THE MONTH OF FEBRUARY,
ALONG WITH 2017 AND 1930.
.MONTHLY RAINFALL...
THE MONTHLY RAINFALL TOTAL OF 1.61 INCHES (-0.81) WAS ONLY SLIGHTLY
BELOW AVERAGE FOR THE MONTH.
.DAILY RAINFALL RECORDS TIED OR BROKEN DURING THE MONTH...
NO DAILY RAINFALL RECORDS WERE TIED OR BROKEN THIS MONTH.
.MONTHLY SNOWFALL...
THE MONTHLY SNOWFALL TOTAL OF 3.0 INCHES WAS 2.0 INCHES BELOW
AVERAGE FOR THE MONTH.
.DAILY SNOWFALL RECORDS TIED OR BROKEN DURING THE MONTH...
NO DAILY SNOWFALL RECORDS WERE TIED OR BROKEN THIS MONTH.
$$
69/70