000
CXUS53 KEAX 011344
CLMMCI
CLIMATE REPORT
NATIONAL WEATHER SERVICE KANSAS CITY/PLEASANT HILL MO
743 AM CST FRI MAR 01 2024
...................................
...THE KANSAS CITY INTERNATIONAL MO CLIMATE SUMMARY FOR THE MONTH OF FEBRUARY 2024...
CLIMATE NORMAL PERIOD: 1991 TO 2020
CLIMATE RECORD PERIOD: 1888 TO 2024
WEATHER OBSERVED NORMAL DEPART LAST YEAR`S
VALUE DATE(S) VALUE FROM VALUE DATE(S)
NORMAL
................................................................
TEMPERATURE (F)
RECORD
HIGH 81 02/24/1930
LOW -22 02/12/1899
HIGHEST 77 02/26 67 10 72 02/06
LOWEST 6 02/17 3 3 9 02/03
AVG. MAXIMUM 57.8 43.6 14.2 50.0
AVG. MINIMUM 30.4 23.6 6.8 25.1
MEAN 44.1 33.6 10.5 37.6
DAYS MAX >= 90 0 0.0 0.0 0
DAYS MAX <= 32 1 6.1 -5.1 3
DAYS MIN <= 32 16 22.0 -6.0 23
DAYS MIN <= 0 0 0.7 -0.7 0
PRECIPITATION (INCHES)
RECORD
MAXIMUM 6.76 1911
MINIMUM 0.04 2006
TOTALS 0.15 1.48 -1.33 2.77
DAILY AVG. 0.01 NAN NAN 0.10
DAYS >= .01 2 6.7 -4.7 9
DAYS >= .10 0 3.4 -3.4 5
DAYS >= .50 0 1.0 -1.0 1
DAYS >= 1.00 0 0.2 -0.2 1
GREATEST
24 HR. TOTAL 0.08 02/27 TO 02/27
SNOWFALL (INCHES)
RECORDS
TOTAL 20.7 1960
TOTALS 1.3 5.9 -4.6 4.0
SINCE 7/1 13.2 16.2 -3.0 MM
SNOWDEPTH AVG. 0 0
DAYS >= 1.0 0 1.5 -1.5 1
GREATEST
SNOW DEPTH 1 02/28 3 02/09
24 HR TOTAL 1.3
DEGREE DAYS
HEATING TOTAL 601 879 -278 760
SINCE 7/1 3452 4039 -587 MM
COOLING TOTAL 0 0 0 0
SINCE 1/1 0 0 0 MM
................................................................
WIND (MPH)
AVERAGE WIND SPEED 10.6
HIGHEST WIND SPEED/DIRECTION 33/350 DATE 02/27
HIGHEST GUST SPEED/DIRECTION 49/340 DATE 02/27
SKY COVER
POSSIBLE SUNSHINE (PERCENT) MM
AVERAGE SKY COVER 0.40
NUMBER OF DAYS FAIR 15
NUMBER OF DAYS PC 10
NUMBER OF DAYS CLOUDY 4
AVERAGE RH (PERCENT) 60
WEATHER CONDITIONS. NUMBER OF DAYS WITH
THUNDERSTORM 2 MIXED PRECIP 0
HEAVY RAIN 0 RAIN 0
LIGHT RAIN 2 FREEZING RAIN 0
LT FREEZING RAIN 0 HAIL 0
HEAVY SNOW 1 SNOW 1
LIGHT SNOW 3 SLEET 0
FOG 5 FOG W/VIS <= 1/4 MILE 2
HAZE 8
- INDICATES NEGATIVE NUMBERS.
R INDICATES RECORD WAS SET OR TIED.
MM INDICATES DATA IS MISSING.
T INDICATES TRACE AMOUNT.
$$