000
CXUS54 KFWD 072138
CF60F2
PRELIMINARY LOCAL CLIMATOLOGICAL DATA (WS FORM: F-6)
STATION: BOWIE
MONTH: APRIL
YEAR: 2022
LATITUDE: 33 36 N
LONGITUDE: 97 47 W
TEMPERATURE IN F: :PCPN: SNOW: WIND :SUNSHINE: SKY :PK WND
================================================================================
1 2 3 4 5 6A 6B 7 8 9 10 11 12 13 14 15 16 17 18
12Z AVG MX 2MIN
DY MAX MIN AVG DEP HDD CDD WTR SNW DPTH SPD SPD DIR MIN PSBL S-S WX SPD DR
================================================================================
1 73 42 58 0 7 0 T M M 10.0 20 160 M M 0 29 140
2 76 45 61 3 4 0 0.00 M M 5.0 13 10 M M 0 18 10
3 84 51 68 10 0 3 0.01 M M 11.7 17 160 M M 0 8 28 150
4 76 58 67 9 0 2 0.02 M M 7.5 24 190 M M 7 35 190
5 92 56 74 15 0 9 0.00 M M 8.6 20 240 M M 4 1 31 240
6 72 51 62 3 3 0 0.00 M M 15.3 30 360 M M 0 38 360
7 68 42 55 -4 10 0 0.00 M M 15.7 39 330 M M 0 47 330
8 65 40 53 -7 12 0 0.00 M M 12.4 26 330 M M 0 32 330
9 86 34 60 0 5 0 0.00 M M 9.0 18 200 M M 0 29 200
10 87 58 73 13 0 8 0.00 M M 15.4 22 180 M M 0 30 180
11 85 64 75 15 0 10 0.00 M M 9.1 17 170 M M 3 30 170
12 84 66 75 14 0 10 0.00 M M 15.1 21 180 M M 4 43 180
13 73 48 61 0 4 0 0.00 M M 13.7 22 330 M M 2 30 330
14 74 42 58 -3 7 0 0.00 M M 7.7 13 160 M M 0 20 130
15 89 53 71 9 0 6 0.00 M M 11.6 20 180 M M 1 29 170
16 72 50 61 -1 4 0 0.00 M M 8.8 15 360 M M 6 1 23 340
17 76 44 60 -2 5 0 0.00 M M 6.2 20 310 M M 3 24 310
18 73 45 59 -3 6 0 0.00 M M 6.5 12 100 M M 0 18 50
19 71 48 60 -3 5 0 0.00 M M 10.3 21 150 M M 3 29 140
20 94 65 80 17 0 15 0.00 M M 16.4 23 200 M M 4 35 200
21 87 70 79 16 0 14 0.00 M M 14.8 22 160 M M 6 30 160
22 83 70 77 14 0 12 0.00 M M 17.4 23 150 M M 7 41 160
23 81 67 74 10 0 9 0.03 M M 19.3 30 160 M M 5 38 160
24 73 52 63 -1 2 0 0.00 M M 10.4 22 170 M M 7 28 170
25 67 46 57 -7 8 0 0.00 M M 7.0 13 360 M M 1 20 10
26 71 43 57 -7 8 0 0.00 M M 5.0 10 70 M M 0 17 70
27 73 49 61 -4 4 0 0.00 M M 7.6 14 170 M M 4 21 160
28 79 60 70 5 0 5 0.00 M M 10.5 16 160 M M 5 25 150
29 83 67 75 10 0 10 0.00 M M 15.4 22 180 M M 4 31 180
30 79 53 66 0 0 1 0.00 M M 9.5 17 340 M M 1 27 340
================================================================================
SM 2346 1579 94 114 0.06 M 332.8 M 77
================================================================================
AV 78.2 52.6 11.1 FASTST M M 3 MAX(MPH)
MISC ----> 39 330 47 330
================================================================================
NOTES:
# LAST OF SEVERAL OCCURRENCES
COLUMN 17 PEAK WIND IN M.P.H.
PRELIMINARY LOCAL CLIMATOLOGICAL DATA (WS FORM: F-6) , PAGE 2
STATION: BOWIE
MONTH: APRIL
YEAR: 2022
LATITUDE: 33 36 N
LONGITUDE: 97 47 W
[TEMPERATURE DATA] [PRECIPITATION DATA] SYMBOLS USED IN COLUMN 16
AVERAGE MONTHLY: 65.4 TOTAL FOR MONTH: 0.06 1 = FOG OR MIST
DPTR FM NORMAL: 3.8 DPTR FM NORMAL: -2.93 2 = FOG REDUCING VISIBILITY
HIGHEST: 94 ON 20 GRTST 24HR 0.03 ON 23-23 TO 1/4 MILE OR LESS
LOWEST: 34 ON 9 3 = THUNDER
SNOW, ICE PELLETS, HAIL 4 = ICE PELLETS
TOTAL MONTH: M 5 = HAIL
GRTST 24HR M ON M 6 = FREEZING RAIN OR DRIZZLE
GRTST DEPTH: M ON M 7 = DUSTSTORM OR SANDSTORM:
VSBY 1/2 MILE OR LESS
8 = SMOKE OR HAZE
[NO. OF DAYS WITH] [WEATHER - DAYS WITH] 9 = BLOWING SNOW
X = TORNADO
MAX 32 OR BELOW: 0 0.01 INCH OR MORE: 3
MAX 90 OR ABOVE: 2 0.10 INCH OR MORE: 0
MIN 32 OR BELOW: 0 0.50 INCH OR MORE: 0
MIN 0 OR BELOW: 0 1.00 INCH OR MORE: 0
[HDD (BASE 65) ]
TOTAL THIS MO. 94 CLEAR (SCALE 0-3) 17
DPTR FM NORMAL -63 PTCLDY (SCALE 4-7) 13
TOTAL FM JUL 1 2434 CLOUDY (SCALE 8-10) 0
DPTR FM NORMAL -615
[CDD (BASE 65) ]
TOTAL THIS MO. 114
DPTR FM NORMAL 59 [PRESSURE DATA]
TOTAL FM JAN 1 139 HIGHEST SLP M ON M
DPTR FM NORMAL 69 LOWEST SLP M ON M
[REMARKS]
#FINAL-04-22#