000
CXUS51 KBTV 011342
CLM1V4
CLIMATE REPORT
NATIONAL WEATHER SERVICE BURLINGTON VT
842 AM EST MON JAN 01 2024
...................................
...THE SAINT JOHNSBURY VT ASOS CLIMATE SUMMARY FOR THE MONTH OF DECEMBER 2023...
CLIMATE NORMAL PERIOD: 1991 TO 2020
CLIMATE RECORD PERIOD: 1998 TO 2023
WEATHER OBSERVED NORMAL DEPART LAST YEAR`S
VALUE DATE(S) VALUE FROM VALUE DATE(S)
NORMAL
................................................................
TEMPERATURE (F)
RECORD
HIGH 67
LOW -43
HIGHEST 63 12/18 MM MM 51 12/23
12/30
LOWEST 13 12/07 MM MM 3 12/13
AVG. MAXIMUM 42.3 31.5 10.8 35.6
AVG. MINIMUM 26.8 16.1 10.7 21.3
MEAN 34.6 23.8 10.8 28.4
DAYS MAX >= 90 0 0.0 0.0 0
DAYS MAX <= 32 2 15.7 -13.7 13
DAYS MIN <= 32 13 28.7 -15.7 28
DAYS MIN <= 0 0 3.6 -3.6 0
PRECIPITATION (INCHES)
RECORD
MAXIMUM 7.91 1973
MINIMUM 0.00 2022
TOTALS 5.30 2.93 2.37 0.00
DAILY AVG. 0.17 0.09 0.08 0.00
DAYS >= .01 16 15.4 0.6 0
DAYS >= .10 10 7.4 2.6 0
DAYS >= .50 4 1.9 2.1 0
DAYS >= 1.00 1 0.3 0.7 0
GREATEST
24 HR. TOTAL 1.55 12/18 TO 12/18 MM
STORM TOTAL 1.55 0.00
(MM/DD(HH)) MM
DEGREE DAYS
HEATING TOTAL 441 1277 -836 1126
SINCE 7/1 1726 3017 -1291 MM
COOLING TOTAL 0 0 0 0
SINCE 1/1 521 330 191 MM
................................................................
WIND (MPH)
AVERAGE WIND SPEED MM
HIGHEST WIND SPEED/DIRECTION MM DATE MM
HIGHEST GUST SPEED/DIRECTION MM DATE MM
SKY COVER
POSSIBLE SUNSHINE (PERCENT) MM
AVERAGE SKY COVER 0.00
NUMBER OF DAYS FAIR 31
NUMBER OF DAYS PC 0
NUMBER OF DAYS CLOUDY 0
AVERAGE RH (PERCENT) 68
WEATHER CONDITIONS. NUMBER OF DAYS WITH
THUNDERSTORM 0 MIXED PRECIP 0
HEAVY RAIN 0 RAIN 0
LIGHT RAIN 0 FREEZING RAIN 0
LT FREEZING RAIN 0 HAIL 0
HEAVY SNOW 0 SNOW 0
LIGHT SNOW 0 SLEET 0
FOG 0 FOG W/VIS <= 1/4 MILE 0
HAZE 0
- INDICATES NEGATIVE NUMBERS.
R INDICATES RECORD WAS SET OR TIED.
MM INDICATES DATA IS MISSING.
T INDICATES TRACE AMOUNT.
$$