000
CXUS55 KBOU 011000
CF620V
PRELIMINARY LOCAL CLIMATOLOGICAL DATA (WS FORM: F-6)
STATION: KREMMLING
MONTH: DECEMBER
YEAR: 2023
LATITUDE: 40 3 N
LONGITUDE: 106 22 W
TEMPERATURE IN F: :PCPN: SNOW: WIND :SUNSHINE: SKY :PK WND
================================================================================
1 2 3 4 5 6A 6B 7 8 9 10 11 12 13 14 15 16 17 18
12Z AVG MX 2MIN
DY MAX MIN AVG DEP HDD CDD WTR SNW DPTH SPD SPD DIR MIN PSBL S-S WX SPD DR
================================================================================
1 34 12 23 M 42 0 M M M 1.2 10 230 M M 8 M M
2 30 16 23 M 42 0 M M M 7.2 21 250 M M 10 35 250
3 34 27 31 M 34 0 M M M 9.4 29 250 M M 10 41 250
4 41 27 34 M 31 0 M M M 9.4 20 280 M M 8 27 280
5 37 12 25 M 40 0 M M M 0.9 8 260 M M 1 1 M M
6 23 12 18 M 47 0 M M M 0.0 M M M M 10 12 M M
7 41 9 25 M 40 0 M M M 6.4 29 260 M M 10 12 44 250
8 32 19 26 M 39 0 M M M 1.3 6 90 M M 9 M M
9 25 1 13 M 52 0 M M M 0.6 5 350 M M 8 M M
10 23 -4 10 M 55 0 M M M 0.7 5 120 M M 8 M M
11 36 18 27 M 38 0 M M M 0.8 6 90 M M 8 M M
12 27 12 20 M 45 0 M M M 0.0 M M M M 8 12 M M
13 34 14 24 M 41 0 M M M 0.0 M M M M 5 M M
14 32 7 20 M 45 0 M M M 0.0 M M M M 4 12 M M
15 30 5 18 M 47 0 M M M 0.4 3 130 M M 4 12 M M
16 27 3 15 M 50 0 M M M 0.0 M M M M 5 12 M M
17 30 -4 13 M 52 0 M M M 0.6 3 330 M M 2 1 M M
18 25 -6 10 M 55 0 M M M 0.1 4 240 M M 0 1 M M
19 19 -4 8 M 57 0 M M M 0.0 M M M M 5 M M
20 36 14 25 M 40 0 M M M 0.1 3 240 M M 7 M M
21 37 10 24 M 41 0 M M M 0.1 3 30 M M 7 M M
22 23 12 18 M 47 0 M M M 0.0 M M M M 10 12 M M
23 32 14 23 M 42 0 M M M 0.5 7 360 M M 10 1 M M
24 27 0 14 M 51 0 M M M 3.3 12 350 M M 10 16 340
25 14 -13 1 M 64 0 M M M 0.1 4 200 M M 7 M M
26 19 0 10 M 55 0 M M M 0.4 4 340 M M 10 M M
27 21 -9 6 M 59 0 M M M 0.1 3 270 M M 3 M M
28 16 -13 2 M 63 0 M M M 0.0 M M M M 4 18 M M
29 12 -17 -2 M 67 0 M M M 0.1 3 270 M M 2 M M
30 14 -17 -1 M 66 0 M M M 0.0 M M M M 1 1 M M
31 19 -8 6 M 59 0 M M M 0.0 M M M M 3 M M
================================================================================
SM 850 149 1506 0 M M 43.7 M 197
================================================================================
AV 27.4 4.8 1.4 FASTST M M 6 MAX(MPH)
MISC ----> 29 260 44 250
================================================================================
NOTES:
# LAST OF SEVERAL OCCURRENCES
COLUMN 17 PEAK WIND IN M.P.H.
PRELIMINARY LOCAL CLIMATOLOGICAL DATA (WS FORM: F-6) , PAGE 2
STATION: KREMMLING
MONTH: DECEMBER
YEAR: 2023
LATITUDE: 40 3 N
LONGITUDE: 106 22 W
[TEMPERATURE DATA] [PRECIPITATION DATA] SYMBOLS USED IN COLUMN 16
AVERAGE MONTHLY: 16.1 TOTAL FOR MONTH: M 1 = FOG OR MIST
DPTR FM NORMAL: 0.0 DPTR FM NORMAL: M 2 = FOG REDUCING VISIBILITY
HIGHEST: 41 ON 7, 4 GRTST 24HR M ON M TO 1/4 MILE OR LESS
LOWEST: -17 ON 29,30 3 = THUNDER
SNOW, ICE PELLETS, HAIL 4 = ICE PELLETS
TOTAL MONTH: M 5 = HAIL
GRTST 24HR M ON M 6 = FREEZING RAIN OR DRIZZLE
GRTST DEPTH: M ON M 7 = DUSTSTORM OR SANDSTORM:
VSBY 1/2 MILE OR LESS
8 = SMOKE OR HAZE
[NO. OF DAYS WITH] [WEATHER - DAYS WITH] 9 = BLOWING SNOW
X = TORNADO
MAX 32 OR BELOW: 22 0.01 INCH OR MORE: 0
MAX 90 OR ABOVE: 0 0.10 INCH OR MORE: 0
MIN 32 OR BELOW: 31 0.50 INCH OR MORE: 0
MIN 0 OR BELOW: 12 1.00 INCH OR MORE: 0
[HDD (BASE 65) ]
TOTAL THIS MO. 1506 CLEAR (SCALE 0-3) 6
DPTR FM NORMAL M PTCLDY (SCALE 4-7) 12
TOTAL FM JUL 1 3664 CLOUDY (SCALE 8-10) 13
DPTR FM NORMAL M
[CDD (BASE 65) ]
TOTAL THIS MO. 0
DPTR FM NORMAL M [PRESSURE DATA]
TOTAL FM JAN 1 50 HIGHEST SLP M ON M
DPTR FM NORMAL M LOWEST SLP M ON M
[REMARKS]
#FINAL-12-23#