000
CXUS53 KUNR 010930
CF62WX
PRELIMINARY LOCAL CLIMATOLOGICAL DATA (WS FORM: F-6)
STATION: BUFFALO SD
MONTH: APRIL
YEAR: 2023
LATITUDE: 45 35 N
LONGITUDE: 103 33 W
TEMPERATURE IN F: :PCPN: SNOW: WIND :SUNSHINE: SKY :PK WND
================================================================================
1 2 3 4 5 6A 6B 7 8 9 10 11 12 13 14 15 16 17 18
12Z AVG MX 2MIN
DY MAX MIN AVG DEP HDD CDD WTR SNW DPTH SPD SPD DIR MIN PSBL S-S WX SPD DR
================================================================================
1 58 21 40 1 25 0 0.00 M M 10.5 24 240 M M M 30 210
2 52 24 38 -1 27 0 0.00 M M 22.1 47 280 M M M 60 280
3 43 23 33 -7 32 0 0.00 M M 9.3 18 50 M M M 23 50
4 28 19 24 -16 41 0 0.04 M M 16.6 24 330 M M M 32 330
5 35 14 25 -15 40 0 0.00 M M 18.4 35 310 M M M 43 310
6 50 19 35 -6 30 0 0.00 M M 6.9 21 240 M M M 28 240
7 59 24 42 1 23 0 0.00 M M 10.7 22 130 M M M 28 130
8 69 27 48 7 17 0 0.00 M M 12.3 26 290 M M M 34 290
9 69 37 53 12 12 0 0.00 M M 12.1 25 280 M M M 33 280
10 80 41 61 19 4 0 0.00 M M 9.6 22 240 M M M 27 250
11 89 46 68 26 0 3 0.00 M M 14.7 25 260 M M M 33 250
12 61 40 51 9 14 0 0.00 M M 15.3 28 310 M M M 38 320
13 52 35 44 1 21 0 0.00 M M 12.2 20 80 M M M 24 70
14 41 36 39 -4 26 0 0.00 M M 17.7 29 300 M M M 35 320
15 49 31 40 -3 25 0 0.00 M M 13.3 22 330 M M M 28 340
16 59 25 42 -2 23 0 0.00 M M 9.0 21 130 M M M 28 130
17 64 34 49 5 16 0 0.00 M M 19.8 33 130 M M M 41 130
18 56 39 48 4 17 0 0.07 M M 10.4 33 140 M M M 42 140
19 54 30 42 -2 23 0 0.00 M M 21.1 39 260 M M M 49 280
20 37 27 32 -13 33 0 0.00 M M 30.0 45 320 M M M 55 310
21 37 24 31 -14 34 0 0.00 M M 26.2 37 320 M M M 47 300
22 44 21 33 -12 32 0 0.00 M M 14.4 23 320 M M M 32 300
23 52 21 37 -9 28 0 0.00 M M 5.3 13 90 M M M 19 90
24 61 26 44 -2 21 0 0.00 M M 16.8 29 140 M M M 40 130
25 50 30 40 -6 25 0 0.00 M M 15.2 29 130 M M M 36 130
26 68 33 51 4 14 0 0.00 M M 12.2 31 300 M M M 39 290
27 63 43 53 6 12 0 0.00 M M 19.2 41 320 M M M 51 320
28 62 36 49 1 16 0 0.00 M M 13.9 30 310 M M M 46 320
29 62 37 50 2 15 0 0.00 M M 18.3 32 340 M M M 47 330
30 60 30 45 -3 20 0 0.00 M M 6.7 14 80 M M M 18 20
================================================================================
SM 1664 893 666 3 0.11 M 440.2 M M
================================================================================
AV 55.5 29.8 14.7 FASTST M M M MAX(MPH)
MISC ----> 47 280 60 280
================================================================================
NOTES:
# LAST OF SEVERAL OCCURRENCES
COLUMN 17 PEAK WIND IN M.P.H.
PRELIMINARY LOCAL CLIMATOLOGICAL DATA (WS FORM: F-6) , PAGE 2
STATION: BUFFALO SD
MONTH: APRIL
YEAR: 2023
LATITUDE: 45 35 N
LONGITUDE: 103 33 W
[TEMPERATURE DATA] [PRECIPITATION DATA] SYMBOLS USED IN COLUMN 16
AVERAGE MONTHLY: 42.6 TOTAL FOR MONTH: 0.11 1 = FOG OR MIST
DPTR FM NORMAL: -0.9 DPTR FM NORMAL: -1.33 2 = FOG REDUCING VISIBILITY
HIGHEST: 89 ON 11 GRTST 24HR 0.07 ON 18-18 TO 1/4 MILE OR LESS
LOWEST: 14 ON 5 3 = THUNDER
SNOW, ICE PELLETS, HAIL 4 = ICE PELLETS
TOTAL MONTH: M 5 = HAIL
GRTST 24HR M ON M 6 = FREEZING RAIN OR DRIZZLE
GRTST DEPTH: M ON M 7 = DUSTSTORM OR SANDSTORM:
VSBY 1/2 MILE OR LESS
8 = SMOKE OR HAZE
[NO. OF DAYS WITH] [WEATHER - DAYS WITH] 9 = BLOWING SNOW
X = TORNADO
MAX 32 OR BELOW: 1 0.01 INCH OR MORE: 2
MAX 90 OR ABOVE: 0 0.10 INCH OR MORE: 0
MIN 32 OR BELOW: 18 0.50 INCH OR MORE: 0
MIN 0 OR BELOW: 0 1.00 INCH OR MORE: 0
[HDD (BASE 65) ]
TOTAL THIS MO. 666 CLEAR (SCALE 0-3) 0
DPTR FM NORMAL 19 PTCLDY (SCALE 4-7) 0
TOTAL FM JUL 1 7214 CLOUDY (SCALE 8-10) 30
DPTR FM NORMAL -10
[CDD (BASE 65) ]
TOTAL THIS MO. 3
DPTR FM NORMAL 3 [PRESSURE DATA]
TOTAL FM JAN 1 3 HIGHEST SLP 30.32 ON 22
DPTR FM NORMAL 3 LOWEST SLP 29.44 ON 18
[REMARKS]
#FINAL-04-23#