000
CXUS53 KUNR 011030
CF62WX
PRELIMINARY LOCAL CLIMATOLOGICAL DATA (WS FORM: F-6)
STATION: BUFFALO SD
MONTH: JANUARY
YEAR: 2023
LATITUDE: 45 35 N
LONGITUDE: 103 33 W
TEMPERATURE IN F: :PCPN: SNOW: WIND :SUNSHINE: SKY :PK WND
================================================================================
1 2 3 4 5 6A 6B 7 8 9 10 11 12 13 14 15 16 17 18
12Z AVG MX 2MIN
DY MAX MIN AVG DEP HDD CDD WTR SNW DPTH SPD SPD DIR MIN PSBL S-S WX SPD DR
================================================================================
1 38 22 30 8 35 0 0.00 M M 6.8 16 260 M M M 19 250
2 33 19 26 4 39 0 0.00 M M 3.8 8 310 M M M 10 320
3 29 11 20 -2 45 0 0.00 M M 3.0 10 80 M M M 11 80
4 33 12 23 2 42 0 0.00 M M 7.0 18 310 M M M 23 310
5 37 14 26 5 39 0 0.00 M M 5.6 13 290 M M M 15 280
6 32 14 23 2 42 0 0.00 M M 4.5 10 150 M M M 12 170
7 46 11 29 8 36 0 0.00 M M 5.3 15 260 M M M 18 260
8 45 24 35 14 30 0 0.00 M M 5.2 14 280 M M M 16 280
9 46 26 36 15 29 0 0.00 M M 11.2 23 280 M M M 28 290
10 40 23 32 11 33 0 0.00 M M 6.3 15 260 M M M 18 260
11 32 19 26 5 39 0 0.00 M M 7.2 15 320 M M M 18 320
12 36 12 24 3 41 0 0.00 M M 5.8 13 160 M M M 17 160
13 50 19 35 14 30 0 0.00 M M 3.8 10 230 M M M 13 230
14 52 26 39 18 26 0 0.00 M M 9.6 29 290 M M M 37 290
15 47 31 39 18 26 0 0.00 M M 6.5 15 30 M M M 18 40
16 32 26 29 8 36 0 0.01 M M 8.1 15 30 M M M 18 50
17 32 25 29 8 36 0 0.00 M M 4.9 9 150 M M 0 11 150
18 36 26 31 10 34 0 0.00 M M 3.9 12 270 M M M 14 270
19 40 19 30 9 35 0 0.00 M M 7.5 18 290 M M M 21 290
20 37 19 28 7 37 0 0.00 M M 9.9 18 290 M M M 23 270
21 38 23 31 10 34 0 0.00 M M 13.3 29 310 M M M 37 300
22 41 22 32 11 33 0 0.00 M M 9.4 28 310 M M M 36 310
23 36 24 30 9 35 0 0.01 M M 13.8 32 310 M M M 42 320
24 37 23 30 9 35 0 0.01 M M 20.1 32 280 M M M 43 320
25 34 21 28 7 37 0 0.00 M M 18.4 31 310 M M M 38 310
26 41 19 30 9 35 0 0.04 M M 24.0 51 320 M M M 63 320
27 35 23 29 8 36 0 0.05 M M 10.7 40 310 M M M 51 310
28 23 -3 10 -11 55 0 0.05 M M 12.3 22 40 M M M 28 40
29 5 -14 -4 -25 69 0 0.00 M M 12.0 26 310 M M M 31 310
30 10 -16 -3 -24 68 0 0.00 M M 12.3 24 260 M M M 29 260
31 24 -1 12 -9 53 0 0.00 M M 12.1 22 250 M M M 25 250
================================================================================
SM 1097 519 1200 0 0.17 M 284.3 M 0
================================================================================
AV 35.4 16.7 9.2 FASTST M M 0 MAX(MPH)
MISC ----> 51 320 63 320
================================================================================
NOTES:
# LAST OF SEVERAL OCCURRENCES
COLUMN 17 PEAK WIND IN M.P.H.
PRELIMINARY LOCAL CLIMATOLOGICAL DATA (WS FORM: F-6) , PAGE 2
STATION: BUFFALO SD
MONTH: JANUARY
YEAR: 2023
LATITUDE: 45 35 N
LONGITUDE: 103 33 W
[TEMPERATURE DATA] [PRECIPITATION DATA] SYMBOLS USED IN COLUMN 16
AVERAGE MONTHLY: 26.1 TOTAL FOR MONTH: 0.17 1 = FOG OR MIST
DPTR FM NORMAL: 4.9 DPTR FM NORMAL: -0.14 2 = FOG REDUCING VISIBILITY
HIGHEST: 52 ON 14 GRTST 24HR 0.44 ON 2- 2 TO 1/4 MILE OR LESS
LOWEST: -16 ON 30 3 = THUNDER
SNOW, ICE PELLETS, HAIL 4 = ICE PELLETS
TOTAL MONTH: M 5 = HAIL
GRTST 24HR M ON M 6 = FREEZING RAIN OR DRIZZLE
GRTST DEPTH: M ON M 7 = DUSTSTORM OR SANDSTORM:
VSBY 1/2 MILE OR LESS
8 = SMOKE OR HAZE
[NO. OF DAYS WITH] [WEATHER - DAYS WITH] 9 = BLOWING SNOW
X = TORNADO
MAX 32 OR BELOW: 9 0.01 INCH OR MORE: 6
MAX 90 OR ABOVE: 0 0.10 INCH OR MORE: 0
MIN 32 OR BELOW: 31 0.50 INCH OR MORE: 0
MIN 0 OR BELOW: 4 1.00 INCH OR MORE: 0
[HDD (BASE 65) ]
TOTAL THIS MO. 1200 CLEAR (SCALE 0-3) 1
DPTR FM NORMAL -159 PTCLDY (SCALE 4-7) 0
TOTAL FM JUL 1 4230 CLOUDY (SCALE 8-10) 30
DPTR FM NORMAL -207
[CDD (BASE 65) ]
TOTAL THIS MO. 0
DPTR FM NORMAL 0 [PRESSURE DATA]
TOTAL FM JAN 1 0 HIGHEST SLP 30.55 ON 29
DPTR FM NORMAL 0 LOWEST SLP 29.45 ON 15
[REMARKS]
#FINAL-01-23#