000
CXUS53 KUNR 011030
CF62WX
PRELIMINARY LOCAL CLIMATOLOGICAL DATA (WS FORM: F-6)
STATION: BUFFALO SD
MONTH: FEBRUARY
YEAR: 2024
LATITUDE: 45 35 N
LONGITUDE: 103 33 W
TEMPERATURE IN F: :PCPN: SNOW: WIND :SUNSHINE: SKY :PK WND
================================================================================
1 2 3 4 5 6A 6B 7 8 9 10 11 12 13 14 15 16 17 18
12Z AVG MX 2MIN
DY MAX MIN AVG DEP HDD CDD WTR SNW DPTH SPD SPD DIR MIN PSBL S-S WX SPD DR
================================================================================
1 58 30 44 23 21 0 0.00 M M 11.1 22 130 M M M 28 130
2 38 31 35 14 30 0 0.00 M M 14.5 23 150 M M M 28 150
3 40 33 37 16 28 0 0.00 M M 11.7 22 140 M M M 29 140
4 38 33 36 15 29 0 0.02 M M 9.7 17 180 M M M 21 180
5 58 24 41 20 24 0 0.00 M M 7.1 21 190 M M M 26 190
6 46 31 39 17 26 0 0.00 M M 10.8 24 50 M M M 29 60
7 33 31 32 10 33 0 0.00 M M 9.9 22 80 M M M 27 70
8 32 27 30 8 35 0 0.00 M M 22.9 35 310 M M M 46 310
9 31 24 28 6 37 0 0.01 M M 14.3 21 320 M M M 27 330
10 32 22 27 5 38 0 0.00 M M 11.0 23 310 M M M 29 310
11 46 20 33 11 32 0 0.00 M M 14.5 29 290 M M M 37 290
12 39 29 34 12 31 0 0.05 M M 3.0 10 340 M M M 13 360
13 39 25 32 9 33 0 0.02 M M 10.7 22 320 M M M 26 320
14 27 19 23 0 42 0 0.05 M M 7.6 15 340 M M M 18 330
15 25 13 19 -4 46 0 0.01 M M 7.9 17 350 M M M 21 350
16 16 0 8 -15 57 0 0.00 M M 15.0 25 310 M M M 31 310
17 37 9 23 -1 42 0 0.00 M M 19.5 33 280 M M M 41 290
18 48 17 33 9 32 0 0.00 M M 9.2 21 160 M M M 25 160
19 51 23 37 13 28 0 0.00 M M 13.5 31 300 M M M 37 290
20 58 26 42 18 23 0 0.00 M M 8.7 29 280 M M M 34 280
21 58 29 44 19 21 0 0.00 M M 9.2 20 300 M M M 26 300
22 54 26 40 15 25 0 0.00 M M 16.7 38 300 M M M 45 290
23 53 30 42 17 23 0 0.00 M M 19.8 37 310 M M M 45 320
24 57 28 43 17 22 0 0.00 M M 17.3 40 300 M M M 49 290
25 56 35 46 20 19 0 0.03 M M 7.8 18 160 M M M 23 180
26 65 14 40 14 25 0 0.00 M M 18.7 38 330 M M M 52 320
27 14 -1 7 -20 58 0 0.00 M M 17.9 43 320 M M M 53 320
28 46 -3 22 -5 43 0 0.00 M M 8.3 23 260 M M M 30 240
29 64 28 46 19 19 0 0.00 M M 7.3 18 200 M M M 23 170
================================================================================
SM 1259 653 922 0 0.19 M 355.6 M M
================================================================================
AV 43.4 22.5 12.3 FASTST M M M MAX(MPH)
MISC ----> 43 320 53 320
================================================================================
NOTES:
# LAST OF SEVERAL OCCURRENCES
COLUMN 17 PEAK WIND IN M.P.H.
PRELIMINARY LOCAL CLIMATOLOGICAL DATA (WS FORM: F-6) , PAGE 2
STATION: BUFFALO SD
MONTH: FEBRUARY
YEAR: 2024
LATITUDE: 45 35 N
LONGITUDE: 103 33 W
[TEMPERATURE DATA] [PRECIPITATION DATA] SYMBOLS USED IN COLUMN 16
AVERAGE MONTHLY: 33.0 TOTAL FOR MONTH: 0.19 1 = FOG OR MIST
DPTR FM NORMAL: 9.7 DPTR FM NORMAL: -0.22 2 = FOG REDUCING VISIBILITY
HIGHEST: 65 ON 26 GRTST 24HR 0.07 ON 12-13 TO 1/4 MILE OR LESS
LOWEST: -3 ON 28 3 = THUNDER
SNOW, ICE PELLETS, HAIL 4 = ICE PELLETS
TOTAL MONTH: M 5 = HAIL
GRTST 24HR M ON M 6 = FREEZING RAIN OR DRIZZLE
GRTST DEPTH: M ON M 7 = DUSTSTORM OR SANDSTORM:
VSBY 1/2 MILE OR LESS
8 = SMOKE OR HAZE
[NO. OF DAYS WITH] [WEATHER - DAYS WITH] 9 = BLOWING SNOW
X = TORNADO
MAX 32 OR BELOW: 7 0.01 INCH OR MORE: 7
MAX 90 OR ABOVE: 0 0.10 INCH OR MORE: 0
MIN 32 OR BELOW: 26 0.50 INCH OR MORE: 0
MIN 0 OR BELOW: 3 1.00 INCH OR MORE: 0
[HDD (BASE 65) ]
TOTAL THIS MO. 922 CLEAR (SCALE 0-3) 0
DPTR FM NORMAL -244 PTCLDY (SCALE 4-7) 0
TOTAL FM JUL 1 4783 CLOUDY (SCALE 8-10) 29
DPTR FM NORMAL -894
[CDD (BASE 65) ]
TOTAL THIS MO. 0
DPTR FM NORMAL 0 [PRESSURE DATA]
TOTAL FM JAN 1 0 HIGHEST SLP 30.57 ON 16
DPTR FM NORMAL 0 LOWEST SLP 29.25 ON 26
[REMARKS]
#FINAL-02-24#