000
CXUS53 KUNR 010930
CF62WX
PRELIMINARY LOCAL CLIMATOLOGICAL DATA (WS FORM: F-6)
STATION: BUFFALO SD
MONTH: AUGUST
YEAR: 2022
LATITUDE: 45 35 N
LONGITUDE: 103 33 W
TEMPERATURE IN F: :PCPN: SNOW: WIND :SUNSHINE: SKY :PK WND
================================================================================
1 2 3 4 5 6A 6B 7 8 9 10 11 12 13 14 15 16 17 18
12Z AVG MX 2MIN
DY MAX MIN AVG DEP HDD CDD WTR SNW DPTH SPD SPD DIR MIN PSBL S-S WX SPD DR
================================================================================
1 104 62 83 10 0 18 0.00 M M 11.9 32 270 M M M 43 250
2 97 63 80 7 0 15 0.00 M M 11.6 39 280 M M M 52 270
3 93 60 77 4 0 12 0.00 M M 8.3 21 160 M M M 27 210
4 103 66 85 12 0 20 0.00 M M 9.1 21 150 M M M 28 150
5 95 64 80 7 0 15 0.00 M M 13.1 29 360 M M M 38 20
6 64 56 60 -12 5 0 0.12 M M 10.5 21 60 M M M 28 50
7 79 54 67 -5 0 2 0.36 M M 8.0 20 290 M M M 30 290
8 93 55 74 2 0 9 0.00 M M 6.5 13 150 M M M 21 250
9 98 63 81 9 0 16 0.00 M M 8.6 21 60 M M M 27 60
10 96 60 78 6 0 13 0.00 M M 17.4 24 100 M M M 34 110
11 99 63 81 9 0 16 0.00 M M 9.2 20 100 M M M 26 100
12 96 67 82 10 0 17 0.00 M M 9.1 23 350 M M M 29 350
13 99 65 82 11 0 17 0.00 M M 10.2 21 160 M M M 27 160
14 95 69 82 11 0 17 0.00 M M 8.1 23 340 M M M 29 330
15 93 63 78 7 0 13 0.15 M M 7.0 26 360 M M M 35 350
16 92 59 76 5 0 11 0.00 M M 6.0 22 60 M M M 27 60
17 92 58 75 5 0 10 0.00 M M 8.4 32 250 M M M 44 250
18 87 63 75 5 0 10 0.00 M M 13.5 23 350 M M M 31 310
19 82 53 68 -2 0 3 0.00 M M 9.7 22 40 M M M 28 350
20 86 55 71 1 0 6 0.00 M M 10.7 22 140 M M M 31 150
21 97 61 79 9 0 14 0.00 M M 8.0 18 140 M M M 25 140
22 97 59 78 9 0 13 0.00 M M 8.6 26 340 M M M 33 340
23 91 63 77 8 0 12 0.07 M M 8.6 22 70 M M M 31 60
24 83 60 72 3 0 7 0.00 M M 10.9 21 60 M M M 27 50
25 68 60 64 -4 1 0 0.08 M M 9.9 21 140 M M M 27 150
26 85 61 73 5 0 8 0.00 M M 13.9 26 180 M M M 35 180
27 95 56 76 8 0 11 0.00 M M 10.9 45 290 M M M 55 290
28 81 55 68 0 0 3 0.00 M M 19.2 36 280 M M M 45 300
29 82 52 67 0 0 2 0.00 M M 12.1 26 310 M M M 35 320
30 95 55 75 8 0 10 0.00 M M 4.1 14 330 M M M 19 340
31 95 57 76 9 0 11 0.00 M M 5.4 13 340 M M M 20 40
================================================================================
SM 2812 1857 6 331 0.78 M 308.5 M M
================================================================================
AV 90.7 59.9 10.0 FASTST M M M MAX(MPH)
MISC ----> 45 290 55 290
================================================================================
NOTES:
# LAST OF SEVERAL OCCURRENCES
COLUMN 17 PEAK WIND IN M.P.H.
PRELIMINARY LOCAL CLIMATOLOGICAL DATA (WS FORM: F-6) , PAGE 2
STATION: BUFFALO SD
MONTH: AUGUST
YEAR: 2022
LATITUDE: 45 35 N
LONGITUDE: 103 33 W
[TEMPERATURE DATA] [PRECIPITATION DATA] SYMBOLS USED IN COLUMN 16
AVERAGE MONTHLY: 75.3 TOTAL FOR MONTH: 0.78 1 = FOG OR MIST
DPTR FM NORMAL: 4.8 DPTR FM NORMAL: -0.35 2 = FOG REDUCING VISIBILITY
HIGHEST: 104 ON 1 GRTST 24HR 0.39 ON 6- 7 TO 1/4 MILE OR LESS
LOWEST: 52 ON 29 3 = THUNDER
SNOW, ICE PELLETS, HAIL 4 = ICE PELLETS
TOTAL MONTH: M 5 = HAIL
GRTST 24HR M ON M 6 = FREEZING RAIN OR DRIZZLE
GRTST DEPTH: M ON M 7 = DUSTSTORM OR SANDSTORM:
VSBY 1/2 MILE OR LESS
8 = SMOKE OR HAZE
[NO. OF DAYS WITH] [WEATHER - DAYS WITH] 9 = BLOWING SNOW
X = TORNADO
MAX 32 OR BELOW: 0 0.01 INCH OR MORE: 5
MAX 90 OR ABOVE: 21 0.10 INCH OR MORE: 3
MIN 32 OR BELOW: 0 0.50 INCH OR MORE: 0
MIN 0 OR BELOW: 0 1.00 INCH OR MORE: 0
[HDD (BASE 65) ]
TOTAL THIS MO. 6 CLEAR (SCALE 0-3) 0
DPTR FM NORMAL -24 PTCLDY (SCALE 4-7) 0
TOTAL FM JUL 1 6 CLOUDY (SCALE 8-10) 31
DPTR FM NORMAL -34
[CDD (BASE 65) ]
TOTAL THIS MO. 331
DPTR FM NORMAL 132 [PRESSURE DATA]
TOTAL FM JAN 1 716 HIGHEST SLP 30.18 ON 25
DPTR FM NORMAL 198 LOWEST SLP 29.42 ON 27
[REMARKS]
#FINAL-08-22#