000
CXUS53 KUNR 010930
CF62WX
PRELIMINARY LOCAL CLIMATOLOGICAL DATA (WS FORM: F-6)
STATION: BUFFALO SD
MONTH: APRIL
YEAR: 2022
LATITUDE: 45 35 N
LONGITUDE: 103 33 W
TEMPERATURE IN F: :PCPN: SNOW: WIND :SUNSHINE: SKY :PK WND
================================================================================
1 2 3 4 5 6A 6B 7 8 9 10 11 12 13 14 15 16 17 18
12Z AVG MX 2MIN
DY MAX MIN AVG DEP HDD CDD WTR SNW DPTH SPD SPD DIR MIN PSBL S-S WX SPD DR
================================================================================
1 54 26 40 1 25 0 0.05 M M 12.9 39 300 M M M 48 300
2 58 25 42 3 23 0 0.00 M M 9.2 26 300 M M M 34 300
3 52 31 42 2 23 0 0.06 M M 22.9 47 300 M M M 61 300
4 65 31 48 8 17 0 0.00 M M 12.0 26 240 M M M 40 240
5 49 39 44 4 21 0 0.02 M M 38.8 56 300 M M M 70 300
6 43 33 38 -3 27 0 0.00 M M 33.2 53 310 M M M 63 320
7 49 27 38 -3 27 0 0.00 M M 28.8 44 320 M M M 58 330
8 59 23 41 0 24 0 0.00 M M 9.9 20 160 M M M 24 180
9 55 30 43 2 22 0 0.00 M M 17.8 55 310 M M M 66 310
10 50 25 38 -4 27 0 0.00 M M 14.4 39 330 M M M 46 330
11 50 22 36 -6 29 0 0.00 M M 11.0 31 70 M M M 40 90
12 36 16 26 -16 39 0 0.15 M M 33.3 49 40 M M M 60 50
13 22 15 19 -24 46 0 0.08 M M 38.4 52 300 M M M 64 290
14 24 15 20 -23 45 0 0.00 M M 31.4 44 290 M M M 53 290
15 27 12 20 -23 45 0 0.00 M M 14.6 24 310 M M M 29 320
16 36 11 24 -20 41 0 0.00 M M 14.6 33 130 M M M 42 130
17 37 20 29 -15 36 0 0.00 M M 25.3 47 290 M M M 58 290
18 51 20 36 -8 29 0 0.00 M M 10.4 30 130 M M M 39 130
19 64 32 48 4 17 0 0.00 M M 17.7 32 130 M M M 42 130
20 58 26 42 -3 23 0 0.00 M M 17.8 36 300 M M M 46 290
21 58 21 40 -5 25 0 0.00 M M 17.5 40 130 M M M 51 120
22 54 35 45 0 20 0 0.94 M M 18.3 39 360 M M M 47 360
23 37 31 34 -12 31 0 0.08 M M 37.1 55 320 M M M 72 320
24 44 31 38 -8 27 0 0.02 M M 33.9 53 320 M M M 66 310
25 54 27 41 -5 24 0 0.00 M M 6.9 14 130 M M M 20 120
26 54 27 41 -6 24 0 0.00 M M 15.5 30 120 M M M 38 100
27 51 28 40 -7 25 0 0.00 M M 11.6 24 300 M M M 30 290
28 61 38 50 2 15 0 0.09 M M 9.4 23 310 M M M 30 310
29 47 41 44 -4 21 0 0.48 M M 16.3 26 10 M M M 37 360
30 58 40 49 1 16 0 0.00 M M 22.7 35 320 M M M 45 330
================================================================================
SM 1457 798 814 0 1.97 M 603.6 M M
================================================================================
AV 48.6 26.6 20.1 FASTST M M M MAX(MPH)
MISC ----> 56 300 72 320
================================================================================
NOTES:
# LAST OF SEVERAL OCCURRENCES
COLUMN 17 PEAK WIND IN M.P.H.
PRELIMINARY LOCAL CLIMATOLOGICAL DATA (WS FORM: F-6) , PAGE 2
STATION: BUFFALO SD
MONTH: APRIL
YEAR: 2022
LATITUDE: 45 35 N
LONGITUDE: 103 33 W
[TEMPERATURE DATA] [PRECIPITATION DATA] SYMBOLS USED IN COLUMN 16
AVERAGE MONTHLY: 37.6 TOTAL FOR MONTH: 1.97 1 = FOG OR MIST
DPTR FM NORMAL: -5.9 DPTR FM NORMAL: 0.53 2 = FOG REDUCING VISIBILITY
HIGHEST: 65 ON 4 GRTST 24HR 0.94 ON 22-22 TO 1/4 MILE OR LESS
LOWEST: 11 ON 16 3 = THUNDER
SNOW, ICE PELLETS, HAIL 4 = ICE PELLETS
TOTAL MONTH: M 5 = HAIL
GRTST 24HR M ON M 6 = FREEZING RAIN OR DRIZZLE
GRTST DEPTH: M ON M 7 = DUSTSTORM OR SANDSTORM:
VSBY 1/2 MILE OR LESS
8 = SMOKE OR HAZE
[NO. OF DAYS WITH] [WEATHER - DAYS WITH] 9 = BLOWING SNOW
X = TORNADO
MAX 32 OR BELOW: 3 0.01 INCH OR MORE: 10
MAX 90 OR ABOVE: 0 0.10 INCH OR MORE: 3
MIN 32 OR BELOW: 24 0.50 INCH OR MORE: 1
MIN 0 OR BELOW: 0 1.00 INCH OR MORE: 0
[HDD (BASE 65) ]
TOTAL THIS MO. 814 CLEAR (SCALE 0-3) 0
DPTR FM NORMAL 167 PTCLDY (SCALE 4-7) 0
TOTAL FM JUL 1 6780 CLOUDY (SCALE 8-10) 30
DPTR FM NORMAL -444
[CDD (BASE 65) ]
TOTAL THIS MO. 0
DPTR FM NORMAL 0 [PRESSURE DATA]
TOTAL FM JAN 1 0 HIGHEST SLP 30.42 ON 18
DPTR FM NORMAL 0 LOWEST SLP 29.20 ON 5
[REMARKS]
#FINAL-04-22#