484
CXUS53 KUNR 010930
CF62WX
PRELIMINARY LOCAL CLIMATOLOGICAL DATA (WS FORM: F-6)
STATION: BUFFALO SD
MONTH: MARCH
YEAR: 2021
LATITUDE: 45 35 N
LONGITUDE: 103 33 W
TEMPERATURE IN F: :PCPN: SNOW: WIND :SUNSHINE: SKY :PK WND
================================================================================
1 2 3 4 5 6A 6B 7 8 9 10 11 12 13 14 15 16 17 18
12Z AVG MX 2MIN
DY MAX MIN AVG DEP HDD CDD WTR SNW DPTH SPD SPD DIR MIN PSBL S-S WX SPD DR
================================================================================
1 56 13 35 8 30 0 0.00 M M 12.0 29 230 M M M 36 250
2 58 28 43 15 22 0 0.00 M M 14.2 29 310 M M M 37 300
3 63 26 45 17 20 0 0.00 M M 8.2 22 290 M M M 30 280
4 66 28 47 19 18 0 0.00 M M 6.9 17 150 M M M 23 140
5 66 28 47 18 18 0 0.00 M M 4.5 12 150 M M M 18 130
6 62 28 45 16 20 0 0.00 M M 14.2 32 140 M M M 42 140
7 57 35 46 17 19 0 0.00 M M 12.7 25 290 M M M 33 300
8 61 31 46 16 19 0 0.00 M M 12.9 25 140 M M M 30 140
9 50 27 39 9 26 0 0.00 M M 18.5 36 300 M M M 42 290
10 34 25 30 0 35 0 0.00 M M 9.2 18 320 M M M 22 320
11 39 21 30 -1 35 0 0.00 M M 8.6 18 320 M M M 23 340
12 57 17 37 6 28 0 0.00 M M 7.7 17 220 M M M 25 240
13 60 23 42 10 23 0 0.00 M M 6.7 17 100 M M M 24 100
14 46 31 39 7 26 0 0.00 M M 14.9 26 90 M M M 33 90
15 32 29 31 -1 34 0 0.00 M M 8.5 16 120 M M M 20 120
16 37 28 33 1 32 0 0.02 M M 7.5 17 300 M M M 22 10
17 46 21 34 1 31 0 0.00 M M 8.7 21 320 M M M 27 310
18 50 18 34 1 31 0 0.00 M M 13.1 24 150 M M M 34 170
19 67 22 45 11 20 0 0.00 M M 10.5 15 160 M M M M M
20 65 33 49 15 16 0 0.00 M M 13.2 32 330 M M M 39 330
21 56 30 43 9 22 0 0.02 M M 16.9 33 290 M M M 43 280
22 59 24 42 7 23 0 0.00 M M 11.5 25 350 M M M 36 200
23 53 29 41 6 24 0 0.00 M M 18.4 32 350 M M M 39 350
24 53 31 42 7 23 0 0.00 M M 9.2 22 140 M M M 28 140
25 59 25 42 6 23 0 0.00 M M 8.9 21 350 M M M 26 350
26 47 31 39 3 26 0 0.01 M M 9.7 21 340 M M M 27 360
27 50 25 38 2 27 0 0.00 M M 16.4 35 300 M M M 41 290
28 71 21 46 9 19 0 0.00 M M 16.2 36 290 M M M 51 270
29 63 24 44 7 21 0 0.00 M M 34.9 61 310 M M 0 74 310
30 35 15 25 -12 40 0 0.00 M M 30.0 51 300 M M M 62 320
31 51 14 33 -5 32 0 0.00 M M 12.3 31 310 M M M 41 300
================================================================================
SM 1669 781 783 0 0.05 M 397.1 M 0
================================================================================
AV 53.8 25.2 12.8 FASTST M M 0 MAX(MPH)
MISC ----> 61 310 74 310
================================================================================
NOTES:
# LAST OF SEVERAL OCCURRENCES
COLUMN 17 PEAK WIND IN M.P.H.
PRELIMINARY LOCAL CLIMATOLOGICAL DATA (WS FORM: F-6) , PAGE 2
STATION: BUFFALO SD
MONTH: MARCH
YEAR: 2021
LATITUDE: 45 35 N
LONGITUDE: 103 33 W
[TEMPERATURE DATA] [PRECIPITATION DATA] SYMBOLS USED IN COLUMN 16
AVERAGE MONTHLY: 39.5 TOTAL FOR MONTH: 0.05 1 = FOG OR MIST
DPTR FM NORMAL: 7.0 DPTR FM NORMAL: -0.72 2 = FOG REDUCING VISIBILITY
HIGHEST: 71 ON 28 GRTST 24HR 0.02 ON 16-16 TO 1/4 MILE OR LESS
LOWEST: 13 ON 1 3 = THUNDER
SNOW, ICE PELLETS, HAIL 4 = ICE PELLETS
TOTAL MONTH: M 5 = HAIL
GRTST 24HR M ON M 6 = FREEZING RAIN OR DRIZZLE
GRTST DEPTH: M ON M 7 = DUSTSTORM OR SANDSTORM:
VSBY 1/2 MILE OR LESS
8 = SMOKE OR HAZE
[NO. OF DAYS WITH] [WEATHER - DAYS WITH] 9 = BLOWING SNOW
X = TORNADO
MAX 32 OR BELOW: 1 0.01 INCH OR MORE: 3
MAX 90 OR ABOVE: 0 0.10 INCH OR MORE: 0
MIN 32 OR BELOW: 29 0.50 INCH OR MORE: 0
MIN 0 OR BELOW: 0 1.00 INCH OR MORE: 0
[HDD (BASE 65) ]
TOTAL THIS MO. 783 CLEAR (SCALE 0-3) 1
DPTR FM NORMAL -223 PTCLDY (SCALE 4-7) 0
TOTAL FM JUL 1 6030 CLOUDY (SCALE 8-10) 30
DPTR FM NORMAL -774
[CDD (BASE 65) ]
TOTAL THIS MO. 0
DPTR FM NORMAL 0 [PRESSURE DATA]
TOTAL FM JAN 1 0 HIGHEST SLP 30.44 ON 31
DPTR FM NORMAL 0 LOWEST SLP 29.11 ON 29
[REMARKS]
#FINAL-03-21#