000
CXUS53 KUNR 010945
CF62WX
PRELIMINARY LOCAL CLIMATOLOGICAL DATA (WS FORM: F-6)
STATION: BUFFALO SD
MONTH: JUNE
YEAR: 2020
LATITUDE: 45 35 N
LONGITUDE: 103 33 W
TEMPERATURE IN F: :PCPN: SNOW: WIND :SUNSHINE: SKY :PK WND
================================================================================
1 2 3 4 5 6A 6B 7 8 9 10 11 12 13 14 15 16 17 18
12Z AVG MX 2MIN
DY MAX MIN AVG DEP HDD CDD WTR SNW DPTH SPD SPD DIR MIN PSBL S-S WX SPD DR
================================================================================
1 83 60 72 14 0 7 0.00 M M 10.7 22 330 M M M 28 330
2 78 56 67 8 0 2 0.07 M M 12.5 24 330 M M M 29 300
3 81 52 67 8 0 2 0.02 M M 10.7 36 280 M M M 45 280
4 78 53 66 7 0 1 0.00 M M 10.1 35 340 M M M 43 330
5 79 48 64 4 1 0 0.00 M M 14.3 32 130 M M M 41 130
6 76 59 68 8 0 3 0.07 M M 19.0 61 210 M M M 78 200
7 83 55 69 9 0 4 0.01 M M 9.2 25 230 M M M 32 230
8 73 55 64 3 1 0 0.00 M M 15.1 28 280 M M M 36 290
9 66 45 56 -5 9 0 0.00 M M 21.0 45 290 M M M 54 300
10 72 41 57 -4 8 0 0.00 M M 15.9 33 300 M M M 43 300
11 83 48 66 4 0 1 0.00 M M 8.4 20 270 M M M 27 300
12 89 57 73 11 0 8 0.00 M M 11.2 24 120 M M M 31 150
13 95 54 75 13 0 10 0.00 M M 29.1 49 150 M M M 63 160
14 94 57 76 13 0 11 0.00 M M 14.2 31 130 M M M 39 130
15 79 51 65 2 0 0 0.00 M M 12.8 25 320 M M M 33 320
16 98 57 78 14 0 13 0.00 M M 12.8 46 300 M M M 58 300
17 80 51 66 2 0 1 0.00 M M 16.0 36 310 M M M 44 300
18 70 45 58 -6 7 0 0.00 M M 18.3 32 300 M M M 40 320
19 75 43 59 -5 6 0 0.06 M M 10.2 26 300 M M M 36 290
20 82 51 67 2 0 2 0.08 M M 12.7 32 300 M M M 40 300
21 78 56 67 2 0 2 0.00 M M 11.9 26 300 M M M 36 290
22 79 51 65 -1 0 0 0.02 M M 9.4 25 330 M M M 33 320
23 86 47 67 1 0 2 0.00 M M 7.0 16 190 M M M 24 180
24 95 57 76 10 0 11 0.00 M M 6.2 18 140 M M M 23 140
25 86 63 75 9 0 10 0.09 M M 12.7 26 310 M M M 35 360
26 88 54 71 4 0 6 0.00 M M 6.5 15 160 M M M 21 170
27 97 58 78 11 0 13 0.00 M M 11.1 25 140 M M M 33 140
28 86 62 74 7 0 9 0.00 M M 12.8 54 290 M M M 69 280
29 98 61 80 12 0 15 0.00 M M 13.4 26 320 M M M 34 240
30 72 52 62 -6 3 0 0.19 M M 15.5 33 320 M M M 45 320
================================================================================
SM 2479 1599 35 133 0.61 M 390.7 M M
================================================================================
AV 82.6 53.3 13.0 FASTST M M 1 MAX(MPH)
MISC ----> # 61 210 # 78 200
================================================================================
NOTES:
# LAST OF SEVERAL OCCURRENCES
COLUMN 17 PEAK WIND IN M.P.H.
PRELIMINARY LOCAL CLIMATOLOGICAL DATA (WS FORM: F-6) , PAGE 2
STATION: BUFFALO SD
MONTH: JUNE
YEAR: 2020
LATITUDE: 45 35 N
LONGITUDE: 103 33 W
[TEMPERATURE DATA] [PRECIPITATION DATA] SYMBOLS USED IN COLUMN 16
AVERAGE MONTHLY: 68.0 TOTAL FOR MONTH: 0.61 1 = FOG OR MIST
DPTR FM NORMAL: 4.7 DPTR FM NORMAL: -2.02 2 = FOG REDUCING VISIBILITY
HIGHEST: 98 ON 29,16 GRTST 24HR 0.72 ON 31- 1 TO 1/4 MILE OR LESS
LOWEST: 41 ON 10 3 = THUNDER
SNOW, ICE PELLETS, HAIL 4 = ICE PELLETS
TOTAL MONTH: M 5 = HAIL
GRTST 24HR M ON M 6 = FREEZING RAIN OR DRIZZLE
GRTST DEPTH: M ON M 7 = DUSTSTORM OR SANDSTORM:
VSBY 1/2 MILE OR LESS
8 = SMOKE OR HAZE
[NO. OF DAYS WITH] [WEATHER - DAYS WITH] 9 = BLOWING SNOW
X = TORNADO
MAX 32 OR BELOW: 0 0.01 INCH OR MORE: 9
MAX 90 OR ABOVE: 6 0.10 INCH OR MORE: 1
MIN 32 OR BELOW: 0 0.50 INCH OR MORE: 0
MIN 0 OR BELOW: 0 1.00 INCH OR MORE: 0
[HDD (BASE 65) ]
TOTAL THIS MO. 35 CLEAR (SCALE 0-3) 0
DPTR FM NORMAL -79 PTCLDY (SCALE 4-7) 0
TOTAL FM JUL 1 7431 CLOUDY (SCALE 8-10) 0
DPTR FM NORMAL -497
[CDD (BASE 65) ]
TOTAL THIS MO. 133
DPTR FM NORMAL 71 [PRESSURE DATA]
TOTAL FM JAN 1 146 HIGHEST SLP 30.15 ON 12
DPTR FM NORMAL 78 LOWEST SLP 29.30 ON 28
[REMARKS]
#FINAL-06-20#