000
CXUS53 KUNR 010945
CF62WX
PRELIMINARY LOCAL CLIMATOLOGICAL DATA (WS FORM: F-6)
STATION: BUFFALO SD
MONTH: MARCH
YEAR: 2020
LATITUDE: 45 35 N
LONGITUDE: 103 33 W
TEMPERATURE IN F: :PCPN: SNOW: WIND :SUNSHINE: SKY :PK WND
================================================================================
1 2 3 4 5 6A 6B 7 8 9 10 11 12 13 14 15 16 17 18
12Z AVG MX 2MIN
DY MAX MIN AVG DEP HDD CDD WTR SNW DPTH SPD SPD DIR MIN PSBL S-S WX SPD DR
================================================================================
1 38 20 29 2 36 0 0.00 M M 20.1 46 310 M M M 57 320
2 46 21 34 6 31 0 0.00 M M 19.3 40 300 M M M 51 300
3 47 25 36 8 29 0 0.04 M M 17.0 41 300 M M M 58 300
4 59 28 44 16 21 0 0.00 M M 19.6 52 310 M M M 68 300
5 46 27 37 8 28 0 0.00 M M 16.7 32 300 M M M 42 300
6 67 26 47 18 18 0 0.00 M M 10.4 20 190 M M M 24 190
7 73 36 55 26 10 0 0.00 M M 7.3 21 220 M M M 27 220
8 51 22 37 7 28 0 0.00 M M 17.3 32 320 M M M 42 310
9 50 23 37 7 28 0 0.00 M M 7.3 15 150 M M M 20 140
10 50 29 40 10 25 0 0.03 M M 9.2 31 280 M M M 44 280
11 58 33 46 15 19 0 0.06 M M 13.1 31 340 M M M 39 340
12 41 23 32 1 33 0 0.00 M M 22.4 39 310 M M M 47 300
13 37 18 28 -4 37 0 0.00 M M 13.6 28 100 M M M 38 90
14 28 22 25 -7 40 0 0.00 M M 24.5 33 130 M M M 43 120
15 36 24 30 -2 35 0 0.01 M M 15.6 29 130 M M M 38 130
16 30 18 24 -8 41 0 0.00 M M 14.2 22 320 M M M 27 310
17 48 14 31 -2 34 0 0.00 M M 9.5 23 160 M M M 28 160
18 39 27 33 0 32 0 0.00 M M 11.9 22 330 M M M 28 330
19 28 11 20 -14 45 0 0.01 M M 14.9 24 20 M M M 30 20
20 31 8 20 -14 45 0 0.00 M M 12.6 26 150 M M M 36 140
21 56 15 36 2 29 0 0.00 M M 10.2 28 290 M M M 37 300
22 48 24 36 1 29 0 0.00 M M 5.1 20 300 M M M 24 290
23 63 24 44 9 21 0 0.00 M M 7.8 17 250 M M M 26 210
24 58 33 46 11 19 0 0.00 M M 13.6 32 320 M M M 40 320
25 35 28 32 -4 33 0 0.05 M M 9.2 16 50 M M M 21 50
26 47 29 38 2 27 0 0.00 M M 6.1 17 180 M M M 21 170
27 54 22 38 2 27 0 0.00 M M 6.8 15 320 M M M 22 330
28 57 27 42 5 23 0 0.00 M M 11.2 25 320 M M M 35 320
29 63 31 47 10 18 0 0.00 M M 7.8 16 150 M M M 23 160
30 68 34 51 14 14 0 0.00 M M 8.7 20 160 M M M 27 230
31 64 37 51 13 14 0 0.00 M M 13.0 35 330 M M M 44 330
================================================================================
SM 1516 759 869 0 0.20 M 396.0 M M
================================================================================
AV 48.9 24.5 12.8 FASTST M M 4 MAX(MPH)
MISC ----> # 52 310 # 68 300
================================================================================
NOTES:
# LAST OF SEVERAL OCCURRENCES
COLUMN 17 PEAK WIND IN M.P.H.
PRELIMINARY LOCAL CLIMATOLOGICAL DATA (WS FORM: F-6) , PAGE 2
STATION: BUFFALO SD
MONTH: MARCH
YEAR: 2020
LATITUDE: 45 35 N
LONGITUDE: 103 33 W
[TEMPERATURE DATA] [PRECIPITATION DATA] SYMBOLS USED IN COLUMN 16
AVERAGE MONTHLY: 36.7 TOTAL FOR MONTH: 0.20 1 = FOG OR MIST
DPTR FM NORMAL: 4.2 DPTR FM NORMAL: -0.57 2 = FOG REDUCING VISIBILITY
HIGHEST: 73 ON 7 GRTST 24HR 0.06 ON 11-11 TO 1/4 MILE OR LESS
LOWEST: 8 ON 20 3 = THUNDER
SNOW, ICE PELLETS, HAIL 4 = ICE PELLETS
TOTAL MONTH: M 5 = HAIL
GRTST 24HR M ON M 6 = FREEZING RAIN OR DRIZZLE
GRTST DEPTH: M ON M 7 = DUSTSTORM OR SANDSTORM:
VSBY 1/2 MILE OR LESS
8 = SMOKE OR HAZE
[NO. OF DAYS WITH] [WEATHER - DAYS WITH] 9 = BLOWING SNOW
X = TORNADO
MAX 32 OR BELOW: 4 0.01 INCH OR MORE: 6
MAX 90 OR ABOVE: 0 0.10 INCH OR MORE: 0
MIN 32 OR BELOW: 26 0.50 INCH OR MORE: 0
MIN 0 OR BELOW: 0 1.00 INCH OR MORE: 0
[HDD (BASE 65) ]
TOTAL THIS MO. 869 CLEAR (SCALE 0-3) 0
DPTR FM NORMAL -137 PTCLDY (SCALE 4-7) 0
TOTAL FM JUL 1 6331 CLOUDY (SCALE 8-10) 0
DPTR FM NORMAL -472
[CDD (BASE 65) ]
TOTAL THIS MO. 0
DPTR FM NORMAL 0 [PRESSURE DATA]
TOTAL FM JAN 1 0 HIGHEST SLP 30.67 ON 20
DPTR FM NORMAL 0 LOWEST SLP 29.51 ON 8
[REMARKS]
#FINAL-03-20#