000
CXUS55 KBOU 010900
CF633V
PRELIMINARY LOCAL CLIMATOLOGICAL DATA (WS FORM: F-6)
STATION: WALDEN
MONTH: OCTOBER
YEAR: 2021
LATITUDE: 40 45 N
LONGITUDE: 106 16 W
TEMPERATURE IN F: :PCPN: SNOW: WIND :SUNSHINE: SKY :PK WND
================================================================================
1 2 3 4 5 6A 6B 7 8 9 10 11 12 13 14 15 16 17 18
12Z AVG MX 2MIN
DY MAX MIN AVG DEP HDD CDD WTR SNW DPTH SPD SPD DIR MIN PSBL S-S WX SPD DR
================================================================================
1 60 30 45 M 20 0 M M M 6.5 15 10 M M 1 20 360
2 60 30 45 M 20 0 M M M 4.4 12 240 M M 2 16 240
3 64 27 46 M 19 0 M M M 5.5 12 140 M M 1 16 220
4 67 26 47 M 18 0 M M M 4.6 10 130 M M 0 M M
5 70 30 50 M 15 0 M M M 3.5 8 120 M M 2 M M
6 59 32 46 M 19 0 M M M 8.0 18 220 M M 4 23 250
7 61 34 48 M 17 0 M M M 6.5 14 220 M M 4 21 220
8 59 36 48 M 17 0 M M M 9.8 22 190 M M 5 29 190
9 48 32 40 M 25 0 M M M 11.7 25 260 M M 7 32 290
10 50 28 39 M 26 0 M M M 7.2 17 250 M M 5 24 250
11 54 23 39 M 26 0 M M M 5.9 14 80 M M 3 23 240
12 45 21 33 M 32 0 M M M 8.5 20 70 M M 7 30 320
13 32 19 26 M 39 0 M M M 13.0 23 220 M M 9 29 220
14 34 23 29 M 36 0 M M M 6.2 14 340 M M 9 22 340
15 34 21 28 M 37 0 M M M 9.4 16 250 M M 6 21 240
16 54 19 37 M 28 0 M M M 5.8 10 130 M M 0 M M
17 61 21 41 M 24 0 M M M 6.2 9 130 M M 0 18 210
18 59 27 43 M 22 0 M M M 8.6 20 90 M M 2 39 170
19 41 30 36 M 29 0 M M M 7.9 16 270 M M 8 20 270
20 50 21 36 M 29 0 M M M 10.4 22 200 M M 1 28 200
21 55 23 39 M 26 0 M M M 7.8 16 250 M M 1 20 280
22 59 25 42 M 23 0 M M M 8.8 15 250 M M 0 22 250
23 52 30 41 M 24 0 M M M 11.5 24 220 M M 5 31 240
24 50 30 40 M 25 0 M M M 10.3 28 230 M M 5 33 230
25 68 36 52 M 13 0 M M M 12.8 20 190 M M 0 28 190
26 50 30 40 M 25 0 M M M 10.0 18 270 M M 7 27 270
27 36 28 32 M 33 0 M M M 10.3 15 280 M M 10 22 270
28 48 28 38 M 27 0 M M M 6.8 15 330 M M 6 21 300
29 55 21 38 M 27 0 M M M 7.0 14 230 M M 0 23 220
30 55 28 42 M 23 0 M M M 9.2 20 270 M M 0 27 270
31 54 30 42 M 23 0 M M M 5.8 15 240 M M 6 36 250
================================================================================
SM 1644 839 767 0 M M 249.9 M 116
================================================================================
AV 53.0 27.1 8.1 FASTST M M 4 MAX(MPH)
MISC ----> 28 230 39 170
================================================================================
NOTES:
# LAST OF SEVERAL OCCURRENCES
COLUMN 17 PEAK WIND IN M.P.H.
PRELIMINARY LOCAL CLIMATOLOGICAL DATA (WS FORM: F-6) , PAGE 2
STATION: WALDEN
MONTH: OCTOBER
YEAR: 2021
LATITUDE: 40 45 N
LONGITUDE: 106 16 W
[TEMPERATURE DATA] [PRECIPITATION DATA] SYMBOLS USED IN COLUMN 16
AVERAGE MONTHLY: 40.0 TOTAL FOR MONTH: M 1 = FOG OR MIST
DPTR FM NORMAL: 0.0 DPTR FM NORMAL: M 2 = FOG REDUCING VISIBILITY
HIGHEST: 70 ON 5 GRTST 24HR M ON M TO 1/4 MILE OR LESS
LOWEST: 19 ON 13,16 3 = THUNDER
SNOW, ICE PELLETS, HAIL 4 = ICE PELLETS
TOTAL MONTH: M 5 = HAIL
GRTST 24HR M ON M 6 = FREEZING RAIN OR DRIZZLE
GRTST DEPTH: M ON M 7 = DUSTSTORM OR SANDSTORM:
VSBY 1/2 MILE OR LESS
8 = SMOKE OR HAZE
[NO. OF DAYS WITH] [WEATHER - DAYS WITH] 9 = BLOWING SNOW
X = TORNADO
MAX 32 OR BELOW: 1 0.01 INCH OR MORE: 0
MAX 90 OR ABOVE: 0 0.10 INCH OR MORE: 0
MIN 32 OR BELOW: 28 0.50 INCH OR MORE: 0
MIN 0 OR BELOW: 0 1.00 INCH OR MORE: 0
[HDD (BASE 65) ]
TOTAL THIS MO. 767 CLEAR (SCALE 0-3) 14
DPTR FM NORMAL M PTCLDY (SCALE 4-7) 14
TOTAL FM JUL 1 1452 CLOUDY (SCALE 8-10) 3
DPTR FM NORMAL M
[CDD (BASE 65) ]
TOTAL THIS MO. 0
DPTR FM NORMAL M [PRESSURE DATA]
TOTAL FM JAN 1 13 HIGHEST SLP M ON M
DPTR FM NORMAL M LOWEST SLP M ON M
[REMARKS]
#FINAL-10-21#