000
CXUS54 KEWX 051854
CF63T5
PRELIMINARY LOCAL CLIMATOLOGICAL DATA (WS FORM: F-6)
STATION: LA GRANGE
MONTH: JUNE
YEAR: 2022
LATITUDE: 29 54 N
LONGITUDE: 96 57 W
TEMPERATURE IN F: :PCPN: SNOW: WIND :SUNSHINE: SKY :PK WND
================================================================================
1 2 3 4 5 6A 6B 7 8 9 10 11 12 13 14 15 16 17 18
12Z AVG MX 2MIN
DY MAX MIN AVG DEP HDD CDD WTR SNW DPTH SPD SPD DIR MIN PSBL S-S WX SPD DR
================================================================================
1 91 77 84 M 0 19 0.03 M M 6.4 13 170 M M 5 23 190
2 94 73 84 M 0 19 0.00 M M 4.1 10 30 M M 4 18 17 30
3 93 72 83 M 0 18 0.00 M M 3.3 10 350 M M 2 18 20 350
4 94 72 83 M 0 18 0.38 M M 3.7 10 130 M M 6 1238 20 0
5 96 71 84 M 0 19 0.00 M M 6.0 13 150 M M 3 18 18 160
6 98 76 87 M 0 22 0.00 M M 10.3 18 170 M M 2 1 25 160
7 98 76 87 M 0 22 0.00 M M 9.1 14 150 M M 3 18 22 130
8 99 76 88 M 0 23 0.00 M M 6.3 15 200 M M 4 1 21 210
9 100 75 88 M 0 23 0.00 M M 4.5 9 170 M M 4 28 16 0
10 103 77 90 M 0 25 0.00 M M 6.6 12 170 M M 4 12 20 240
11 102 78 90 M 0 25 0.00 M M 8.0 14 160 M M 2 18 160
12 104 80 92 M 0 27 0.00 M M 10.1 14 210 M M 4 18 22 230
13 101 80 91 M 0 26 0.00 M M 11.6 18 170 M M 3 1 25 170
14 99 80 90 M 0 25 0.00 M M 12.6 22 180 M M 6 8 29 170
15 101 80 91 M 0 26 0.00 M M 10.1 16 170 M M 5 1 21 190
16 101 78 90 M 0 25 0.00 M M 6.0 12 160 M M 4 12 M M
17 99 75 87 M 0 22 0.00 M M 3.4 10 170 M M 2 1 M M
18 100 75 88 M 0 23 0.00 M M 4.8 10 150 M M 3 8 M M
19 102 74 88 M 0 23 0.00 M M 4.1 8 180 M M 2 17 70
20 102 74 88 M 0 23 0.00 M M 3.7 10 160 M M 2 18 M M
21 102 77 90 M 0 25 0.00 M M 4.7 12 140 M M 4 8 22 140
22 100 74 87 M 0 22 0.00 M M 3.5 10 190 M M 2 1 M M
23 103 74 89 M 0 24 0.00 M M 3.9 9 180 M M 0 1 M M
24 103 74 89 M 0 24 0.00 M M 6.2 10 180 M M 1 18 17 180
25 103 74 89 M 0 24 0.00 M M 6.7 13 210 M M 1 18 230
26 103 71 87 M 0 22 0.00 M M 2.8 8 170 M M 1 1 M M
27 100 75 88 M 0 23 0.56 M M 4.7 10 350 M M 3 3 25 230
28 94 74 84 M 0 19 0.02 M M 4.0 8 40 M M 3 22 30
29 99 72 86 M 0 21 0.00 M M 2.8 12 170 M M 2 20 170
30 97 76 87 M 0 22 0.00 M M 4.1 12 120 M M 2 1 16 90
================================================================================
SM 2981 2260 0 679 0.99 M 177.9 M 89
================================================================================
AV 99.4 75.3 5.9 FASTST M M 3 MAX(MPH)
MISC ----> 22 180 29 170
================================================================================
NOTES:
# LAST OF SEVERAL OCCURRENCES
COLUMN 17 PEAK WIND IN M.P.H.
PRELIMINARY LOCAL CLIMATOLOGICAL DATA (WS FORM: F-6) , PAGE 2
STATION: LA GRANGE
MONTH: JUNE
YEAR: 2022
LATITUDE: 29 54 N
LONGITUDE: 96 57 W
[TEMPERATURE DATA] [PRECIPITATION DATA] SYMBOLS USED IN COLUMN 16
AVERAGE MONTHLY: 87.4 TOTAL FOR MONTH: 0.99 1 = FOG OR MIST
DPTR FM NORMAL: 0.0 DPTR FM NORMAL: M 2 = FOG REDUCING VISIBILITY
HIGHEST: 104 ON 12 GRTST 24HR 0.56 ON 27-27 TO 1/4 MILE OR LESS
LOWEST: 71 ON 26, 5 3 = THUNDER
SNOW, ICE PELLETS, HAIL 4 = ICE PELLETS
TOTAL MONTH: M 5 = HAIL
GRTST 24HR M ON M 6 = FREEZING RAIN OR DRIZZLE
GRTST DEPTH: M ON M 7 = DUSTSTORM OR SANDSTORM:
VSBY 1/2 MILE OR LESS
8 = SMOKE OR HAZE
[NO. OF DAYS WITH] [WEATHER - DAYS WITH] 9 = BLOWING SNOW
X = TORNADO
MAX 32 OR BELOW: 0 0.01 INCH OR MORE: 4
MAX 90 OR ABOVE: 30 0.10 INCH OR MORE: 2
MIN 32 OR BELOW: 0 0.50 INCH OR MORE: 1
MIN 0 OR BELOW: 0 1.00 INCH OR MORE: 0
[HDD (BASE 65) ]
TOTAL THIS MO. 0 CLEAR (SCALE 0-3) 16
DPTR FM NORMAL M PTCLDY (SCALE 4-7) 14
TOTAL FM JUL 1 1275 CLOUDY (SCALE 8-10) 0
DPTR FM NORMAL M
[CDD (BASE 65) ]
TOTAL THIS MO. 679
DPTR FM NORMAL M [PRESSURE DATA]
TOTAL FM JAN 1 1579 HIGHEST SLP M ON M
DPTR FM NORMAL M LOWEST SLP M ON M
[REMARKS]
#FINAL-06-22#