000
CXUS53 KABR 030058
CF68D3
PRELIMINARY LOCAL CLIMATOLOGICAL DATA (WS FORM: F-6)
STATION: SISSETON SD
MONTH: JANUARY
YEAR: 2022
LATITUDE: 45 40 N
LONGITUDE: 96 59 W
TEMPERATURE IN F: :PCPN: SNOW: WIND :SUNSHINE: SKY :PK WND
================================================================================
1 2 3 4 5 6A 6B 7 8 9 10 11 12 13 14 15 16 17 18
12Z AVG MX 2MIN
DY MAX MIN AVG DEP HDD CDD WTR SNW DPTH SPD SPD DIR MIN PSBL S-S WX SPD DR
================================================================================
1 2 -16 -7 -22 72 0 0.00 0.0 9 6.7 14 320 M M 0 17 320
2 45 -17 14 0 51 0 0.00 0.0 9 9.1 22 230 M M 0 29 220
3 22 2 12 -2 53 0 0.00 0.0 9 7.7 22 240 M M 0 30 240
4 12 1 7 -7 58 0 0.05 0.8 7 15.3 36 310 M M 0 47 310
5 4 -11 -3 -17 68 0 0.06 0.7 8 27.0 36 320 M M 0 49 310
6 -11 -20 -15 -29 80 0 0.00 0.0 8 11.7 26 330 M M 0 33 340
7 15 -24 -4 -18 69 0 0.01 T 8 15.5 30 140 M M 0 36 130
8 26 -2 12 -2 53 0 0.00 0.0 8 21.9 38 320 M M 0 46 320
9 4 -12 -4 -17 69 0 0.00 0.0 8 10.4 28 310 M M 0 35 310
10 5 -11 -3 -16 68 0 0.00 0.0 8 9.2 18 150 M M 0 24 170
11 42 2 22 9 43 0 0.00 0.0 8 15.4 33 260 M M 0 45 260
12 42 20 31 18 34 0 0.00 0.0 6 5.5 16 260 M M 0 21 270
13 38 18 28 15 37 0 0.00 0.0 4 12.8 25 360 M M 0 31 340
14 21 -5 8 -5 57 0 0.56 5.7 6 12.5 22 360 M M 0 26 360
15 23 -17 3 -10 62 0 0.00 0.0 9 10.1 29 220 M M M 41 220
16 38 23 31 18 34 0 0.03 0.1 9 15.5 31 230 M M 0 39 230
17 36 22 29 16 36 0 0.00 0.0 9 6.7 20 250 M M 0 26 250
18 45 2 24 11 41 0 T T 8 25.6 47 320 M M 0 58 320
19 3 -9 -3 -16 68 0 0.00 0.0 6 19.8 35 310 M M 0 42 320
20 1 -20 -9 -22 74 0 0.00 0.0 6 7.1 14 140 M M 0 18 160
21 36 -9 14 1 51 0 0.07 0.2 6 20.5 35 310 M M 0 47 310
22 19 -4 8 -5 57 0 0.15 1.8 6 11.2 35 320 M M 0 41 320
23 34 -15 10 -3 55 0 0.12 1.1 8 11.8 29 340 M M 0 39 330
24 29 -14 8 -5 57 0 0.01 0.1 9 15.9 29 360 M M 0 34 350
25 -3 -19 -11 -24 76 0 0.00 0.0 9 9.7 18 320 M M 0 24 320
26 38 -19 10 -3 55 0 0.00 0.0 9 21.2 38 230 M M 0 55 230
27 33 -8 13 0 52 0 T T 9 16.3 32 350 M M 0 40 350
28 27 -9 9 -4 56 0 0.00 0.0 9 8.0 18 250 M M 0 25 240
29 33 5 19 6 46 0 0.00 0.0 9 14.2 28 320 M M 0 36 320
30 19 9 14 0 51 0 T T 8 10.4 17 150 M M 0 20 150
31 37 7 22 8 43 0 T 0.0 8 7.7 21 290 M M 0 27 300
================================================================================
SM 715 -150 1726 0 1.06 10.5 412.4 M 0
================================================================================
AV 23.1 -4.8 13.3 FASTST M M 0 MAX(MPH)
MISC ----> 47 320 58 320
================================================================================
NOTES:
# LAST OF SEVERAL OCCURRENCES
COLUMN 17 PEAK WIND IN M.P.H.
PRELIMINARY LOCAL CLIMATOLOGICAL DATA (WS FORM: F-6) , PAGE 2
STATION: SISSETON SD
MONTH: JANUARY
YEAR: 2022
LATITUDE: 45 40 N
LONGITUDE: 96 59 W
[TEMPERATURE DATA] [PRECIPITATION DATA] SYMBOLS USED IN COLUMN 16
AVERAGE MONTHLY: 9.1 TOTAL FOR MONTH: 1.06 1 = FOG OR MIST
DPTR FM NORMAL: -4.2 DPTR FM NORMAL: 0.43 2 = FOG REDUCING VISIBILITY
HIGHEST: 45 ON 18, 2 GRTST 24HR 0.56 ON 14-14 TO 1/4 MILE OR LESS
LOWEST: -24 ON 7 3 = THUNDER
SNOW, ICE PELLETS, HAIL 4 = ICE PELLETS
TOTAL MONTH: 10.5 INCHES 5 = HAIL
GRTST 24HR 5.7 ON 14-14 6 = FREEZING RAIN OR DRIZZLE
GRTST DEPTH: 9 ON 29,28 7 = DUSTSTORM OR SANDSTORM:
VSBY 1/2 MILE OR LESS
8 = SMOKE OR HAZE
[NO. OF DAYS WITH] [WEATHER - DAYS WITH] 9 = BLOWING SNOW
X = TORNADO
MAX 32 OR BELOW: 18 0.01 INCH OR MORE: 9
MAX 90 OR ABOVE: 0 0.10 INCH OR MORE: 3
MIN 32 OR BELOW: 31 0.50 INCH OR MORE: 1
MIN 0 OR BELOW: 20 1.00 INCH OR MORE: 0
[HDD (BASE 65) ]
TOTAL THIS MO. 1740 CLEAR (SCALE 0-3) 30
DPTR FM NORMAL 139 PTCLDY (SCALE 4-7) 0
TOTAL FM JUL 1 4340 CLOUDY (SCALE 8-10) 1
DPTR FM NORMAL -467
[CDD (BASE 65) ]
TOTAL THIS MO. 0
DPTR FM NORMAL 0 [PRESSURE DATA]
TOTAL FM JAN 1 0 HIGHEST SLP 30.86 ON 20
DPTR FM NORMAL 0 LOWEST SLP 29.41 ON 18
[REMARKS]
#FINAL-01-22#