000
CXUS53 KABR 041324
CLA8D3
CLIMATE REPORT
NATIONAL WEATHER SERVICE ABERDEEN SD
724 AM CST WED JAN 04 2023
...................................
...THE SISSETON SD CLIMATE SUMMARY FOR THE YEAR OF 2022...
CLIMATE NORMAL PERIOD 1991 TO 2020
CLIMATE RECORD PERIOD 1900 TO 2023
WEATHER OBSERVED NORMAL DEPART LAST YEAR`S
VALUE DATE(S) VALUE FROM VALUE DATE(S)
NORMAL
................................................................
TEMPERATURE (F)
RECORD
HIGH 113 07/06/1936
05/30/1934
LOW -37 01/24/1936
HIGHEST 103 06/19 MM MM 101 06/05
06/29
LOWEST -24 01/07 MM MM -19 02/14
AVG. MAXIMUM 55.0 54.7 0.3 59.1
AVG. MINIMUM 33.1 33.3 -0.2 36.8
MEAN 44.0 44.0 0.0 48.0
DAYS MAX >= 90 18 13.0 5.0 30
DAYS MAX <= 32 79 80.0 -1.0 55
DAYS MIN <= 32 168 169.5 -1.5 156
DAYS MIN <= 0 50 34.3 15.7 20
PRECIPITATION (INCHES)
RECORD
MAXIMUM 34.92 2019
MINIMUM 8.77 1976
TOTALS 21.09 22.94 -1.85 28.98
DAILY AVG. 0.06
DAYS >= .01 99 108.3 -9.3 92
DAYS >= .10 45 46.6 -1.6 43
DAYS >= .50 11 12.8 -1.8 18
DAYS >= 1.00 3 3.9 -0.9 9
SNOWFALL (INCHES)
RECORDS
TOTAL 80.6 2019
TOTALS 54.9 36.3 18.6 30.6
SINCE 7/1 25.6 11.1 14.5 MM
DAYS >= TRACE 73 24.0 49.0 54
DAYS >= 1.0 14 13.0 1.0 7
DEGREE DAYS
HEATING TOTAL 8423 8179 244 6931
SINCE 7/1 3112 3205 -93 MM
COOLING TOTAL 924 566 358 898
SINCE 1/1 924 567 357 MM
................................................................
WIND (MPH)
AVERAGE WIND SPEED 12.2
HIGHEST WIND SPEED/DIRECTION 47/250 DATE 01/18
HIGHEST GUST SPEED/DIRECTION 66/230 DATE 05/09
- INDICATES NEGATIVE NUMBERS.
R INDICATES RECORD WAS SET OR TIED.
MM INDICATES DATA IS MISSING.
T INDICATES TRACE AMOUNT.
$$