000
CXUS56 KMFR 010930
CF6AAT
PRELIMINARY LOCAL CLIMATOLOGICAL DATA (WS FORM: F-6)
STATION: ALTURAS CA
MONTH: MARCH
YEAR: 2024
LATITUDE: 41 29 N
LONGITUDE: 120 34 W
TEMPERATURE IN F: :PCPN: SNOW: WIND :SUNSHINE: SKY :PK WND
================================================================================
1 2 3 4 5 6A 6B 7 8 9 10 11 12 13 14 15 16 17 18
12Z AVG MX 2MIN
DY MAX MIN AVG DEP HDD CDD WTR SNW DPTH SPD SPD DIR MIN PSBL S-S WX SPD DR
================================================================================
1 41 27 34 -3 31 0 0.36 M M 14.0 31 220 M M 8 12 43 210
2 30 22 26 -11 39 0 0.05 M M 12.3 30 250 M M 8 128 43 260
3 32 18 25 -13 40 0 0.05 M M 8.8 22 250 M M 7 1 29 250
4 34 19 27 -11 38 0 T M M 9.5 20 230 M M 9 26 240
5 43 33 38 0 27 0 0.12 M M 7.2 18 180 M M 10 1 25 170
6 41 32 37 -1 28 0 0.12 M M 2.9 13 260 M M 10 1 18 260
7 43 24 34 -4 31 0 0.00 M M 3.6 12 340 M M 4 18 17 350
8 50 18 34 -4 31 0 0.00 M M 5.9 18 170 M M 0 18 27 170
9 46 30 38 -1 27 0 0.04 M M 10.4 30 260 M M 5 1 40 260
10 51 33 42 3 23 0 T M M 12.5 31 220 M M 4 47 230
11 47 31 39 0 26 0 T M M 7.3 21 230 M M 9 35 260
12 48 31 40 1 25 0 0.04 M M 8.9 25 250 M M 7 1 32 260
13 45 25 35 -4 30 0 0.00 M M 6.8 17 10 M M 3 8 25 360
14 50 23 37 -3 28 0 0.00 M M 7.8 20 40 M M 0 29 50
15 56 30 43 3 22 0 0.00 M M 8.7 22 60 M M 0 32 60
16 62 19 41 1 24 0 0.00 M M 2.0 9 360 M M 0 18 14 30
17 66 20 43 3 22 0 0.00 M M 2.6 12 70 M M 0 18 20 60
18 68 22 45 5 20 0 0.00 M M 1.5 9 200 M M 0 13 190
19 69 24 47 7 18 0 0.00 M M 2.3 16 250 M M 0 1 22 240
20 65 25 45 5 20 0 0.00 M M 6.8 25 270 M M 1 35 260
21 61 27 44 4 21 0 0.00 M M 5.2 20 280 M M 3 1 28 260
22 60 30 45 5 20 0 0.07 M M 11.9 31 170 M M 5 18 42 160
23 48 32 40 -1 25 0 0.04 M M 8.8 25 240 M M 8 1 36 240
24 50 32 41 0 24 0 0.02 M M 6.8 24 340 M M 9 18 31 350
25 50 29 40 -1 25 0 T M M 7.4 21 320 M M 9 1 31 280
26 52 31 42 1 23 0 0.01 M M 6.4 20 260 M M 6 1 27 250
27 51 32 42 1 23 0 0.42 M M 12.1 30 190 M M 10 1 41 180
28 43 31 37 -4 28 0 0.17 M M 6.9 20 260 M M 8 1 26 270
29 45 28 37 -4 28 0 0.01 M M 5.6 18 170 M M 9 18 28 180
30 51 34 43 2 22 0 0.00 M M 7.8 17 50 M M 8 30 50
31 M M M M M M 0.00 M M M M M M M M M M
================================================================================
SM 1498 812 789 0 1.52 M 220.7 M 160
================================================================================
AV 49.9 27.1 7.4 FASTST M M 5 MAX(MPH)
MISC ----> # 31 220 47 230
================================================================================
NOTES:
# LAST OF SEVERAL OCCURRENCES
COLUMN 17 PEAK WIND IN M.P.H.
PRELIMINARY LOCAL CLIMATOLOGICAL DATA (WS FORM: F-6) , PAGE 2
STATION: ALTURAS CA
MONTH: MARCH
YEAR: 2024
LATITUDE: 41 29 N
LONGITUDE: 120 34 W
[TEMPERATURE DATA] [PRECIPITATION DATA] SYMBOLS USED IN COLUMN 16
AVERAGE MONTHLY: 38.5 TOTAL FOR MONTH: 1.52 1 = FOG OR MIST
DPTR FM NORMAL: -1.1 DPTR FM NORMAL: 0.14 2 = FOG REDUCING VISIBILITY
HIGHEST: 69 ON 19 GRTST 24HR 0.59 ON 27-28 TO 1/4 MILE OR LESS
LOWEST: 18 ON 8, 3 3 = THUNDER
SNOW, ICE PELLETS, HAIL 4 = ICE PELLETS
TOTAL MONTH: M 5 = HAIL
GRTST 24HR M ON M 6 = FREEZING RAIN OR DRIZZLE
GRTST DEPTH: M ON M 7 = DUSTSTORM OR SANDSTORM:
VSBY 1/2 MILE OR LESS
8 = SMOKE OR HAZE
[NO. OF DAYS WITH] [WEATHER - DAYS WITH] 9 = BLOWING SNOW
X = TORNADO
MAX 32 OR BELOW: 2 0.01 INCH OR MORE: 14
MAX 90 OR ABOVE: 0 0.10 INCH OR MORE: 5
MIN 32 OR BELOW: 27 0.50 INCH OR MORE: 0
MIN 0 OR BELOW: 0 1.00 INCH OR MORE: 0
[HDD (BASE 65) ]
TOTAL THIS MO. 789 CLEAR (SCALE 0-3) 10
DPTR FM NORMAL 1 PTCLDY (SCALE 4-7) 10
TOTAL FM JUL 1 4990 CLOUDY (SCALE 8-10) 11
DPTR FM NORMAL -389
[CDD (BASE 65) ]
TOTAL THIS MO. 0
DPTR FM NORMAL 0 [PRESSURE DATA]
TOTAL FM JAN 1 0 HIGHEST SLP M ON M
DPTR FM NORMAL 0 LOWEST SLP 29.35 ON 1
[REMARKS]
#FINAL-03-24#