000
CXUS51 KPHI 010915
CF6ABE
PRELIMINARY LOCAL CLIMATOLOGICAL DATA (WS FORM: F-6)
STATION: ALLENTOWN PA
MONTH: FEBRUARY
YEAR: 2023
LATITUDE: 40 39 N
LONGITUDE: 75 26 W
TEMPERATURE IN F: :PCPN: SNOW: WIND :SUNSHINE: SKY :PK WND
================================================================================
1 2 3 4 5 6A 6B 7 8 9 10 11 12 13 14 15 16 17 18
12Z AVG MX 2MIN
DY MAX MIN AVG DEP HDD CDD WTR SNW DPTH SPD SPD DIR MIN PSBL S-S WX SPD DR
================================================================================
1 35 21 28 -2 37 0 T T 0 5.1 15 260 M M 4 19 300
2 38 17 28 -2 37 0 0.00 0.0 0 6.4 20 220 M M 0 24 220
3 33 11 22 -8 43 0 T T 0 18.2 31 320 M M 6 44 290
4 25 4 15 -15 50 0 0.00 0.0 0 8.4 25 310 M M 2 35 320
5 47 19 33 3 32 0 0.00 0.0 0 2.9 12 210 M M 1 16 190
6 48 27 38 7 27 0 0.00 0.0 0 7.4 21 350 M M 7 27 360
7 43 18 31 0 34 0 T 0.0 0 3.5 13 200 M M 2 21 160
8 52 27 40 9 25 0 T 0.0 0 5.0 16 300 M M 2 18 22 300
9 56 24 40 9 25 0 T 0.0 0 4.8 10 90 M M 6 16 120
10 53 35 44 13 21 0 0.00 0.0 0 11.2 23 280 M M 2 1 35 290
11 45 25 35 3 30 0 0.00 0.0 0 8.6 23 320 M M 0 33 310
12 45 22 34 2 31 0 0.00 0.0 0 3.3 13 40 M M 1 16 50
13 58 34 46 14 19 0 0.00 0.0 0 8.2 22 310 M M 1 31 320
14 54 34 44 12 21 0 0.00 0.0 0 7.3 22 320 M M 0 29 320
15 66 34 50 18 15 0 0.00 0.0 0 7.7 20 200 M M 1 25 220
16 62 35 49 17 16 0 0.09 0.0 0 2.7 12 210 M M 5 1 15 210
17 57 30 44 11 21 0 0.12 0.0 0 10.4 26 320 M M 10 12 34 320
18 42 23 33 0 32 0 0.00 0.0 0 8.9 22 340 M M 2 29 330
19 54 25 40 7 25 0 0.00 0.0 0 5.8 17 200 M M 0 24 190
20 62 30 46 12 19 0 0.00 0.0 0 4.2 21 260 M M 5 30 260
21 50 32 41 7 24 0 0.22 0.0 0 5.7 28 300 M M 7 1 37 300
22 38 24 31 -3 34 0 0.18 T 0 4.9 14 70 M M 6 14 17 70
23 60 35 48 14 17 0 T 0.0 0 4.5 13 80 M M 6 128 16 70
24 46 24 35 1 30 0 0.00 0.0 0 12.0 32 310 M M 4 12 40 320
25 31 20 26 -9 39 0 0.00 0.0 0 4.5 10 160 M M 6 14 80
26 53 19 36 1 29 0 0.00 0.0 0 9.5 23 250 M M 4 18 31 250
27 46 26 36 1 29 0 0.34 2.2 0 8.2 22 110 M M 3 148 27 160
28 37 25 31 -5 34 0 0.10 T 2 4.9 15 70 M M 8 14 19 70
================================================================================
SM 1336 700 796 0 1.05 2.2 194.2 M 101
================================================================================
AV 47.7 25.0 6.9 FASTST M M 4 MAX(MPH)
MISC ----> 32 310 44 290
================================================================================
NOTES:
# LAST OF SEVERAL OCCURRENCES
COLUMN 17 PEAK WIND IN M.P.H.
PRELIMINARY LOCAL CLIMATOLOGICAL DATA (WS FORM: F-6) , PAGE 2
STATION: ALLENTOWN PA
MONTH: FEBRUARY
YEAR: 2023
LATITUDE: 40 39 N
LONGITUDE: 75 26 W
[TEMPERATURE DATA] [PRECIPITATION DATA] SYMBOLS USED IN COLUMN 16
AVERAGE MONTHLY: 36.4 TOTAL FOR MONTH: 1.05 1 = FOG OR MIST
DPTR FM NORMAL: 4.0 DPTR FM NORMAL: -1.72 2 = FOG REDUCING VISIBILITY
HIGHEST: 66 ON 15 GRTST 24HR 0.44 ON 27-28 TO 1/4 MILE OR LESS
LOWEST: 4 ON 4 3 = THUNDER
SNOW, ICE PELLETS, HAIL 4 = ICE PELLETS
TOTAL MONTH: 2.2 INCHES 5 = HAIL
GRTST 24HR 2.2 ON 27-27 6 = FREEZING RAIN OR DRIZZLE
GRTST DEPTH: 2 ON 28 7 = DUSTSTORM OR SANDSTORM:
VSBY 1/2 MILE OR LESS
8 = SMOKE OR HAZE
[NO. OF DAYS WITH] [WEATHER - DAYS WITH] 9 = BLOWING SNOW
X = TORNADO
MAX 32 OR BELOW: 2 0.01 INCH OR MORE: 6
MAX 90 OR ABOVE: 0 0.10 INCH OR MORE: 5
MIN 32 OR BELOW: 22 0.50 INCH OR MORE: 0
MIN 0 OR BELOW: 0 1.00 INCH OR MORE: 0
[HDD (BASE 65) ]
TOTAL THIS MO. 796 CLEAR (SCALE 0-3) 13
DPTR FM NORMAL -117 PTCLDY (SCALE 4-7) 14
TOTAL FM JUL 1 3705 CLOUDY (SCALE 8-10) 1
DPTR FM NORMAL -260
[CDD (BASE 65) ]
TOTAL THIS MO. 0
DPTR FM NORMAL 0 [PRESSURE DATA]
TOTAL FM JAN 1 0 HIGHEST SLP 30.68 ON 4
DPTR FM NORMAL 0 LOWEST SLP 29.53 ON 21
[REMARKS]
#FINAL-02-23#