195
CXUS54 KSJT 011605
CF6ABI
PRELIMINARY LOCAL CLIMATOLOGICAL DATA (WS FORM: F-6)
STATION: ABILENE
MONTH: JANUARY
YEAR: 2021
LATITUDE: 32 25 N
LONGITUDE: 99 41 W
TEMPERATURE IN F: :PCPN: SNOW: WIND :SUNSHINE: SKY :PK WND
================================================================================
1 2 3 4 5 6A 6B 7 8 9 10 11 12 13 14 15 16 17 18
12Z AVG MX 2MIN
DY MAX MIN AVG DEP HDD CDD WTR SNW DPTH SPD SPD DIR MIN PSBL S-S WX SPD DR
================================================================================
1 46 32 39 -5 26 0 0.02 T 3 13.5 28 320 M M 6 1 37 310
2 58 35 47 3 18 0 0.00 0.0 0 8.7 22 250 M M 4 31 260
3 61 38 50 6 15 0 0.00 0.0 0 10.6 18 300 M M 0 24 220
4 64 37 51 7 14 0 0.00 0.0 0 7.9 18 350 M M 0 23 350
5 66 32 49 5 16 0 0.00 0.0 0 8.9 20 190 M M 0 27 200
6 57 39 48 4 17 0 0.00 0.0 0 17.3 30 310 M M 2 42 330
7 53 31 42 -2 23 0 0.00 0.0 0 9.1 16 350 M M 0 23 360
8 41 29 35 -9 30 0 0.00 0.0 0 5.5 12 350 M M 8 12 16 340
9 50 26 38 -6 27 0 0.00 0.0 0 6.9 17 90 M M 8 12 23 90
10 41 31 36 -8 29 0 0.74 5.3 1 9.0 18 90 M M 10 12 24 80
11 41 28 35 -9 30 0 0.00 0.0 0 5.5 12 350 M M 5 1 14 350
12 46 25 36 -9 29 0 0.00 0.0 0 6.1 14 260 M M 0 1 16 250
13 62 32 47 2 18 0 0.00 0.0 0 10.4 22 210 M M 0 1 27 200
14 59 31 45 0 20 0 0.00 0.0 0 14.9 32 350 M M 0 43 360
15 56 27 42 -3 23 0 0.00 0.0 0 13.4 31 330 M M 2 45 320
16 62 30 46 1 19 0 0.00 0.0 0 4.3 12 180 M M 2 8 16 300
17 59 28 44 -1 21 0 0.00 0.0 0 4.2 10 160 M M 0 14 340
18 75 35 55 10 10 0 0.00 0.0 0 13.1 30 210 M M 0 42 200
19 49 39 44 -1 21 0 T 0.0 0 10.1 18 10 M M 9 30 20
20 47 38 43 -2 22 0 0.36 0.0 0 4.8 17 210 M M 8 1 25 210
21 61 47 54 9 11 0 0.01 0.0 0 8.2 20 210 M M 4 25 220
22 55 45 50 5 15 0 0.00 0.0 0 7.1 17 180 M M 9 12 22 200
23 57 41 49 4 16 0 0.00 0.0 0 7.1 18 180 M M 10 12 24 180
24 63 49 56 11 9 0 0.05 0.0 0 11.3 29 300 M M 10 12 37 290
25 66 40 53 7 12 0 0.02 0.0 0 12.5 31 310 M M 2 1 42 320
26 60 31 46 0 19 0 0.00 0.0 0 5.8 22 360 M M 2 28 350
27 50 31 41 -5 24 0 0.00 0.0 0 8.4 23 330 M M 1 28 330
28 56 29 43 -3 22 0 0.00 0.0 0 8.9 18 140 M M 0 21 140
29 64 40 52 6 13 0 0.00 0.0 0 11.8 28 210 M M 0 35 220
30 70 48 59 13 6 0 0.00 0.0 0 18.4 38 270 M M 4 8 54 290
31 60 35 48 2 17 0 0.00 0.0 0 11.8 25 350 M M 0 33 350
================================================================================
SM 1755 1079 592 0 1.20 5.3 295.5 M 106
================================================================================
AV 56.6 34.8 9.5 FASTST M M 3 MAX(MPH)
MISC ----> 38 270 54 290
================================================================================
NOTES:
# LAST OF SEVERAL OCCURRENCES
COLUMN 17 PEAK WIND IN M.P.H.
PRELIMINARY LOCAL CLIMATOLOGICAL DATA (WS FORM: F-6) , PAGE 2
STATION: ABILENE
MONTH: JANUARY
YEAR: 2021
LATITUDE: 32 25 N
LONGITUDE: 99 41 W
[TEMPERATURE DATA] [PRECIPITATION DATA] SYMBOLS USED IN COLUMN 16
AVERAGE MONTHLY: 45.7 TOTAL FOR MONTH: 1.20 1 = FOG OR MIST
DPTR FM NORMAL: 0.8 DPTR FM NORMAL: 0.18 2 = FOG REDUCING VISIBILITY
HIGHEST: 75 ON 18 GRTST 24HR 0.85 ON 31- 1 TO 1/4 MILE OR LESS
LOWEST: 25 ON 12 3 = THUNDER
SNOW, ICE PELLETS, HAIL 4 = ICE PELLETS
TOTAL MONTH: 5.3 INCHES 5 = HAIL
GRTST 24HR 5.3 ON 10-10 6 = FREEZING RAIN OR DRIZZLE
GRTST DEPTH: 3 ON 1 7 = DUSTSTORM OR SANDSTORM:
VSBY 1/2 MILE OR LESS
8 = SMOKE OR HAZE
[NO. OF DAYS WITH] [WEATHER - DAYS WITH] 9 = BLOWING SNOW
X = TORNADO
MAX 32 OR BELOW: 0 0.01 INCH OR MORE: 6
MAX 90 OR ABOVE: 0 0.10 INCH OR MORE: 2
MIN 32 OR BELOW: 16 0.50 INCH OR MORE: 1
MIN 0 OR BELOW: 0 1.00 INCH OR MORE: 0
[HDD (BASE 65) ]
TOTAL THIS MO. 592 CLEAR (SCALE 0-3) 18
DPTR FM NORMAL -32 PTCLDY (SCALE 4-7) 7
TOTAL FM JUL 1 1470 CLOUDY (SCALE 8-10) 6
DPTR FM NORMAL -199
[CDD (BASE 65) ]
TOTAL THIS MO. 0
DPTR FM NORMAL -1 [PRESSURE DATA]
TOTAL FM JAN 1 0 HIGHEST SLP 30.54 ON 28
DPTR FM NORMAL -1 LOWEST SLP 29.57 ON 24
[REMARKS]
#FINAL-01-21#