000
CXUS54 KSJT 011226
CLMABI
CLIMATE REPORT
NATIONAL WEATHER SERVICE SAN ANGELO TX
726 AM CDT SAT APR 01 2023
...................................
...THE ABILENE CLIMATE SUMMARY FOR THE MONTH OF MARCH 2023...
CLIMATE NORMAL PERIOD: 1991 TO 2020
CLIMATE RECORD PERIOD: 1886 TO 2023
WEATHER OBSERVED NORMAL DEPART LAST YEAR`S
VALUE DATE(S) VALUE FROM VALUE DATE(S)
NORMAL
................................................................
TEMPERATURE (F)
RECORD
HIGH 98 03/21/1916
LOW 9 03/11/1948
HIGHEST 90 03/11 MM MM 95 03/28
03/22
LOWEST 32 03/19 MM MM 17 03/12
AVG. MAXIMUM 70.5 70.9 -0.4 72.8
AVG. MINIMUM 47.0 45.3 1.7 42.3
MEAN 58.7 58.1 0.6 57.6
DAYS MAX >= 90 2 0.8 1.2 3
DAYS MAX <= 32 0 0.1 -0.1 0
DAYS MIN <= 32 1 3.8 -2.8 6
DAYS MIN <= 0 0 0.0 0.0 0
PRECIPITATION (INCHES)
RECORD
MAXIMUM 5.16 1979
MINIMUM 0.00 1904
TOTALS 1.05 1.73 -0.68 0.40
DAILY AVG. 0.03 0.06 -0.03 0.01
DAYS >= .01 5 5.8 -0.8 2
DAYS >= .10 3 3.1 -0.1 2
DAYS >= .50 0 1.2 -1.2 0
DAYS >= 1.00 0 0.4 -0.4 0
GREATEST
24 HR. TOTAL 0.46 03/02 TO 03/03
SNOWFALL (INCHES)
RECORDS
TOTAL MM 5
TOTALS 0.0 0.1 -0.1 0.0
SINCE 7/1 T 3.4 -3.4 MM
SNOWDEPTH AVG. 0 0
DAYS >= 1.0 0 0.0 0.0 0
GREATEST
SNOW DEPTH 0 0 MM
24 HR TOTAL MM
DEGREE DAYS
HEATING TOTAL 230 255 -25 269
SINCE 7/1 2007 2212 -205 MM
COOLING TOTAL 46 41 5 46
SINCE 1/1 65 51 14 MM
................................................................
WIND (MPH)
AVERAGE WIND SPEED 12.1
HIGHEST WIND SPEED/DIRECTION 38/350 DATE 03/16
HIGHEST GUST SPEED/DIRECTION 51/210 DATE 03/15
SKY COVER
AVERAGE SKY COVER 0.33
AVERAGE RH (PERCENT) 57
WEATHER CONDITIONS. NUMBER OF DAYS WITH
THUNDERSTORM 5 MIXED PRECIP 0
HEAVY RAIN 3 RAIN 4
LIGHT RAIN 8 FREEZING RAIN 0
LT FREEZING RAIN 0 HAIL 0
HEAVY SNOW 0 SNOW 0
LIGHT SNOW 0 SLEET 0
FOG 5 FOG W/VIS <= 1/4 MILE 0
HAZE 8
- INDICATES NEGATIVE NUMBERS.
R INDICATES RECORD WAS SET OR TIED.
MM INDICATES DATA IS MISSING.
T INDICATES TRACE AMOUNT.
$$