000
CXUS55 KABQ 011448
CLMABQ
CLIMATE REPORT
NATIONAL WEATHER SERVICE ALBUQUERQUE NM
848 AM MDT SAT APR 01 2023
...................................
...THE ALBUQUERQUE NM CLIMATE SUMMARY FOR THE MONTH OF MARCH 2023...
CLIMATE NORMAL PERIOD 1991 TO 2020
CLIMATE RECORD PERIOD 1891 TO 2023
WEATHER OBSERVED NORMAL DEPART LAST YEAR`S
VALUE DATE(S) VALUE FROM VALUE DATE(S)
NORMAL
................................................................
TEMPERATURE (F)
RECORD
HIGH 85 03/26/1971
LOW 8 03/11/1948
HIGHEST 71 03/08 76 -5 79 03/27
LOWEST 25 03/03 21 4 20 03/07
AVG. MAXIMUM 57.5 62.8 -5.3 61.2
AVG. MINIMUM 34.5 36.2 -1.7 34.9
MEAN 46.0 49.5 -3.5 48.0
DAYS MAX >= 90 0 0.0 0.0 0
DAYS MAX <= 32 0 0.0 0.0 0
DAYS MIN <= 32 13 8.2 4.8 13
DAYS MIN <= 0 0 0.0 0.0 0
PRECIPITATION (INCHES)
RECORD
MAXIMUM 2.34 1998
MINIMUM T 2016
TOTALS 0.53 0.46 0.07 0.55
DAILY AVG. 0.02 0.01 0.01 0.02
DAYS >= .01 10 3.8 6.2 5
DAYS >= .10 2 1.4 0.6 2
DAYS >= .50 0 0.1 -0.1 0
DAYS >= 1.00 0 0.0 0.0 0
GREATEST
24 HR. TOTAL 0.15 03/16 TO 03/16 0.30
SNOWFALL (INCHES)
RECORDS
TOTAL 13.9 1973
TOTALS 1.2 0.7 0.5 3.7
SINCE 7/1 3.2 7.6 -4.4 MM
SNOWDEPTH AVG. 0 0
DAYS >= 1.0 0 0.2 -0.2 1
GREATEST
SNOW DEPTH 1 03/17 2 03/23
24 HR TOTAL MM MM
DEGREE DAYS
HEATING TOTAL 583 481 102 516
SINCE 7/1 3868 3670 198 MM
COOLING TOTAL 0 0 0 0
SINCE 1/1 0 0 0 MM
................................................................
WIND (MPH)
AVERAGE WIND SPEED 9.9
HIGHEST WIND SPEED/DIRECTION 39/210 DATE 03/30
HIGHEST GUST SPEED/DIRECTION 58/240 DATE 03/30
SKY COVER
POSSIBLE SUNSHINE (PERCENT) MM
AVERAGE SKY COVER 0.59
NUMBER OF DAYS FAIR 7
NUMBER OF DAYS PC 16
NUMBER OF DAYS CLOUDY 8
AVERAGE RH (PERCENT) 47
WEATHER CONDITIONS. NUMBER OF DAYS WITH
THUNDERSTORM 1 MIXED PRECIP 0
HEAVY RAIN 1 RAIN 1
LIGHT RAIN 9 FREEZING RAIN 0
LT FREEZING RAIN 0 HAIL 1
HEAVY SNOW 0 SNOW 0
LIGHT SNOW 4 SLEET 0
FOG 6 FOG W/VIS <= 1/4 MILE 0
HAZE 2
- INDICATES NEGATIVE NUMBERS.
R INDICATES RECORD WAS SET OR TIED.
MM INDICATES DATA IS MISSING.
T INDICATES TRACE AMOUNT.
$$