000
CXUS53 KABR 011200
CF6ABR
PRELIMINARY LOCAL CLIMATOLOGICAL DATA (WS FORM: F-6)
STATION: ABERDEEN SD
MONTH: DECEMBER
YEAR: 2023
LATITUDE: 45 27 N
LONGITUDE: 98 26 W
TEMPERATURE IN F: :PCPN: SNOW: WIND :SUNSHINE: SKY :PK WND
================================================================================
1 2 3 4 5 6A 6B 7 8 9 10 11 12 13 14 15 16 17 18
12Z AVG MX 2MIN
DY MAX MIN AVG DEP HDD CDD WTR SNW DPTH SPD SPD DIR MIN PSBL S-S WX SPD DR
================================================================================
1 37 10 24 0 41 0 0.00 0.0 0 3.7 12 190 M M 4 18 160
2 39 15 27 4 38 0 0.00 0.0 0 8.3 16 180 M M 1 22 180
3 34 11 23 0 42 0 0.00 0.0 0 6.7 12 180 M M 6 12 15 190
4 39 13 26 4 39 0 T T 0 6.5 13 360 M M 7 17 360
5 40 12 26 4 39 0 0.00 0.0 0 7.2 14 170 M M 1 1 18 170
6 63 27 45 23 20 0 0.00 0.0 0 8.8 16 170 M M 1 23 170
7 59 26 43 22 22 0 0.00 0.0 0 8.9 23 270 M M 0 32 290
8 49 33 41 20 24 0 0.03 0.1 0 18.3 26 280 M M 9 1 38 270
9 33 13 23 3 42 0 T T T 19.4 36 330 M M 3 1 46 340
10 30 9 20 0 45 0 0.00 0.0 T 4.5 8 140 M M 3 12 10 130
11 41 15 28 8 37 0 0.00 0.0 T 10.5 32 330 M M 2 42 320
12 33 9 21 2 44 0 0.00 0.0 0 8.6 16 320 M M 1 22 310
13 44 13 29 10 36 0 0.00 0.0 0 8.0 15 200 M M 0 19 210
14 51 26 39 20 26 0 0.00 0.0 0 12.5 22 200 M M 0 30 210
15 41 30 36 18 29 0 0.04 T 0 8.5 17 360 M M 7 18 23 360
16 35 24 30 12 35 0 0.03 0.3 T 9.8 18 220 M M 9 1 25 220
17 44 20 32 14 33 0 0.00 0.0 0 10.3 32 330 M M 7 12 41 330
18 30 10 20 3 45 0 0.00 0.0 0 9.9 23 180 M M 0 32 170
19 42 22 32 15 33 0 0.00 0.0 0 6.9 20 180 M M 1 27 170
20 46 21 34 17 31 0 0.00 0.0 0 7.7 12 110 M M 0 15 160
21 45 23 34 18 31 0 0.00 0.0 0 5.2 15 180 M M 1 20 180
22 50 17 34 18 31 0 0.00 0.0 0 4.1 9 150 M M 1 1 10 150
23 56 21 39 23 26 0 0.17 0.0 0 8.2 21 170 M M 2 1 27 170
24 46 26 36 20 29 0 0.39 2.3 0 18.8 31 350 M M 10 126 38 340
25 34 22 28 13 37 0 0.75 2.4 2 27.3 37 10 M M 10 1268 50 20
26 35 33 34 19 31 0 0.69 0.3 4 14.3 25 20 M M 10 16 36 10
27 35 32 34 19 31 0 0.08 0.1 3 9.3 17 360 M M 10 16 22 360
28 38 16 27 12 38 0 0.00 0.0 3 4.5 10 310 M M 5 12 12 310
29 41 14 28 14 37 0 0.00 0.0 2 5.5 10 280 M M 0 18 14 290
30 31 22 27 13 38 0 0.00 0.0 1 15.6 25 350 M M 7 32 350
31 26 10 18 4 47 0 0.00 0.0 1 8.6 23 350 M M 2 29 350
================================================================================
SM 1267 595 1077 0 2.18 5.5 306.4 M 120
================================================================================
AV 40.9 19.2 9.9 FASTST M M 4 MAX(MPH)
MISC ----> 37 10 50 20
================================================================================
NOTES:
# LAST OF SEVERAL OCCURRENCES
COLUMN 17 PEAK WIND IN M.P.H.
PRELIMINARY LOCAL CLIMATOLOGICAL DATA (WS FORM: F-6) , PAGE 2
STATION: ABERDEEN SD
MONTH: DECEMBER
YEAR: 2023
LATITUDE: 45 27 N
LONGITUDE: 98 26 W
[TEMPERATURE DATA] [PRECIPITATION DATA] SYMBOLS USED IN COLUMN 16
AVERAGE MONTHLY: 30.0 TOTAL FOR MONTH: 2.18 1 = FOG OR MIST
DPTR FM NORMAL: 11.7 DPTR FM NORMAL: 1.57 2 = FOG REDUCING VISIBILITY
HIGHEST: 63 ON 6 GRTST 24HR 1.02 ON 25-26 TO 1/4 MILE OR LESS
LOWEST: 9 ON 12,10 3 = THUNDER
SNOW, ICE PELLETS, HAIL 4 = ICE PELLETS
TOTAL MONTH: 5.5 INCHES 5 = HAIL
GRTST 24HR 2.4 ON 25-25 6 = FREEZING RAIN OR DRIZZLE
GRTST DEPTH: 4 ON 26 7 = DUSTSTORM OR SANDSTORM:
VSBY 1/2 MILE OR LESS
8 = SMOKE OR HAZE
[NO. OF DAYS WITH] [WEATHER - DAYS WITH] 9 = BLOWING SNOW
X = TORNADO
MAX 32 OR BELOW: 4 0.01 INCH OR MORE: 8
MAX 90 OR ABOVE: 0 0.10 INCH OR MORE: 4
MIN 32 OR BELOW: 29 0.50 INCH OR MORE: 2
MIN 0 OR BELOW: 0 1.00 INCH OR MORE: 0
[HDD (BASE 65) ]
TOTAL THIS MO. 1077 CLEAR (SCALE 0-3) 17
DPTR FM NORMAL -371 PTCLDY (SCALE 4-7) 8
TOTAL FM JUL 1 2614 CLOUDY (SCALE 8-10) 6
DPTR FM NORMAL -654
[CDD (BASE 65) ]
TOTAL THIS MO. 0
DPTR FM NORMAL 0 [PRESSURE DATA]
TOTAL FM JAN 1 914 HIGHEST SLP 30.58 ON 13
DPTR FM NORMAL 284 LOWEST SLP 29.27 ON 7
[REMARKS]
#FINAL-12-23#