000
CXUS53 KABR 011629
CLMABR
CLIMATE REPORT
NATIONAL WEATHER SERVICE ABERDEEN SD
1029 AM CST FRI DEC 01 2023
...................................
...THE ABERDEEN SD CLIMATE SUMMARY FOR THE MONTH OF NOVEMBER 2023...
CLIMATE NORMAL PERIOD 1991 TO 2020
CLIMATE RECORD PERIOD 1893 TO 2023
WEATHER OBSERVED NORMAL DEPART LAST YEAR`S
VALUE DATE(S) VALUE FROM VALUE DATE(S)
NORMAL
................................................................
TEMPERATURE (F)
RECORD
HIGH 79 11/05/1904
LOW -27 11/30/1964
HIGHEST 64 11/12 39 25 75 11/01
LOWEST 4 11/26 MM MM 5 11/16
11/27
AVG. MAXIMUM 48.8 42.5 6.3 38.6
AVG. MINIMUM 20.8 19.4 1.4 18.0
MEAN 34.8 30.9 3.9 28.3
DAYS MAX >= 90 0 0.0 0.0 0
DAYS MAX <= 32 4 7.8 -3.8 14
DAYS MIN <= 32 28 27.2 0.8 27
DAYS MIN <= 0 0 1.9 -1.9 0
PRECIPITATION (INCHES)
RECORD
MAXIMUM 6.92 1896
MINIMUM T 1999
TOTALS 0.26 0.74 -0.48 0.68
DAYS >= .01 5 6.1 -1.1 5
DAYS >= .10 1 2.3 -1.3 2
DAYS >= .50 0 0.3 -0.3 0
DAYS >= 1.00 0 0.0 0.0 0
SNOWFALL (INCHES)
RECORDS
TOTAL 32.8 1896
SNOW DEPTH 23 11/27/1993
TOTALS 0.4 6.5 -6.1 3.3
SINCE 7/1 1.4 7.8 -6.4 MM
SNOWDEPTH AVG. T 1
DAYS >= TRACE 3 4.2 -1.2 12
DAYS >= 1.0 0 1.7 -1.7 1
GREATEST
SNOW DEPTH MM 2 11/17
11/18
11/19
DEGREE DAYS
HEATING TOTAL 899 1022 -123 1095
SINCE 7/1 1537 1819 -282 MM
COOLING TOTAL 0 0 0 0
SINCE 1/1 914 630 284 MM
FREEZE DATES
RECORD
EARLIEST MM
LATEST MM
EARLIEST 10/06
LATEST 05/03
................................................................
WIND (MPH)
AVERAGE WIND SPEED 8.8
RESULTANT WIND SPEED/DIRECTION 2/290
HIGHEST WIND SPEED/DIRECTION 33/350 DATE 11/16
HIGHEST GUST SPEED/DIRECTION 43/360 DATE 11/16
SKY COVER
POSSIBLE SUNSHINE (PERCENT) MM
AVERAGE SKY COVER 0.29
NUMBER OF DAYS FAIR 18
NUMBER OF DAYS PC 10
NUMBER OF DAYS CLOUDY 2
AVERAGE RH (PERCENT) 67
WEATHER CONDITIONS. NUMBER OF DAYS WITH
THUNDERSTORM 0 MIXED PRECIP 0
HEAVY RAIN 0 RAIN 1
LIGHT RAIN 3 FREEZING RAIN 0
LT FREEZING RAIN 0 HAIL 0
HEAVY SNOW 0 SNOW 0
LIGHT SNOW 3 SLEET 0
FOG 11 FOG W/VIS <= 1/4 MILE 3
HAZE 7
- INDICATES NEGATIVE NUMBERS.
R INDICATES RECORD WAS SET OR TIED.
MM INDICATES DATA IS MISSING.
T INDICATES TRACE AMOUNT.
$$