000
CXUS52 KTAE 010800
CF6ABY
PRELIMINARY LOCAL CLIMATOLOGICAL DATA (WS FORM: F-6)
STATION: ALBANY
MONTH: AUGUST
YEAR: 2023
LATITUDE: 31 31 N
LONGITUDE: 84 11 W
TEMPERATURE IN F: :PCPN: SNOW: WIND :SUNSHINE: SKY :PK WND
================================================================================
1 2 3 4 5 6A 6B 7 8 9 10 11 12 13 14 15 16 17 18
12Z AVG MX 2MIN
DY MAX MIN AVG DEP HDD CDD WTR SNW DPTH SPD SPD DIR MIN PSBL S-S WX SPD DR
================================================================================
1 97 73 85 1 0 20 0.00 0.0 0 4.3 13 300 M M 0 16 310
2 92 74 83 -1 0 18 0.00 0.0 0 7.1 14 140 M M 3 18 19 150
3 94 73 84 0 0 19 0.00 0.0 0 4.2 8 220 M M 0 12 190
4 91 77 84 1 0 19 0.04 0.0 0 4.0 21 250 M M 5 38 25 250
5 96 74 85 2 0 20 0.00 0.0 0 3.6 10 200 M M 3 13 210
6 97 72 85 2 0 20 0.85 0.0 M 5.8 33 320 M M 3 138 43 320
7 96 71 84 1 0 19 0.00 0.0 0 5.8 16 240 M M 2 21 230
8 96 73 85 2 0 20 0.46 0.0 0 6.5 39 320 M M 3 13 49 330
9 94 72 83 0 0 18 0.01 0.0 0 2.5 13 280 M M 4 1 16 290
10 93 78 86 3 0 21 T 0.0 0 6.8 24 330 M M 2 31 320
11 95 74 85 2 0 20 0.02 0.0 0 6.4 25 330 M M 4 13 32 320
12 97 72 85 2 0 20 0.09 0.0 0 4.3 24 340 M M 2 13 35 340
13 96 73 85 2 0 20 0.00 0.0 0 2.8 9 350 M M 1 1 12 340
14 99 77 88 5 0 23 0.00 0.0 0 4.4 24 180 M M 0 3 28 180
15 98 72 85 2 0 20 0.97 0.0 0 6.7 25 240 M M 1 123 35 250
16 90 72 81 -2 0 16 0.01 0.0 0 2.5 12 340 M M 5 13 14 340
17 92 71 82 -1 0 17 0.00 0.0 0 2.3 14 320 M M 2 1 19 280
18 93 70 82 -1 0 17 0.00 0.0 0 3.0 14 280 M M 0 17 310
19 94 72 83 0 0 18 0.00 0.0 0 3.8 12 60 M M 1 1 15 60
20 95 75 85 3 0 20 0.00 0.0 0 6.2 20 120 M M 2 1 25 130
21 95 75 85 3 0 20 0.00 0.0 0 3.3 10 120 M M 1 14 110
22 99 75 87 5 0 22 0.00 0.0 0 2.9 12 50 M M 1 18 15 40
23 99 76 88 6 0 23 0.00 0.0 0 5.4 14 90 M M 2 18 18 60
24 94 72 83 1 0 18 0.00 0.0 0 4.7 15 80 M M 1 18 19 70
25 98 72 85 3 0 20 0.00 0.0 0 2.7 9 120 M M 1 13 250
26 104 75 90 8 0 25 0.00 0.0 0 5.0 14 30 M M 0 18 19 10
27 100 77 89 7 0 24 0.30 0.0 0 5.1 20 290 M M 2 138 25 290
28 97 75 86 4 0 21 0.00 0.0 0 4.2 14 120 M M 1 3 19 100
29 93 74 84 3 0 19 0.66 0.0 0 4.0 30 200 M M 3 123 36 200
30 86 74 80 -1 0 15 1.07 0.0 0 10.2 25 330 M M 6 1 33 320
31 92 72 82 1 0 17 0.02 0.0 0 3.8 12 80 M M 3 13 14 80
================================================================================
SM 2952 2282 0 609 4.50 0.0 144.3 M 64
================================================================================
AV 95.2 73.6 4.7 FASTST M M 2 MAX(MPH)
MISC ----> 39 320 49 330
================================================================================
NOTES:
# LAST OF SEVERAL OCCURRENCES
COLUMN 17 PEAK WIND IN M.P.H.
PRELIMINARY LOCAL CLIMATOLOGICAL DATA (WS FORM: F-6) , PAGE 2
STATION: ALBANY
MONTH: AUGUST
YEAR: 2023
LATITUDE: 31 31 N
LONGITUDE: 84 11 W
[TEMPERATURE DATA] [PRECIPITATION DATA] SYMBOLS USED IN COLUMN 16
AVERAGE MONTHLY: 84.4 TOTAL FOR MONTH: 4.50 1 = FOG OR MIST
DPTR FM NORMAL: 1.7 DPTR FM NORMAL: -0.33 2 = FOG REDUCING VISIBILITY
HIGHEST: 104 ON 26 GRTST 24HR 1.73 ON 29-30 TO 1/4 MILE OR LESS
LOWEST: 70 ON 18 3 = THUNDER
SNOW, ICE PELLETS, HAIL 4 = ICE PELLETS
TOTAL MONTH: 0.0 INCH 5 = HAIL
GRTST 24HR 0.0 6 = FREEZING RAIN OR DRIZZLE
GRTST DEPTH: 0 7 = DUSTSTORM OR SANDSTORM:
VSBY 1/2 MILE OR LESS
8 = SMOKE OR HAZE
[NO. OF DAYS WITH] [WEATHER - DAYS WITH] 9 = BLOWING SNOW
X = TORNADO
MAX 32 OR BELOW: 0 0.01 INCH OR MORE: 12
MAX 90 OR ABOVE: 30 0.10 INCH OR MORE: 6
MIN 32 OR BELOW: 0 0.50 INCH OR MORE: 4
MIN 0 OR BELOW: 0 1.00 INCH OR MORE: 1
[HDD (BASE 65) ]
TOTAL THIS MO. 0 CLEAR (SCALE 0-3) 25
DPTR FM NORMAL 0 PTCLDY (SCALE 4-7) 6
TOTAL FM JUL 1 0 CLOUDY (SCALE 8-10) 0
DPTR FM NORMAL 0
[CDD (BASE 65) ]
TOTAL THIS MO. 609
DPTR FM NORMAL 62 [PRESSURE DATA]
TOTAL FM JAN 1 2124 HIGHEST SLP 30.16 ON 21
DPTR FM NORMAL 38 LOWEST SLP 29.54 ON 30
[REMARKS]
#FINAL-08-23#