000
CXUS54 KFWD 010730
CF6ACT
PRELIMINARY LOCAL CLIMATOLOGICAL DATA (WS FORM: F-6)
STATION: WACO
MONTH: APRIL
YEAR: 2023
LATITUDE: 31 37 N
LONGITUDE: 97 13 W
TEMPERATURE IN F: :PCPN: SNOW: WIND :SUNSHINE: SKY :PK WND
================================================================================
1 2 3 4 5 6A 6B 7 8 9 10 11 12 13 14 15 16 17 18
12Z AVG MX 2MIN
DY MAX MIN AVG DEP HDD CDD WTR SNW DPTH SPD SPD DIR MIN PSBL S-S WX SPD DR
================================================================================
1 75 39 57 -6 8 0 0.00 0.0 0 6.3 16 40 M M 0 22 50
2 77 48 63 0 2 0 0.06 0.0 0 8.2 18 170 M M 5 13 24 150
3 89 67 78 14 0 13 0.00 0.0 0 14.4 24 160 M M 2 1 36 160
4 84 70 77 13 0 12 0.00 0.0 0 18.5 26 170 M M 6 1 35 180
5 75 52 64 0 1 0 0.22 0.0 0 13.1 28 310 M M 6 13 41 290
6 52 48 50 -14 15 0 0.29 0.0 0 11.5 20 20 M M 7 1 27 10
7 56 49 53 -11 12 0 0.00 0.0 0 10.4 20 40 M M 10 26 20
8 69 51 60 -5 5 0 0.00 0.0 0 5.8 13 50 M M 8 1 16 40
9 73 50 62 -3 3 0 0.00 0.0 0 3.4 12 110 M M 8 1 16 50
10 72 49 61 -4 4 0 0.00 0.0 0 4.4 14 80 M M 6 17 90
11 74 43 59 -6 6 0 0.00 0.0 0 4.3 13 110 M M 2 12 18 60
12 77 42 60 -6 5 0 0.00 0.0 0 4.9 18 140 M M 1 1 23 140
13 77 48 63 -3 2 0 0.00 0.0 0 8.1 14 170 M M 0 23 130
14 73 58 66 0 0 1 T 0.0 0 13.5 20 160 M M 6 1 26 180
15 88 58 73 7 0 8 0.00 0.0 0 12.3 25 340 M M 2 1 34 330
16 73 41 57 -9 8 0 0.00 0.0 0 6.9 15 360 M M 0 25 330
17 79 38 59 -7 6 0 0.00 0.0 0 10.4 24 170 M M 0 32 180
18 75 54 65 -2 0 0 T 0.0 0 14.5 24 180 M M 6 34 180
19 82 65 74 7 0 9 0.00 0.0 0 17.3 25 170 M M 8 1 35 160
20 86 61 74 7 0 9 0.90 0.0 0 11.8 30 210 M M 7 13 39 200
21 77 52 65 -2 0 0 0.00 0.0 0 8.6 20 360 M M 3 1 28 350
22 75 50 63 -5 2 0 0.02 0.0 0 9.4 23 20 M M 4 3 32 20
23 56 46 51 -17 14 0 0.71 0.0 0 13.2 28 30 M M 10 138 36 40
24 68 43 56 -12 9 0 0.00 0.0 0 6.8 14 120 M M 6 1 19 120
25 72 57 65 -3 0 0 0.00 0.0 0 8.5 15 160 M M 10 20 140
26 73 59 66 -3 0 1 1.58 0.0 0 9.6 51 360 M M 9 13 64 10
27 73 53 63 -6 2 0 0.00 0.0 0 8.1 17 290 M M 5 18 24 320
28 77 50 64 -5 1 0 0.12 0.0 0 12.5 26 350 M M 7 13 38 340
29 71 47 59 -10 6 0 0.00 0.0 0 13.3 28 340 M M 2 40 350
30 86 46 66 -4 0 1 0.00 0.0 0 7.7 17 50 M M 0 23 50
================================================================================
SM 2234 1534 111 54 3.90 0.0 297.7 M 146
================================================================================
AV 74.5 51.1 9.9 FASTST M M 5 MAX(MPH)
MISC ----> 51 360 64 10
================================================================================
NOTES:
# LAST OF SEVERAL OCCURRENCES
COLUMN 17 PEAK WIND IN M.P.H.
PRELIMINARY LOCAL CLIMATOLOGICAL DATA (WS FORM: F-6) , PAGE 2
STATION: WACO
MONTH: APRIL
YEAR: 2023
LATITUDE: 31 37 N
LONGITUDE: 97 13 W
[TEMPERATURE DATA] [PRECIPITATION DATA] SYMBOLS USED IN COLUMN 16
AVERAGE MONTHLY: 62.8 TOTAL FOR MONTH: 3.90 1 = FOG OR MIST
DPTR FM NORMAL: -3.4 DPTR FM NORMAL: 0.60 2 = FOG REDUCING VISIBILITY
HIGHEST: 89 ON 3 GRTST 24HR 1.58 ON 26-26 TO 1/4 MILE OR LESS
LOWEST: 38 ON 17 3 = THUNDER
SNOW, ICE PELLETS, HAIL 4 = ICE PELLETS
TOTAL MONTH: 0.0 INCH 5 = HAIL
GRTST 24HR 0.0 6 = FREEZING RAIN OR DRIZZLE
GRTST DEPTH: 0 7 = DUSTSTORM OR SANDSTORM:
VSBY 1/2 MILE OR LESS
8 = SMOKE OR HAZE
[NO. OF DAYS WITH] [WEATHER - DAYS WITH] 9 = BLOWING SNOW
X = TORNADO
MAX 32 OR BELOW: 0 0.01 INCH OR MORE: 8
MAX 90 OR ABOVE: 0 0.10 INCH OR MORE: 6
MIN 32 OR BELOW: 0 0.50 INCH OR MORE: 3
MIN 0 OR BELOW: 0 1.00 INCH OR MORE: 1
[HDD (BASE 65) ]
TOTAL THIS MO. 111 CLEAR (SCALE 0-3) 11
DPTR FM NORMAL 35 PTCLDY (SCALE 4-7) 14
TOTAL FM JUL 1 2010 CLOUDY (SCALE 8-10) 5
DPTR FM NORMAL -61
[CDD (BASE 65) ]
TOTAL THIS MO. 54
DPTR FM NORMAL -60 [PRESSURE DATA]
TOTAL FM JAN 1 109 HIGHEST SLP M ON M
DPTR FM NORMAL -56 LOWEST SLP 29.51 ON 4
[REMARKS]
#FINAL-04-23#