000
CXUS54 KFWD 010830
CF6ACT
PRELIMINARY LOCAL CLIMATOLOGICAL DATA (WS FORM: F-6)
STATION: WACO
MONTH: JANUARY
YEAR: 2022
LATITUDE: 31 37 N
LONGITUDE: 97 13 W
TEMPERATURE IN F: :PCPN: SNOW: WIND :SUNSHINE: SKY :PK WND
================================================================================
1 2 3 4 5 6A 6B 7 8 9 10 11 12 13 14 15 16 17 18
12Z AVG MX 2MIN
DY MAX MIN AVG DEP HDD CDD WTR SNW DPTH SPD SPD DIR MIN PSBL S-S WX SPD DR
================================================================================
1 82 30 56 9 9 0 0.01 0.0 0 15.6 32 350 M M 6 41 340
2 44 20 32 -15 33 0 0.00 0.0 0 15.5 29 320 M M 2 45 320
3 56 18 37 -10 28 0 0.00 0.0 0 7.8 17 170 M M 0 21 170
4 66 35 51 4 14 0 0.00 0.0 0 14.2 24 180 M M 0 31 180
5 63 31 47 0 18 0 0.00 0.0 0 6.1 22 30 M M 0 18 28 20
6 47 28 38 -9 27 0 0.00 0.0 0 13.1 28 350 M M 0 38 340
7 48 22 35 -12 30 0 0.00 0.0 0 7.6 15 160 M M 5 21 190
8 64 44 54 7 11 0 0.04 0.0 0 7.1 22 210 M M 10 12 28 200
9 62 46 54 7 11 0 0.00 0.0 0 14.0 25 340 M M 7 32 340
10 59 30 45 -2 20 0 0.00 0.0 0 9.6 18 360 M M 1 23 350
11 53 25 39 -8 26 0 0.01 T 0 4.3 10 230 M M 4 4 14 240
12 63 32 48 1 17 0 0.00 0.0 0 6.5 14 220 M M 2 1 20 200
13 78 30 54 7 11 0 0.00 0.0 0 3.4 10 350 M M 0 18 16 10
14 79 33 56 9 9 0 0.00 0.0 0 9.0 29 320 M M 0 18 40 320
15 60 37 49 2 16 0 0.00 0.0 0 23.3 36 340 M M 2 48 330
16 59 30 45 -2 20 0 0.00 0.0 0 7.0 16 320 M M 0 24 320
17 66 24 45 -2 20 0 0.00 0.0 0 5.8 15 180 M M 0 19 180
18 75 43 59 12 6 0 0.00 0.0 0 15.6 28 180 M M 0 35 180
19 77 40 59 12 6 0 T 0.0 0 14.6 29 10 M M 2 39 20
20 40 27 34 -14 31 0 0.00 0.0 0 17.4 28 360 M M 9 36 360
21 48 20 34 -14 31 0 0.00 0.0 0 6.8 13 30 M M 0 19 50
22 55 19 37 -11 28 0 0.00 0.0 0 3.4 9 30 M M 0 15 50
23 66 25 46 -2 19 0 0.00 0.0 0 5.0 13 190 M M 6 21 310
24 54 43 49 1 16 0 0.25 0.0 0 5.8 13 190 M M 10 12 17 190
25 56 33 45 -3 20 0 0.00 0.0 0 5.8 13 10 M M 7 128 16 80
26 54 31 43 -5 22 0 0.00 0.0 0 6.5 13 30 M M 2 1 17 20
27 59 35 47 -1 18 0 0.00 0.0 0 5.1 16 360 M M 5 19 10
28 58 28 43 -5 22 0 0.00 0.0 0 9.8 21 340 M M 1 27 340
29 70 25 48 -1 17 0 0.00 0.0 0 8.7 17 230 M M 0 28 230
30 71 30 51 2 14 0 0.00 0.0 0 8.5 15 170 M M 0 19 170
31 64 45 55 6 10 0 0.02 0.0 0 5.6 16 140 M M 7 19 140
================================================================================
SM 1896 959 580 0 0.33 T 288.5 M 88
================================================================================
AV 61.2 30.9 9.3 FASTST M M 3 MAX(MPH)
MISC ----> 36 340 48 330
================================================================================
NOTES:
# LAST OF SEVERAL OCCURRENCES
COLUMN 17 PEAK WIND IN M.P.H.
PRELIMINARY LOCAL CLIMATOLOGICAL DATA (WS FORM: F-6) , PAGE 2
STATION: WACO
MONTH: JANUARY
YEAR: 2022
LATITUDE: 31 37 N
LONGITUDE: 97 13 W
[TEMPERATURE DATA] [PRECIPITATION DATA] SYMBOLS USED IN COLUMN 16
AVERAGE MONTHLY: 46.0 TOTAL FOR MONTH: 0.33 1 = FOG OR MIST
DPTR FM NORMAL: -1.4 DPTR FM NORMAL: -2.26 2 = FOG REDUCING VISIBILITY
HIGHEST: 82 ON 1 GRTST 24HR 0.25 ON 24-24 TO 1/4 MILE OR LESS
LOWEST: 18 ON 3 3 = THUNDER
SNOW, ICE PELLETS, HAIL 4 = ICE PELLETS
TOTAL MONTH: T 5 = HAIL
GRTST 24HR T ON 11-11 6 = FREEZING RAIN OR DRIZZLE
GRTST DEPTH: 0 7 = DUSTSTORM OR SANDSTORM:
VSBY 1/2 MILE OR LESS
8 = SMOKE OR HAZE
[NO. OF DAYS WITH] [WEATHER - DAYS WITH] 9 = BLOWING SNOW
X = TORNADO
MAX 32 OR BELOW: 0 0.01 INCH OR MORE: 5
MAX 90 OR ABOVE: 0 0.10 INCH OR MORE: 1
MIN 32 OR BELOW: 20 0.50 INCH OR MORE: 0
MIN 0 OR BELOW: 0 1.00 INCH OR MORE: 0
[HDD (BASE 65) ]
TOTAL THIS MO. 580 CLEAR (SCALE 0-3) 20
DPTR FM NORMAL 33 PTCLDY (SCALE 4-7) 8
TOTAL FM JUL 1 997 CLOUDY (SCALE 8-10) 3
DPTR FM NORMAL -380
[CDD (BASE 65) ]
TOTAL THIS MO. 0
DPTR FM NORMAL -3 [PRESSURE DATA]
TOTAL FM JAN 1 0 HIGHEST SLP 30.71 ON 10
DPTR FM NORMAL -3 LOWEST SLP 29.58 ON 1
[REMARKS]
#FINAL-01-22#