000
CXUS54 KFWD 010742
CLMACT
CLIMATE REPORT
NATIONAL WEATHER SERVICE FORT WORTH TX
242 AM CDT MON MAY 01 2023
...................................
...THE WACO CLIMATE SUMMARY FOR THE MONTH OF APRIL 2023...
CLIMATE NORMAL PERIOD 1991 TO 2020
CLIMATE RECORD PERIOD 1901 TO 2023
WEATHER OBSERVED NORMAL DEPART LAST YEAR`S
VALUE DATE(S) VALUE FROM VALUE DATE(S)
NORMAL
................................................................
TEMPERATURE (F)
RECORD
HIGH 101 04/09/1963
LOW 26 04/07/2009
HIGHEST 89 04/03 90 -1 97 04/05
LOWEST 38 04/17 38 0 36 04/09
AVG. MAXIMUM 74.5 77.9 -3.4 82.9
AVG. MINIMUM 51.1 54.6 -3.5 57.2
MEAN 62.8 66.2 -3.4 70.1
DAYS MAX >= 90 0 1.4 -1.4 1
DAYS MAX <= 32 0 0.0 0.0 0
DAYS MAX >= 100 0 0
DAYS MIN <= 32 0 0.2 -0.2 0
DAYS MIN <= 0 0 0.0 0.0 0
DAYS MIN >= 80 0 0
PRECIPITATION (INCHES)
RECORD
MAXIMUM 13.91 1977
MINIMUM 0.12 1983
TOTALS 3.90 3.30 0.60 1.81
DAILY AVG. 0.13 0.11 0.02 0.06
DAYS >= .01 8 7.1 0.9 2
DAYS >= .10 6 4.4 1.6 2
DAYS >= .50 3 2.3 0.7 2
DAYS >= 1.00 1 1.0 0.0 1
GREATEST
24 HR. TOTAL 1.58 04/26 TO 04/26 1.29
SNOWFALL (INCHES)
RECORDS
TOTAL 3.5 2007
24 HR TOTAL 3.5 04/07/2007 TO 04/08/2007
TOTALS 0.0 0.1 -0.1 0.0
SINCE 7/1 0.1 0.7 -0.6 MM
SNOWDEPTH AVG. 0 0
DAYS >= TRACE 0 0
DAYS >= 1.0 0 0.0 0.0 0
GREATEST
SNOW DEPTH 0 0 MM
24 HR TOTAL MM MM
DEGREE DAYS
HEATING TOTAL 111 76 35 24
SINCE 7/1 2010 2071 -61 MM
COOLING TOTAL 54 114 -60 183
SINCE 1/1 109 165 -56 MM
................................................................
WIND (MPH)
AVERAGE WIND SPEED 9.9
HIGHEST WIND SPEED/DIRECTION 51/360 DATE 04/26
HIGHEST GUST SPEED/DIRECTION 64/010 DATE 04/26
SKY COVER
POSSIBLE SUNSHINE (PERCENT) MM
AVERAGE SKY COVER 0.49
NUMBER OF DAYS FAIR 11
NUMBER OF DAYS PC 12
NUMBER OF DAYS CLOUDY 7
AVERAGE RH (PERCENT) 74
WEATHER CONDITIONS. NUMBER OF DAYS WITH
THUNDERSTORM 7 MIXED PRECIP 0
HEAVY RAIN 5 RAIN 5
LIGHT RAIN 9 FREEZING RAIN 0
LT FREEZING RAIN 0 HAIL 0
HEAVY SNOW 0 SNOW 0
LIGHT SNOW 0 SLEET 0
FOG 19 FOG W/VIS <= 1/4 MILE 1
HAZE 2
- INDICATES NEGATIVE NUMBERS.
R INDICATES RECORD WAS SET OR TIED.
MM INDICATES DATA IS MISSING.
T INDICATES TRACE AMOUNT.
$$