000
CXUS56 KEKA 011330
CF6ACV
PRELIMINARY LOCAL CLIMATOLOGICAL DATA (WS FORM: F-6)
STATION: ARCATA CA
MONTH: FEBRUARY
YEAR: 2022
LATITUDE: 40 58 N
LONGITUDE: 124 6 W
TEMPERATURE IN F: :PCPN: SNOW: WIND :SUNSHINE: SKY :PK WND
================================================================================
1 2 3 4 5 6A 6B 7 8 9 10 11 12 13 14 15 16 17 18
12Z AVG MX 2MIN
DY MAX MIN AVG DEP HDD CDD WTR SNW DPTH SPD SPD DIR MIN PSBL S-S WX SPD DR
================================================================================
1 52 29 41 -8 24 0 0.00 M M 11.7 24 10 M M 0 38 350
2 53 36 45 -4 20 0 0.00 M M 9.7 24 340 M M 3 35 350
3 53 37 45 -4 20 0 0.00 M M 4.6 17 330 M M 4 1 27 310
4 52 39 46 -3 19 0 0.00 M M 5.4 15 320 M M 5 1 18 330
5 59 37 48 -1 17 0 0.00 M M 3.7 12 170 M M 3 18 17 170
6 55 35 45 -4 20 0 0.00 M M 2.3 9 260 M M 4 28 12 260
7 51 38 45 -4 20 0 0.00 M M 2.8 8 140 M M 6 28 12 110
8 62 34 48 -1 17 0 0.00 M M 2.7 10 250 M M 1 28 12 270
9 76 39 58 9 7 0 0.00 0.0 0 6.4 16 330 M M 0 18 24 20
10 78 47 63 14 2 0 0.00 M M 5.2 14 40 M M 0 18 21 50
11 67 44 56 7 9 0 0.00 M M 3.1 9 310 M M 0 18 11 310
12 62 41 52 3 13 0 0.00 M M 2.8 9 240 M M 0 28 12 250
13 49 36 43 -6 22 0 0.01 M M 1.5 8 270 M M 8 2 11 250
14 53 42 48 -1 17 0 0.07 M M 6.5 21 350 M M 9 1 29 310
15 55 37 46 -3 19 0 0.00 M M 9.1 24 330 M M 0 8 34 350
16 56 32 44 -5 21 0 0.00 M M 9.4 26 350 M M 0 1 39 350
17 57 33 45 -3 20 0 0.00 M M 4.8 12 150 M M 2 18 16 150
18 51 43 47 -1 18 0 0.00 M M 5.2 12 310 M M 7 2 19 160
19 49 38 44 -4 21 0 0.00 M M 3.3 17 320 M M 9 2 21 330
20 53 43 48 0 17 0 0.01 M M 10.1 25 340 M M 6 1 35 330
21 47 34 41 -7 24 0 0.19 M M 4.7 22 310 M M 7 1 29 320
22 48 30 39 -9 26 0 0.12 M M 6.3 20 330 M M 5 1 25 330
23 48 27 38 -10 27 0 0.00 M M 7.2 22 320 M M 0 1 25 310
24 49 28 39 -9 26 0 0.00 M M 5.9 18 320 M M 0 1 23 310
25 53 27 40 -8 25 0 0.00 M M 3.8 10 250 M M 0 1 13 250
26 60 32 46 -2 19 0 0.01 M M 4.9 16 120 M M 5 8 25 130
27 66 48 57 8 8 0 T M M 6.6 21 190 M M 8 27 190
28 63 49 56 7 9 0 T 0.0 M 4.8 13 230 M M 7 18 21 310
================================================================================
SM 1577 1035 507 0 0.41 0.0 154.5 M 99
================================================================================
AV 56.3 37.0 5.5 FASTST M M 4 MAX(MPH)
MISC ----> 26 350 39 350
================================================================================
NOTES:
# LAST OF SEVERAL OCCURRENCES
COLUMN 17 PEAK WIND IN M.P.H.
PRELIMINARY LOCAL CLIMATOLOGICAL DATA (WS FORM: F-6) , PAGE 2
STATION: ARCATA CA
MONTH: FEBRUARY
YEAR: 2022
LATITUDE: 40 58 N
LONGITUDE: 124 6 W
[TEMPERATURE DATA] [PRECIPITATION DATA] SYMBOLS USED IN COLUMN 16
AVERAGE MONTHLY: 46.6 TOTAL FOR MONTH: 0.41 1 = FOG OR MIST
DPTR FM NORMAL: -2.0 DPTR FM NORMAL: -6.07 2 = FOG REDUCING VISIBILITY
HIGHEST: 78 ON 10 GRTST 24HR 0.31 ON 21-22 TO 1/4 MILE OR LESS
LOWEST: 27 ON 25,23 3 = THUNDER
SNOW, ICE PELLETS, HAIL 4 = ICE PELLETS
TOTAL MONTH: 0.0 INCH 5 = HAIL
GRTST 24HR 0.0 6 = FREEZING RAIN OR DRIZZLE
GRTST DEPTH: 0 7 = DUSTSTORM OR SANDSTORM:
VSBY 1/2 MILE OR LESS
8 = SMOKE OR HAZE
[NO. OF DAYS WITH] [WEATHER - DAYS WITH] 9 = BLOWING SNOW
X = TORNADO
MAX 32 OR BELOW: 0 0.01 INCH OR MORE: 6
MAX 90 OR ABOVE: 0 0.10 INCH OR MORE: 2
MIN 32 OR BELOW: 7 0.50 INCH OR MORE: 0
MIN 0 OR BELOW: 0 1.00 INCH OR MORE: 0
[HDD (BASE 65) ]
TOTAL THIS MO. 507 CLEAR (SCALE 0-3) 13
DPTR FM NORMAL 48 PTCLDY (SCALE 4-7) 12
TOTAL FM JUL 1 3115 CLOUDY (SCALE 8-10) 3
DPTR FM NORMAL 151
[CDD (BASE 65) ]
TOTAL THIS MO. 0
DPTR FM NORMAL 0 [PRESSURE DATA]
TOTAL FM JAN 1 0 HIGHEST SLP 30.53 ON 4
DPTR FM NORMAL 0 LOWEST SLP 29.99 ON 22
[REMARKS]
#FINAL-02-22#