000
CXAK56 PAFC 270153
CF6ADQ
PRELIMINARY LOCAL CLIMATOLOGICAL DATA (WS FORM: F-6)
STATION: KODIAK
MONTH: JULY
YEAR: 2021
LATITUDE: 57 45 N
LONGITUDE: 152 31 W
TEMPERATURE IN F: :PCPN: SNOW: WIND :SUNSHINE: SKY :PK WND
================================================================================
1 2 3 4 5 6A 6B 7 8 9 10 11 12 13 14 15 16 17 18
12Z AVG MX 2MIN
DY MAX MIN AVG DEP HDD CDD WTR SNW DPTH SPD SPD DIR MIN PSBL S-S WX SPD DR
================================================================================
1 53 50 52 -2 13 0 0.85 M M 13.4 21 90 M M 10 18 23 90
2 57 49 53 -2 12 0 0.03 M M 11.3 22 170 M M 9 18 30 150
3 59 47 53 -2 12 0 0.00 M M 6.7 14 120 M M 8 23 150
4 54 43 49 -6 16 0 0.00 M M 6.5 13 100 M M 8 18 16 90
5 61 51 56 1 9 0 0.04 M M 7.6 20 140 M M 7 22 140
6 62 46 54 -1 11 0 0.08 M M 6.9 16 280 M M 6 20 310
7 56 45 51 -4 14 0 T M M 4.2 12 290 M M 9 15 300
8 56 50 53 -3 12 0 T M M 3.7 8 80 M M 10 16 100
9 56 44 50 -6 15 0 0.18 M M 9.9 21 160 M M 9 26 140
10 54 50 52 -4 13 0 0.42 M M 4.6 14 300 M M 10 12 17 330
11 53 50 52 -4 13 0 1.38 M M 12.4 23 300 M M 10 1 33 320
12 56 52 54 -2 11 0 0.13 M M 9.9 20 290 M M 10 18 26 290
13 59 53 56 0 9 0 0.19 M M 7.1 17 30 M M 10 23 30
14 60 49 55 -1 10 0 0.00 M M 6.7 16 70 M M 6 20 70
15 79 47 63 7 2 0 0.00 M M 6.5 15 290 M M 5 22 280
16 M M M M M M M M M 7.3 13 290 M M 0 M M
17 M M M M M M M M M 5.4 8 40 M M 0 M M
18 72 57 65 9 0 0 0.00 M M 4.0 9 270 M M 0 14 230
19 67 55 61 4 4 0 0.00 M M 6.9 18 40 M M 0 23 30
20 M M M M M M M M M 7.5 10 150 M M 9 M M
21 M M M M M M M M M 7.6 10 310 M M 10 1 M M
22 M M M M M M M M M 13.3 17 360 M M 9 1 27 10
23 M M M M M M M M M 21.7162 360 M M 10 1 28 360
24 M M M M M M M M M 6.6 12 50 M M 9 1 M M
25 M M M M M M M M M 6.1 10 30 M M 8 128 M M
26 65 50 58 1 7 0 0.00 M M 4.9 10 320 M M 8 12 320
27 64 48 56 -1 9 0 0.00 M M 6.7 13 300 M M 4 M M
28 61 55 58 1 7 0 0.00 M M 4.5 10 310 M M 10 14 20
29 59 54 57 0 8 0 0.00 M M 4.7 9 90 M M 10 13 320
30 60 54 57 0 8 0 0.00 M M 2.2 8 60 M M 10 10 10
31 62 52 57 0 8 0 T M M 4.1 8 90 M M 9 1 M M
================================================================================
SM 1385 1151 223 0 3.30 M 230.9 M 233
================================================================================
AV 60.2 50.0 7.4 FASTST M M 8 MAX(MPH)
MISC ----> 162 360 33 320
================================================================================
NOTES:
# LAST OF SEVERAL OCCURRENCES
COLUMN 17 PEAK WIND IN M.P.H.
PRELIMINARY LOCAL CLIMATOLOGICAL DATA (WS FORM: F-6) , PAGE 2
STATION: KODIAK
MONTH: JULY
YEAR: 2021
LATITUDE: 57 45 N
LONGITUDE: 152 31 W
[TEMPERATURE DATA] [PRECIPITATION DATA] SYMBOLS USED IN COLUMN 16
AVERAGE MONTHLY: 55.1 TOTAL FOR MONTH: 3.30 1 = FOG OR MIST
DPTR FM NORMAL: -1.1 DPTR FM NORMAL: -1.21 2 = FOG REDUCING VISIBILITY
HIGHEST: 79 ON 15 GRTST 24HR 1.38 ON 11-11 TO 1/4 MILE OR LESS
LOWEST: 43 ON 4 3 = THUNDER
SNOW, ICE PELLETS, HAIL 4 = ICE PELLETS
TOTAL MONTH: M 5 = HAIL
GRTST 24HR M ON M 6 = FREEZING RAIN OR DRIZZLE
GRTST DEPTH: M ON M 7 = DUSTSTORM OR SANDSTORM:
VSBY 1/2 MILE OR LESS
8 = SMOKE OR HAZE
[NO. OF DAYS WITH] [WEATHER - DAYS WITH] 9 = BLOWING SNOW
X = TORNADO
MAX 32 OR BELOW: 0 0.01 INCH OR MORE: 9
MAX 90 OR ABOVE: 0 0.10 INCH OR MORE: 6
MIN 32 OR BELOW: 0 0.50 INCH OR MORE: 2
MIN 0 OR BELOW: 0 1.00 INCH OR MORE: 1
[HDD (BASE 65) ]
TOTAL THIS MO. 223 CLEAR (SCALE 0-3) 4
DPTR FM NORMAL -54 PTCLDY (SCALE 4-7) 7
TOTAL FM JUL 1 223 CLOUDY (SCALE 8-10) 20
DPTR FM NORMAL -53
[CDD (BASE 65) ]
TOTAL THIS MO. 0
DPTR FM NORMAL -3 [PRESSURE DATA]
TOTAL FM JAN 1 0 HIGHEST SLP 30.25 ON 3
DPTR FM NORMAL -4 LOWEST SLP 29.60 ON 21
[REMARKS]
#FINAL-07-21#