641
CXAK56 PAFC 042252 COR
CF6ADQ
PRELIMINARY LOCAL CLIMATOLOGICAL DATA (WS FORM: F-6)
STATION: KODIAK
MONTH: JUNE
YEAR: 2020
LATITUDE: 57 45 N
LONGITUDE: 152 31 W
TEMPERATURE IN F: :PCPN: SNOW: WIND :SUNSHINE: SKY :PK WND
================================================================================
1 2 3 4 5 6A 6B 7 8 9 10 11 12 13 14 15 16 17 18
12Z AVG MX 2MIN
DY MAX MIN AVG DEP HDD CDD WTR SNW DPTH SPD SPD DIR MIN PSBL S-S WX SPD DR
================================================================================
1 50 47 49 2 16 0 0.61 M M 15.6 22 30 M M 10 1 28 70
2 53 47 50 3 15 0 0.50 M M 11.4 22 30 M M 10 18 26 30
3 52 47 50 3 15 0 0.14 M M 12.7 21 30 M M 10 18 26 30
4 58 45 52 4 13 0 0.00 M M 7.0 12 300 M M 5 16 110
5 57 43 50 2 15 0 0.00 M M 6.3 14 60 M M 5 16 50
6 56 44 50 2 15 0 T M M 5.5 13 310 M M 9 19 340
7 55 45 50 2 15 0 T M M 6.2 14 310 M M 8 18 300
8 55 45 50 2 15 0 0.00 M M 5.1 10 90 M M 6 15 100
9 50 46 48 0 17 0 0.28 M M 2.7 8 60 M M 10 1 9 50
10 54 45 50 1 15 0 0.00 M M 4.2 12 70 M M 6 1 15 40
11 60 49 55 6 10 0 0.00 M M 6.8 16 140 M M 8 20 140
12 61 47 54 5 11 0 0.00 M M 6.0 14 80 M M 6 17 330
13 63 42 53 4 12 0 0.00 M M 8.5 20 110 M M 3 23 110
14 56 44 50 1 15 0 T M M 7.0 14 80 M M 7 15 110
15 59 41 50 0 15 0 0.00 M M 8.6 16 160 M M 6 24 140
16 52 50 51 1 14 0 2.24 M M 16.1 26 70 M M 10 18 31 60
17 51 49 50 0 15 0 0.32 M M 17.3 26 70 M M 10 1 32 60
18 55 44 50 0 15 0 0.06 M M 10.6 17 100 M M 8 1 20 100
19 55 40 48 -2 17 0 T M M 7.9 17 100 M M 6 19 90
20 54 49 52 2 13 0 0.18 M M 10.7 16 100 M M 10 18 18 100
21 55 49 52 1 13 0 0.02 M M 10.7 14 70 M M 10 1 M M
22 56 49 53 2 12 0 0.10 M M 7.9 15 80 M M 10 1 20 90
23 54 49 52 1 13 0 0.12 M M 8.2 15 80 M M 10 1 19 90
24 56 46 51 0 14 0 T M M 7.4 15 80 M M 9 19 90
25 52 49 51 0 14 0 0.62 M M 12.6 22 20 M M 9 18 31 30
26 62 45 54 2 11 0 0.04 M M 9.4 24 280 M M 7 1 32 270
27 57 41 49 -3 16 0 T M M 7.6 20 170 M M 4 8 25 170
28 59 49 54 2 11 0 0.09 M M 6.5 17 190 M M 8 18 21 190
29 65 44 55 3 10 0 0.00 M M 5.6 15 310 M M 0 18 70
30 62 50 56 4 9 0 0.00 0.0 M 6.3 14 300 M M 0 17 320
================================================================================
SM 1684 1380 411 0 5.32 0.0 258.4 M 220
================================================================================
AV 56.1 46.0 8.6 FASTST M M 7 MAX(MPH)
MISC ----> # 26 70 # 32 60
================================================================================
NOTES:
# LAST OF SEVERAL OCCURRENCES
COLUMN 17 PEAK WIND IN M.P.H.
PRELIMINARY LOCAL CLIMATOLOGICAL DATA (WS FORM: F-6) , PAGE 2
STATION: KODIAK
MONTH: JUNE
YEAR: 2020
LATITUDE: 57 45 N
LONGITUDE: 152 31 W
[TEMPERATURE DATA] [PRECIPITATION DATA] SYMBOLS USED IN COLUMN 16
AVERAGE MONTHLY: 51.1 TOTAL FOR MONTH: 5.32 1 = FOG OR MIST
DPTR FM NORMAL: 1.4 DPTR FM NORMAL: -0.59 2 = FOG REDUCING VISIBILITY
HIGHEST: 65 ON 29 GRTST 24HR 2.24 ON 16-16 TO 1/4 MILE OR LESS
LOWEST: 40 ON 19 3 = THUNDER
SNOW, ICE PELLETS, HAIL 4 = ICE PELLETS
TOTAL MONTH: 0.0 INCH 5 = HAIL
GRTST 24HR 0.0 6 = FREEZING RAIN OR DRIZZLE
GRTST DEPTH: M ON M 7 = DUSTSTORM OR SANDSTORM:
VSBY 1/2 MILE OR LESS
8 = SMOKE OR HAZE
[NO. OF DAYS WITH] [WEATHER - DAYS WITH] 9 = BLOWING SNOW
X = TORNADO
MAX 32 OR BELOW: 0 0.01 INCH OR MORE: 14
MAX 90 OR ABOVE: 0 0.10 INCH OR MORE: 10
MIN 32 OR BELOW: 0 0.50 INCH OR MORE: 4
MIN 0 OR BELOW: 0 1.00 INCH OR MORE: 1
[HDD (BASE 65) ]
TOTAL THIS MO. 411 CLEAR (SCALE 0-3) 3
DPTR FM NORMAL -50 PTCLDY (SCALE 4-7) 11
TOTAL FM JUL 1 7794 CLOUDY (SCALE 8-10) 16
DPTR FM NORMAL -1001
[CDD (BASE 65) ]
TOTAL THIS MO. 0
DPTR FM NORMAL 0 [PRESSURE DATA]
TOTAL FM JAN 1 0 HIGHEST SLP M ON M
DPTR FM NORMAL 0 LOWEST SLP 29.45 ON 2
[REMARKS]
#FINAL-06-20#