000
CXUS55 KCAE 011500
CF6AGS
PRELIMINARY LOCAL CLIMATOLOGICAL DATA (WS FORM: F-6)
STATION: AUGUSTA BUSH FIELD GA
MONTH: FEBRUARY
YEAR: 2021
LATITUDE: 33 22 N
LONGITUDE: 81 58 W
TEMPERATURE IN F: :PCPN: SNOW: WIND :SUNSHINE: SKY :PK WND
================================================================================
1 2 3 4 5 6A 6B 7 8 9 10 11 12 13 14 15 16 17 18
12Z AVG MX 2MIN
DY MAX MIN AVG DEP HDD CDD WTR SNW DPTH SPD SPD DIR MIN PSBL S-S WX SPD DR
================================================================================
1 47 39 43 -4 22 0 0.04 0.0 0 10.7 21 300 M M 10 1 28 310
2 56 35 46 -1 19 0 0.00 0.0 0 13.7 23 310 M M 4 30 320
3 57 29 43 -4 22 0 0.00 0.0 0 6.6 16 300 M M 0 20 320
4 58 22 40 -7 25 0 T 0.0 0 2.4 13 190 M M 1 8 15 200
5 60 48 54 7 11 0 0.03 0.0 0 8.8 23 210 M M 6 1 33 200
6 53 41 47 0 18 0 0.29 0.0 0 6.3 16 60 M M 8 1 20 60
7 57 32 45 -3 20 0 0.21 0.0 0 5.3 15 340 M M 7 1 19 340
8 67 30 49 1 16 0 0.00 0.0 0 3.2 14 90 M M 6 12 20 160
9 74 49 62 14 3 0 0.00 0.0 0 3.7 14 200 M M 5 16 200
10 76 52 64 16 1 0 0.00 0.0 0 3.6 14 170 M M 7 18 18 140
11 69 58 64 16 1 0 0.35 0.0 M 4.3 15 320 M M 10 128 19 310
12 62 42 52 4 13 0 0.50 0.0 0 8.4 20 20 M M 10 12 26 20
13 43 41 42 -7 23 0 1.21 0.0 0 6.2 13 10 M M 10 1 17 10
14 44 42 43 -6 22 0 0.75 0.0 0 7.1 16 280 M M 10 1 19 290
15 61 44 53 4 12 0 0.79 0.0 0 5.3 13 140 M M 10 13 16 130
16 63 33 48 -1 17 0 0.00 0.0 0 11.1 22 280 M M 5 31 280
17 57 27 42 -8 23 0 0.01 0.0 0 5.7 15 120 M M 3 20 120
18 47 41 44 -6 21 0 1.81 0.0 0 8.0 22 320 M M 10 13 25 320
19 56 35 46 -4 19 0 0.50 0.0 0 6.7 13 310 M M 8 1 15 350
20 58 29 44 -6 21 0 0.00 0.0 0 2.5 13 340 M M 0 1 18 330
21 62 27 45 -5 20 0 0.00 0.0 0 6.4 16 130 M M 3 12 21 120
22 65 45 55 4 10 0 0.10 0.0 0 5.5 16 200 M M 8 12 24 210
23 73 39 56 5 9 0 0.00 0.0 0 8.4 20 290 M M 0 1 25 270
24 78 33 56 5 9 0 0.00 0.0 M 3.4 18 210 M M 0 18 23 210
25 82 38 60 9 5 0 0.00 0.0 0 3.1 16 290 M M 0 22 300
26 70 42 56 4 9 0 0.00 0.0 0 5.1 14 350 M M 6 18 350
27 84 47 66 14 0 1 T 0.0 0 4.6 17 200 M M 4 18 22 200
28 88 55 72 20 0 7 0.00 0.0 0 6.9 20 220 M M 2 18 26 200
================================================================================
SM 1767 1095 391 8 6.59 0.0 173.0 M 153
================================================================================
AV 63.1 39.1 6.2 FASTST M M 5 MAX(MPH)
MISC ----> # 23 310 33 200
================================================================================
NOTES:
# LAST OF SEVERAL OCCURRENCES
COLUMN 17 PEAK WIND IN M.P.H.
PRELIMINARY LOCAL CLIMATOLOGICAL DATA (WS FORM: F-6) , PAGE 2
STATION: AUGUSTA BUSH FIELD GA
MONTH: FEBRUARY
YEAR: 2021
LATITUDE: 33 22 N
LONGITUDE: 81 58 W
[TEMPERATURE DATA] [PRECIPITATION DATA] SYMBOLS USED IN COLUMN 16
AVERAGE MONTHLY: 51.1 TOTAL FOR MONTH: 6.59 1 = FOG OR MIST
DPTR FM NORMAL: 2.0 DPTR FM NORMAL: 2.67 2 = FOG REDUCING VISIBILITY
HIGHEST: 88 ON 28 GRTST 24HR 2.14 ON 18-19 TO 1/4 MILE OR LESS
LOWEST: 22 ON 4 3 = THUNDER
SNOW, ICE PELLETS, HAIL 4 = ICE PELLETS
TOTAL MONTH: 0.0 INCH 5 = HAIL
GRTST 24HR 0.0 6 = FREEZING RAIN OR DRIZZLE
GRTST DEPTH: 0 7 = DUSTSTORM OR SANDSTORM:
VSBY 1/2 MILE OR LESS
8 = SMOKE OR HAZE
[NO. OF DAYS WITH] [WEATHER - DAYS WITH] 9 = BLOWING SNOW
X = TORNADO
MAX 32 OR BELOW: 0 0.01 INCH OR MORE: 13
MAX 90 OR ABOVE: 0 0.10 INCH OR MORE: 10
MIN 32 OR BELOW: 7 0.50 INCH OR MORE: 6
MIN 0 OR BELOW: 0 1.00 INCH OR MORE: 2
[HDD (BASE 65) ]
TOTAL THIS MO. 391 CLEAR (SCALE 0-3) 8
DPTR FM NORMAL -56 PTCLDY (SCALE 4-7) 12
TOTAL FM JUL 1 1653 CLOUDY (SCALE 8-10) 8
DPTR FM NORMAL -378
[CDD (BASE 65) ]
TOTAL THIS MO. 8
DPTR FM NORMAL 6 [PRESSURE DATA]
TOTAL FM JAN 1 12 HIGHEST SLP 30.53 ON 21
DPTR FM NORMAL 11 LOWEST SLP 29.72 ON 16
[REMARKS]
#FINAL-02-21#