970
CXUS55 KCAE 011400
CF6AGS
PRELIMINARY LOCAL CLIMATOLOGICAL DATA (WS FORM: F-6)
STATION: AUGUSTA BUSH FIELD GA
MONTH: APRIL
YEAR: 2020
LATITUDE: 33 22 N
LONGITUDE: 81 58 W
TEMPERATURE IN F: :PCPN: SNOW: WIND :SUNSHINE: SKY :PK WND
================================================================================
1 2 3 4 5 6A 6B 7 8 9 10 11 12 13 14 15 16 17 18
12Z AVG MX 2MIN
DY MAX MIN AVG DEP HDD CDD WTR SNW DPTH SPD SPD DIR MIN PSBL S-S WX SPD DR
================================================================================
1 67 48 58 -2 7 0 0.00 0.0 0 7.5 18 340 M M 5 23 330
2 70 39 55 -5 10 0 0.00 0.0 0 3.5 15 310 M M 0 19 320
3 81 41 61 1 4 0 0.00 0.0 0 1.0 12 310 M M 0 1 15 250
4 78 49 64 4 1 0 0.00 0.0 0 2.4 12 70 M M 1 1 14 80
5 82 52 67 7 0 2 0.00 0.0 0 3.6 14 150 M M 1 1 25 170
6 85 51 68 8 0 3 0.00 0.0 0 4.4 15 220 M M 2 128 19 210
7 87 61 74 13 0 9 T 0.0 0 6.8 17 260 M M 1 8 25 260
8 85 57 71 10 0 6 0.00 0.0 0 7.3 18 270 M M 4 8 25 260
9 87 68 78 17 0 13 0.01 0.0 0 11.7 24 290 M M 1 1 33 290
10 71 42 57 -4 8 0 0.00 0.0 0 9.6 25 320 M M 1 8 33 310
11 76 37 57 -5 8 0 0.00 0.0 0 3.0 13 220 M M 0 17 190
12 77 46 62 0 3 0 0.15 0.0 0 9.0 22 170 M M 7 1 30 170
13 84 58 71 9 0 6 1.12 0.0 0 11.2 25 180 M M 4 13 39 220
14 83 53 68 6 0 3 0.00 0.0 0 3.8 16 240 M M 1 1 23 220
15 69 51 60 -2 5 0 0.00 0.0 0 7.0 20 40 M M 3 24 40
16 73 46 60 -3 5 0 0.00 0.0 0 2.8 12 30 M M 1 18 14 60
17 78 40 59 -4 6 0 0.00 0.0 0 5.1 18 220 M M 1 18 25 190
18 82 53 68 5 0 3 0.01 0.0 0 9.4 22 320 M M 2 30 270
19 61 43 52 -11 13 0 1.44 0.0 0 1.9 17 150 M M 5 13 M M
20 74 52 63 -1 2 0 0.67 0.0 0 7.2 22 350 M M 6 1 29 330
21 81 46 64 0 1 0 0.00 0.0 0 8.3 20 280 M M 2 12 35 270
22 77 45 61 -3 4 0 0.00 0.0 0 3.9 13 20 M M 0 17 40
23 66 58 62 -2 3 0 1.32 0.0 0 9.0 35 160 M M 7 13 50 160
24 80 56 68 3 0 3 0.00 0.0 0 7.7 20 260 M M 7 1 24 260
25 84 51 68 3 0 3 0.00 0.0 0 5.3 18 180 M M 1 12 23 160
26 78 57 68 3 0 3 0.00 0.0 0 13.7 26 290 M M 0 37 300
27 77 50 64 -2 1 0 0.00 0.0 0 5.4 17 300 M M 0 24 300
28 82 46 64 -2 1 0 0.00 0.0 0 3.5 13 180 M M 0 1 16 220
29 85 56 71 5 0 6 0.18 0.0 0 11.1 25 180 M M 2 18 34 200
30 73 55 64 -2 1 0 0.64 0.0 0 9.3 24 340 M M 7 1 35 310
================================================================================
SM 2333 1507 83 60 5.54 0.0 195.4 M 72
================================================================================
AV 77.8 50.2 6.5 FASTST M M 2 MAX(MPH)
MISC ----> # 35 160 # 50 160
================================================================================
NOTES:
# LAST OF SEVERAL OCCURRENCES
COLUMN 17 PEAK WIND IN M.P.H.
PRELIMINARY LOCAL CLIMATOLOGICAL DATA (WS FORM: F-6) , PAGE 2
STATION: AUGUSTA BUSH FIELD GA
MONTH: APRIL
YEAR: 2020
LATITUDE: 33 22 N
LONGITUDE: 81 58 W
[TEMPERATURE DATA] [PRECIPITATION DATA] SYMBOLS USED IN COLUMN 16
AVERAGE MONTHLY: 64.0 TOTAL FOR MONTH: 5.54 1 = FOG OR MIST
DPTR FM NORMAL: 1.3 DPTR FM NORMAL: 2.70 2 = FOG REDUCING VISIBILITY
HIGHEST: 87 ON 9, 7 GRTST 24HR 1.44 ON 19-19 TO 1/4 MILE OR LESS
LOWEST: 37 ON 11 3 = THUNDER
SNOW, ICE PELLETS, HAIL 4 = ICE PELLETS
TOTAL MONTH: 0.0 INCH 5 = HAIL
GRTST 24HR 0.0 6 = FREEZING RAIN OR DRIZZLE
GRTST DEPTH: 0 7 = DUSTSTORM OR SANDSTORM:
VSBY 1/2 MILE OR LESS
8 = SMOKE OR HAZE
[NO. OF DAYS WITH] [WEATHER - DAYS WITH] 9 = BLOWING SNOW
X = TORNADO
MAX 32 OR BELOW: 0 0.01 INCH OR MORE: 9
MAX 90 OR ABOVE: 0 0.10 INCH OR MORE: 7
MIN 32 OR BELOW: 0 0.50 INCH OR MORE: 5
MIN 0 OR BELOW: 0 1.00 INCH OR MORE: 3
[HDD (BASE 65) ]
TOTAL THIS MO. 83 CLEAR (SCALE 0-3) 21
DPTR FM NORMAL -41 PTCLDY (SCALE 4-7) 9
TOTAL FM JUL 1 1735 CLOUDY (SCALE 8-10) 0
DPTR FM NORMAL -717
[CDD (BASE 65) ]
TOTAL THIS MO. 60
DPTR FM NORMAL 5 [PRESSURE DATA]
TOTAL FM JAN 1 188 HIGHEST SLP 30.30 ON 17
DPTR FM NORMAL 115 LOWEST SLP 29.49 ON 20
[REMARKS]
#FINAL-04-20#