000
CXAK56 PAJK 010111
CF6AJN
PRELIMINARY LOCAL CLIMATOLOGICAL DATA (WS FORM: F-6)
STATION: JUNEAU
MONTH: OCTOBER
YEAR: 2023
LATITUDE: 58 22 N
LONGITUDE: 134 35 W
TEMPERATURE IN F: :PCPN: SNOW: WIND :SUNSHINE: SKY :PK WND
================================================================================
1 2 3 4 5 6A 6B 7 8 9 10 11 12 13 14 15 16 17 18
12Z AVG MX 2MIN
DY MAX MIN AVG DEP HDD CDD WTR SNW DPTH SPD SPD DIR MIN PSBL S-S WX SPD DR
================================================================================
1 52 44 48 1 17 0 0.20 0.0 0 14.5 23 110 M M 10 1 32 100
2 51 49 50 3 15 0 0.19 0.0 0 13.6 20 110 M M 10 1 26 110
3 54 38 46 0 19 0 0.19 0.0 0 5.7 18 110 M M 8 1 26 110
4 50 38 44 -2 21 0 0.00 0.0 0 3.8 10 230 M M 7 1 13 90
5 54 40 47 1 18 0 0.96 0.0 0 17.1 29 110 M M 10 1 41 130
6 55 52 54 8 11 0 0.60 0.0 0 13.1 24 120 M M 10 1 34 130
7 56 53 55 10 10 0 1.88 0.0 0 19.8 31 120 M M 10 1 45 110
8 55 48 52 7 13 0 0.40 0.0 0 10.8 24 110 M M 10 1 34 120
9 54 47 51 6 14 0 1.13 0.0 0 13.7 46 110 M M 10 1 64 110
10 51 44 48 4 17 0 0.03 0.0 0 3.8 12 80 M M 8 1 16 110
11 51 38 45 1 20 0 0.03 0.0 0 4.2 12 90 M M 8 1 14 80
12 54 40 47 3 18 0 0.38 0.0 0 14.1 31 120 M M 10 1 44 110
13 53 45 49 6 16 0 0.14 0.0 0 6.7 31 120 M M 9 28 40 110
14 57 44 51 8 14 0 0.04 0.0 0 10.8 23 120 M M 9 2 31 120
15 51 46 49 6 16 0 0.30 0.0 0 2.7 10 80 M M 10 2 14 60
16 58 41 50 8 15 0 0.08 0.0 0 6.2 18 120 M M 10 2 24 120
17 52 47 50 8 15 0 0.31 0.0 0 7.4 21 110 M M 10 1 29 110
18 53 46 50 8 15 0 1.88 0.0 0 15.0 35 120 M M 10 1 51 110
19 55 45 50 9 15 0 0.59 0.0 0 11.4 33 120 M M 9 1 46 130
20 49 40 45 4 20 0 0.10 0.0 0 6.4 15 110 M M 10 1 23 110
21 43 27 35 -6 30 0 T 0.0 0 3.5 10 270 M M 6 1 15 80
22 34 23 29 -11 36 0 0.00 0.0 0 7.9 17 90 M M 5 23 90
23 33 23 28 -12 37 0 0.00 0.0 0 10.4 23 90 M M 3 35 80
24 42 18 30 -10 35 0 0.00 0.0 0 2.1 8 220 M M 2 10 240
25 48 21 35 -4 30 0 0.00 0.0 0 2.0 12 90 M M 4 14 80
26 45 23 34 -5 31 0 0.00 0.0 0 1.5 9 200 M M 2 14 130
27 42 22 32 -6 33 0 0.00 0.0 0 1.1 7 100 M M 2 8 230
28 39 25 32 -6 33 0 T 0.0 0 1.7 8 90 M M 8 11 110
29 41 33 37 -1 28 0 0.00 0.0 0 5.9 17 80 M M 10 23 70
30 41 39 40 2 25 0 0.25 0.0 0 8.4 21 100 M M 10 1 27 110
31 42 38 40 3 25 0 0.01 0.0 0 2.0 7 210 M M 10 1 11 280
================================================================================
SM 1515 1177 662 0 9.69 0.0 247.3 M 250
================================================================================
AV 48.9 38.0 8.0 FASTST M M 8 MAX(MPH)
MISC ----> 46 110 64 110
================================================================================
NOTES:
# LAST OF SEVERAL OCCURRENCES
COLUMN 17 PEAK WIND IN M.P.H.
PRELIMINARY LOCAL CLIMATOLOGICAL DATA (WS FORM: F-6) , PAGE 2
STATION: JUNEAU
MONTH: OCTOBER
YEAR: 2023
LATITUDE: 58 22 N
LONGITUDE: 134 35 W
[TEMPERATURE DATA] [PRECIPITATION DATA] SYMBOLS USED IN COLUMN 16
AVERAGE MONTHLY: 43.4 TOTAL FOR MONTH: 9.69 1 = FOG OR MIST
DPTR FM NORMAL: 1.2 DPTR FM NORMAL: 1.27 2 = FOG REDUCING VISIBILITY
HIGHEST: 58 ON 16 GRTST 24HR 1.88 ON 7- 7 TO 1/4 MILE OR LESS
LOWEST: 18 ON 24 3 = THUNDER
SNOW, ICE PELLETS, HAIL 4 = ICE PELLETS
TOTAL MONTH: 0.0 INCH 5 = HAIL
GRTST 24HR 0.0 6 = FREEZING RAIN OR DRIZZLE
GRTST DEPTH: 0 7 = DUSTSTORM OR SANDSTORM:
VSBY 1/2 MILE OR LESS
8 = SMOKE OR HAZE
[NO. OF DAYS WITH] [WEATHER - DAYS WITH] 9 = BLOWING SNOW
X = TORNADO
MAX 32 OR BELOW: 0 0.01 INCH OR MORE: 21
MAX 90 OR ABOVE: 0 0.10 INCH OR MORE: 16
MIN 32 OR BELOW: 8 0.50 INCH OR MORE: 6
MIN 0 OR BELOW: 0 1.00 INCH OR MORE: 3
[HDD (BASE 65) ]
TOTAL THIS MO. 662 CLEAR (SCALE 0-3) 4
DPTR FM NORMAL -45 PTCLDY (SCALE 4-7) 5
TOTAL FM JUL 1 1411 CLOUDY (SCALE 8-10) 22
DPTR FM NORMAL -271
[CDD (BASE 65) ]
TOTAL THIS MO. 0
DPTR FM NORMAL 0 [PRESSURE DATA]
TOTAL FM JAN 1 8 HIGHEST SLP 30.59 ON 28
DPTR FM NORMAL 6 LOWEST SLP 28.89 ON 9
[REMARKS]
#FINAL-10-23#