000
CXAK56 PAFC 011148
CF6AKN
PRELIMINARY LOCAL CLIMATOLOGICAL DATA (WS FORM: F-6)
STATION: KING SALMON
MONTH: SEPTEMBER
YEAR: 2023
LATITUDE: 58 41 N
LONGITUDE: 156 39 W
TEMPERATURE IN F: :PCPN: SNOW: WIND :SUNSHINE: SKY :PK WND
================================================================================
1 2 3 4 5 6A 6B 7 8 9 10 11 12 13 14 15 16 17 18
12Z AVG MX 2MIN
DY MAX MIN AVG DEP HDD CDD WTR SNW DPTH SPD SPD DIR MIN PSBL S-S WX SPD DR
================================================================================
1 56 51 54 1 11 0 0.03 M M 16.5 24 250 M M 10 18 38 250
2 55 50 53 0 12 0 0.25 M M 10.4 22 170 M M 9 1 31 210
3 57 50 54 1 11 0 0.39 M M 13.8 23 180 M M 10 1 33 180
4 62 37 50 -2 15 0 0.00 M M 5.3 13 250 M M 3 1 21 240
5 55 47 51 -1 14 0 0.04 M M 13.1 22 240 M M 10 1 29 240
6 56 46 51 -1 14 0 0.02 M M 14.2 24 250 M M 6 1 35 260
7 56 36 46 -6 19 0 0.02 M M 7.2 22 360 M M 6 28 360
8 55 30 43 -8 22 0 T M M 6.2 15 360 M M 5 1 23 350
9 53 40 47 -4 18 0 0.14 M M 5.0 15 90 M M 10 1 20 90
10 56 44 50 -1 15 0 0.25 M M 5.7 10 260 M M 9 1 14 260
11 54 44 49 -1 16 0 0.10 M M 5.8 15 210 M M 8 1 22 210
12 54 45 50 0 15 0 0.12 M M 8.7 16 160 M M 10 18 21 170
13 57 44 51 1 14 0 0.01 M M 4.1 13 350 M M 8 16 350
14 53 43 48 -1 17 0 0.02 M M 8.6 20 180 M M 8 1 25 190
15 55 45 50 1 15 0 0.40 M M 5.7 12 350 M M 10 1 16 300
16 50 43 47 -2 18 0 0.08 M M 11.2 25 330 M M 9 1 35 330
17 54 38 46 -2 19 0 0.00 M M 7.7 16 290 M M 2 23 290
18 56 36 46 -2 19 0 0.00 M M 8.5 16 280 M M 2 22 340
19 54 35 45 -3 20 0 0.07 M M 9.6 25 160 M M 8 1 34 150
20 55 43 49 2 16 0 0.48 M M 9.7 20 180 M M 10 18 28 190
21 50 37 44 -3 21 0 0.00 M M 7.0 21 340 M M 8 27 330
22 54 30 42 -4 23 0 T M M 2.1 9 360 M M 7 1 13 10
23 52 30 41 -5 24 0 0.00 M M 1.6 8 30 M M 8 8 11 30
24 55 38 47 1 18 0 0.00 M M 3.5 8 160 M M 10 13 190
25 55 38 47 2 18 0 0.00 M M 3.6 9 330 M M 9 14 350
26 54 38 46 1 19 0 0.00 M M 6.0 16 340 M M 9 23 340
27 54 25 40 -4 25 0 0.00 M M 4.3 17 340 M M 0 25 350
28 51 25 38 -6 27 0 0.04 M M 4.6 12 120 M M 4 15 120
29 57 38 48 4 17 0 T M M 6.4 16 80 M M 8 12 26 80
30 53 43 48 5 17 0 0.15 M M 19.4 30 100 M M 10 44 80
================================================================================
SM 1638 1189 529 0 2.61 M 235.5 M 226
================================================================================
AV 54.6 39.6 7.8 FASTST M M 8 MAX(MPH)
MISC ----> 30 100 44 80
================================================================================
NOTES:
# LAST OF SEVERAL OCCURRENCES
COLUMN 17 PEAK WIND IN M.P.H.
PRELIMINARY LOCAL CLIMATOLOGICAL DATA (WS FORM: F-6) , PAGE 2
STATION: KING SALMON
MONTH: SEPTEMBER
YEAR: 2023
LATITUDE: 58 41 N
LONGITUDE: 156 39 W
[TEMPERATURE DATA] [PRECIPITATION DATA] SYMBOLS USED IN COLUMN 16
AVERAGE MONTHLY: 47.1 TOTAL FOR MONTH: 2.61 1 = FOG OR MIST
DPTR FM NORMAL: -1.6 DPTR FM NORMAL: -0.79 2 = FOG REDUCING VISIBILITY
HIGHEST: 62 ON 4 GRTST 24HR 0.55 ON 19-20 TO 1/4 MILE OR LESS
LOWEST: 25 ON 28,27 3 = THUNDER
SNOW, ICE PELLETS, HAIL 4 = ICE PELLETS
TOTAL MONTH: M 5 = HAIL
GRTST 24HR M ON M 6 = FREEZING RAIN OR DRIZZLE
GRTST DEPTH: M ON M 7 = DUSTSTORM OR SANDSTORM:
VSBY 1/2 MILE OR LESS
8 = SMOKE OR HAZE
[NO. OF DAYS WITH] [WEATHER - DAYS WITH] 9 = BLOWING SNOW
X = TORNADO
MAX 32 OR BELOW: 0 0.01 INCH OR MORE: 18
MAX 90 OR ABOVE: 0 0.10 INCH OR MORE: 9
MIN 32 OR BELOW: 5 0.50 INCH OR MORE: 0
MIN 0 OR BELOW: 0 1.00 INCH OR MORE: 0
[HDD (BASE 65) ]
TOTAL THIS MO. 529 CLEAR (SCALE 0-3) 4
DPTR FM NORMAL 39 PTCLDY (SCALE 4-7) 9
TOTAL FM JUL 1 985 CLOUDY (SCALE 8-10) 17
DPTR FM NORMAL -54
[CDD (BASE 65) ]
TOTAL THIS MO. 0
DPTR FM NORMAL 0 [PRESSURE DATA]
TOTAL FM JAN 1 1 HIGHEST SLP 30.12 ON 2
DPTR FM NORMAL -2 LOWEST SLP 28.99 ON 16
[REMARKS]
#FINAL-09-23#