000
CXUS54 KCRP 011210
CF6ALI
PRELIMINARY LOCAL CLIMATOLOGICAL DATA (WS FORM: F-6)
STATION: ALICE
MONTH: MAY
YEAR: 2023
LATITUDE: 27 44 N
LONGITUDE: 98 1 W
TEMPERATURE IN F: :PCPN: SNOW: WIND :SUNSHINE: SKY :PK WND
================================================================================
1 2 3 4 5 6A 6B 7 8 9 10 11 12 13 14 15 16 17 18
12Z AVG MX 2MIN
DY MAX MIN AVG DEP HDD CDD WTR SNW DPTH SPD SPD DIR MIN PSBL S-S WX SPD DR
================================================================================
1 90 56 73 -3 0 8 0.00 0.0 0 10.6 20 110 M M 0 27 90
2 84 66 75 -1 0 10 0.00 0.0 0 8.7 20 130 M M 5 26 120
3 84 64 74 -3 0 9 0.00 0.0 0 6.9 14 110 M M 5 12 20 90
4 87 70 79 2 0 14 T 0.0 0 6.7 16 140 M M 7 1 22 140
5 93 75 84 7 0 19 T 0.0 0 9.6 22 180 M M 7 18 32 180
6 93 75 84 7 0 19 0.00 0.0 0 12.4 20 120 M M 9 18 27 130
7 91 75 83 5 0 18 T 0.0 0 11.6 29 140 M M 8 1 41 130
8 90 73 82 4 0 17 T 0.0 0 10.0 20 150 M M 5 1 27 120
9 84 65 75 -3 0 10 T 0.0 0 8.7 26 340 M M 7 13 39 340
10 93 71 82 4 0 17 M 0.0 0 8.6 21 110 M M 8 1 30 120
11 92 74 83 5 0 18 0.00 0.0 0 10.0 18 120 M M 9 18 27 120
12 90 77 84 5 0 19 T 0.0 0 13.4 22 130 M M 10 18 32 150
13 78 67 73 -6 0 8 0.01 0.0 0 7.2 33 120 M M 4 13 52 130
14 89 67 78 -1 0 13 0.00 0.0 0 5.0 12 50 M M 4 1 16 70
15 87 70 79 0 0 14 0.00 0.0 0 3.8 14 50 M M 2 12 17 190
16 85 68 77 -2 0 12 T 0.0 0 5.3 16 30 M M 4 13 24 30
17 90 65 78 -2 0 13 0.00 0.0 0 4.9 12 50 M M 2 1 18 60
18 92 62 77 -3 0 12 0.00 0.0 0 5.6 15 140 M M 3 12 20 130
19 94 68 81 1 0 16 0.00 0.0 0 7.3 18 140 M M 4 1 24 130
20 84 68 76 -4 0 11 T 0.0 0 7.4 26 20 M M 1 1 37 10
21 82 66 74 -6 0 9 T 0.0 0 6.2 12 360 M M 6 18 16 350
22 91 65 78 -3 0 13 0.00 0.0 0 4.6 13 120 M M 5 1 18 90
23 94 65 80 -1 0 15 0.00 0.0 0 5.8 17 110 M M 3 1 23 100
24 93 68 81 0 0 16 0.00 0.0 0 7.4 17 50 M M 2 12 26 20
25 93 66 80 -1 0 15 0.00 0.0 0 6.0 15 120 M M 2 1 21 50
26 91 67 79 -3 0 14 0.00 0.0 0 7.0 15 120 M M 2 1 26 110
27 91 66 79 -3 0 14 0.00 0.0 0 7.9 18 120 M M 1 1 25 130
28 84 66 75 -7 0 10 M 0.0 0 5.8 18 120 M M 4 27 110
29 89 68 79 -3 0 14 T 0.0 0 5.4 13 110 M M 4 13 18 80
30 90 67 79 -3 0 14 0.05 0.0 0 6.3 18 80 M M 2 1 25 90
31 90 65 78 -4 0 13 0.00 0.0 0 6.5 17 110 M M 2 128 24 110
================================================================================
SM 2758 2105 0 424 0.06 0.0 232.6 M 137
================================================================================
AV 89.0 67.9 7.5 FASTST M M 4 MAX(MPH)
MISC ----> 33 120 52 130
================================================================================
NOTES:
# LAST OF SEVERAL OCCURRENCES
COLUMN 17 PEAK WIND IN M.P.H.
PRELIMINARY LOCAL CLIMATOLOGICAL DATA (WS FORM: F-6) , PAGE 2
STATION: ALICE
MONTH: MAY
YEAR: 2023
LATITUDE: 27 44 N
LONGITUDE: 98 1 W
[TEMPERATURE DATA] [PRECIPITATION DATA] SYMBOLS USED IN COLUMN 16
AVERAGE MONTHLY: 78.4 TOTAL FOR MONTH: 0.06 1 = FOG OR MIST
DPTR FM NORMAL: -1.0 DPTR FM NORMAL: -4.07 2 = FOG REDUCING VISIBILITY
HIGHEST: 94 ON 23,19 GRTST 24HR 0.05 ON 29-30 TO 1/4 MILE OR LESS
LOWEST: 56 ON 1 3 = THUNDER
SNOW, ICE PELLETS, HAIL 4 = ICE PELLETS
TOTAL MONTH: 0.0 INCH 5 = HAIL
GRTST 24HR 0.0 6 = FREEZING RAIN OR DRIZZLE
GRTST DEPTH: 0 7 = DUSTSTORM OR SANDSTORM:
VSBY 1/2 MILE OR LESS
8 = SMOKE OR HAZE
[NO. OF DAYS WITH] [WEATHER - DAYS WITH] 9 = BLOWING SNOW
X = TORNADO
MAX 32 OR BELOW: 0 0.01 INCH OR MORE: 2
MAX 90 OR ABOVE: 19 0.10 INCH OR MORE: 0
MIN 32 OR BELOW: 0 0.50 INCH OR MORE: 0
MIN 0 OR BELOW: 0 1.00 INCH OR MORE: 0
[HDD (BASE 65) ]
TOTAL THIS MO. 0 CLEAR (SCALE 0-3) 12
DPTR FM NORMAL 0 PTCLDY (SCALE 4-7) 16
TOTAL FM JUL 1 791 CLOUDY (SCALE 8-10) 3
DPTR FM NORMAL -93
[CDD (BASE 65) ]
TOTAL THIS MO. 424
DPTR FM NORMAL -23 [PRESSURE DATA]
TOTAL FM JAN 1 1119 HIGHEST SLP 30.16 ON 15
DPTR FM NORMAL 158 LOWEST SLP 29.69 ON 11
[REMARKS]
#FINAL-05-23#