000
CXUS54 KEPZ 011030
CF6ALM
PRELIMINARY LOCAL CLIMATOLOGICAL DATA (WS FORM: F-6)
STATION: ALAMOGORDO
MONTH: APRIL
YEAR: 2023
LATITUDE: 32 49 N
LONGITUDE: 106 0 W
TEMPERATURE IN F: :PCPN: SNOW: WIND :SUNSHINE: SKY :PK WND
================================================================================
1 2 3 4 5 6A 6B 7 8 9 10 11 12 13 14 15 16 17 18
12Z AVG MX 2MIN
DY MAX MIN AVG DEP HDD CDD WTR SNW DPTH SPD SPD DIR MIN PSBL S-S WX SPD DR
================================================================================
1 75 32 54 M 11 0 0.00 M M 5.6 16 210 M M 1 24 210
2 79 43 61 M 4 0 0.00 M M 8.2 16 200 M M 2 23 200
3 81 43 62 M 3 0 0.00 M M 12.8 27 210 M M 2 39 240
4 68 39 54 M 11 0 0.00 M M 19.1 36 230 M M 3 8 44 240
5 57 37 47 M 18 0 0.00 M M 10.6 21 350 M M 3 8 30 350
6 72 28 50 M 15 0 0.00 M M 7.4 22 70 M M 3 30 70
7 70 36 53 M 12 0 0.00 M M 6.7 16 210 M M 3 24 220
8 77 43 60 M 5 0 0.00 M M 5.2 9 240 M M 3 15 99
9 82 43 63 M 2 0 0.00 M M 6.1 14 290 M M 2 21 290
10 81 48 65 M 0 0 0.00 M M 5.0 17 160 M M 3 22 0
11 86 48 67 M 0 2 0.00 M M 5.5 14 190 M M 2 18 220
12 86 52 69 M 0 4 0.00 M M 8.4 18 170 M M 2 25 200
13 82 55 69 M 0 4 0.00 M M 13.1 20 240 M M 2 29 250
14 75 50 63 M 2 0 0.00 M M 12.7 24 250 M M 1 33 250
15 73 45 59 M 6 0 0.00 M M 7.7 16 340 M M 3 31 330
16 77 36 57 M 8 0 0.00 M M 7.8 17 210 M M 3 22 210
17 84 48 66 M 0 1 0.00 M M 7.2 14 250 M M 2 23 240
18 82 50 66 M 0 1 0.00 M M 9.6 22 240 M M 2 28 240
19 81 50 66 M 0 1 0.00 M M 9.7 23 250 M M 3 8 38 240
20 73 52 63 M 2 0 0.00 M M 9.2 18 350 M M 3 25 10
21 73 48 61 M 4 0 0.00 M M 11.0 18 20 M M 2 24 360
22 81 41 61 M 4 0 0.00 M M 6.7 20 160 M M 2 23 160
23 70 45 58 M 7 0 0.00 M M 8.6 21 190 M M 3 26 180
24 79 45 62 M 3 0 0.00 M M 5.8 13 200 M M 3 20 160
25 82 46 64 M 1 0 0.00 M M 11.0 22 240 M M 3 33 350
26 73 46 60 M 5 0 0.00 M M 12.9 22 350 M M 2 31 330
27 81 37 59 M 6 0 0.00 M M 8.1 14 210 M M 1 21 280
28 75 41 58 M 7 0 0.00 M M 12.9 32 360 M M 2 43 360
29 75 37 56 M 9 0 0.00 M M 4.7 9 170 M M 3 14 99
30 88 45 67 M 0 2 0.00 M M 6.5 12 150 M M 2 17 160
================================================================================
SM 2318 1309 145 15 0.00 M 265.8 M 71
================================================================================
AV 77.3 43.6 8.9 FASTST M M 2 MAX(MPH)
MISC ----> 36 230 44 240
================================================================================
NOTES:
# LAST OF SEVERAL OCCURRENCES
COLUMN 17 PEAK WIND IN M.P.H.
PRELIMINARY LOCAL CLIMATOLOGICAL DATA (WS FORM: F-6) , PAGE 2
STATION: ALAMOGORDO
MONTH: APRIL
YEAR: 2023
LATITUDE: 32 49 N
LONGITUDE: 106 0 W
[TEMPERATURE DATA] [PRECIPITATION DATA] SYMBOLS USED IN COLUMN 16
AVERAGE MONTHLY: 60.5 TOTAL FOR MONTH: 0.00 1 = FOG OR MIST
DPTR FM NORMAL: 0.0 DPTR FM NORMAL: M 2 = FOG REDUCING VISIBILITY
HIGHEST: 88 ON 30 GRTST 24HR 0.00 ON 1- 1 TO 1/4 MILE OR LESS
LOWEST: 28 ON 6 3 = THUNDER
SNOW, ICE PELLETS, HAIL 4 = ICE PELLETS
TOTAL MONTH: M 5 = HAIL
GRTST 24HR M ON M 6 = FREEZING RAIN OR DRIZZLE
GRTST DEPTH: M ON M 7 = DUSTSTORM OR SANDSTORM:
VSBY 1/2 MILE OR LESS
8 = SMOKE OR HAZE
[NO. OF DAYS WITH] [WEATHER - DAYS WITH] 9 = BLOWING SNOW
X = TORNADO
MAX 32 OR BELOW: 0 0.01 INCH OR MORE: 0
MAX 90 OR ABOVE: 0 0.10 INCH OR MORE: 0
MIN 32 OR BELOW: 2 0.50 INCH OR MORE: 0
MIN 0 OR BELOW: 0 1.00 INCH OR MORE: 0
[HDD (BASE 65) ]
TOTAL THIS MO. 145 CLEAR (SCALE 0-3) 27
DPTR FM NORMAL M PTCLDY (SCALE 4-7) 3
TOTAL FM JUL 1 3117 CLOUDY (SCALE 8-10) 0
DPTR FM NORMAL M
[CDD (BASE 65) ]
TOTAL THIS MO. 15
DPTR FM NORMAL M [PRESSURE DATA]
TOTAL FM JAN 1 15 HIGHEST SLP M ON M
DPTR FM NORMAL M LOWEST SLP M ON M
[REMARKS]
#FINAL-04-23#